{"id":16241,"date":"2025-09-03T09:46:16","date_gmt":"2025-09-03T07:46:16","guid":{"rendered":"https:\/\/www.visitamalfi.info\/poi\/valle-delle-ferriere\/"},"modified":"2024-03-23T14:27:16","modified_gmt":"2024-03-23T13:27:16","slug":"valle-delle-ferriere","status":"publish","type":"amw_poi","link":"https:\/\/www.visitamalfi.info\/es\/poi\/valle-delle-ferriere\/","title":{"rendered":"Valle delle Ferriere"},"content":{"rendered":"<p>La Reserva Natural ocupa un profundo valle detr\u00e1s de Amalfi. La reserva natural, creada en 1972, y situada en el municipio de Scala, se caracteriza por un microclima especial que ha permitido la supervivencia de la salamandra moteada, reconocible por sus brillantes manchas amarillas, y la salamandra de anteojos, un raro anfibio dif\u00edcil de avistar por su peque\u00f1o tama\u00f1o y sus h\u00e1bitos nocturnos.<\/p>\n<p>El valle est\u00e1 surcado por caminos y senderos que flanquean el curso del r\u00edo por el lado oriental. El naturalista alem\u00e1n Ernst Haeckel realiz\u00f3 un estudio de campo de esta zona rica en vegetaci\u00f3n en julio de 1859.<\/p>\n<p>La zona se caracteriza por la presencia de plantas muy raras, como los helechos <em>pteris aquilina<\/em> y <em>woodwardia radicans<\/em>, que datan del per\u00edodo cenozoico (hace 65 millones de a\u00f1os) y son conocidos por los bot\u00e1nicos desde el siglo XVIII.<\/p>\n","protected":false},"excerpt":{"rendered":"<p>La Reserva Natural ocupa un profundo valle detr\u00e1s de Amalfi. La reserva natural, creada en 1972, y situada en el municipio de Scala, se caracteriza por un microclima especial que [&hellip;]<\/p>\n","protected":false},"featured_media":15513,"comment_status":"open","ping_status":"closed","template":"","categoria_poi":[1548,1556,1552],"class_list":["post-16241","amw_poi","type-amw_poi","status-publish","has-post-thumbnail","hentry","categoria_poi-cultura-es","categoria_poi-esperienza-es","categoria_poi-natura-es"],"yoast_head":"<!-- This site is optimized with the Yoast SEO plugin v27.3 - https:\/\/yoast.com\/product\/yoast-seo-wordpress\/ -->\n<title>Valle delle Ferriere - Visit Amalfi<\/title>\n<meta name=\"robots\" content=\"index, follow, max-snippet:-1, max-image-preview:large, max-video-preview:-1\" \/>\n<link rel=\"canonical\" href=\"https:\/\/www.visitamalfi.info\/es\/poi\/valle-delle-ferriere\/\" \/>\n<meta property=\"og:locale\" content=\"es_ES\" \/>\n<meta property=\"og:type\" content=\"article\" \/>\n<meta property=\"og:title\" content=\"Valle delle Ferriere - Visit Amalfi\" \/>\n<meta property=\"og:description\" content=\"La Reserva Natural ocupa un profundo valle detr\u00e1s de Amalfi. La reserva natural, creada en 1972, y situada en el municipio de Scala, se caracteriza por un microclima especial que [&hellip;]\" \/>\n<meta property=\"og:url\" content=\"https:\/\/www.visitamalfi.info\/es\/poi\/valle-delle-ferriere\/\" \/>\n<meta property=\"og:site_name\" content=\"Visit Amalfi\" \/>\n<meta property=\"article:publisher\" content=\"https:\/\/www.facebook.com\/visitamalfiofficial\" \/>\n<meta name=\"twitter:card\" content=\"summary_large_image\" \/>\n<meta name=\"twitter:label1\" content=\"Tiempo de lectura\" \/>\n\t<meta name=\"twitter:data1\" content=\"1 minuto\" \/>\n<script type=\"application\/ld+json\" class=\"yoast-schema-graph\">{\"@context\":\"https:\\\/\\\/schema.org\",\"@graph\":[{\"@type\":\"WebPage\",\"@id\":\"https:\\\/\\\/www.visitamalfi.info\\\/es\\\/poi\\\/valle-delle-ferriere\\\/\",\"url\":\"https:\\\/\\\/www.visitamalfi.info\\\/es\\\/poi\\\/valle-delle-ferriere\\\/\",\"name\":\"Valle delle Ferriere - Visit Amalfi\",\"isPartOf\":{\"@id\":\"https:\\\/\\\/www.visitamalfi.info\\\/es\\\/#website\"},\"primaryImageOfPage\":{\"@id\":\"https:\\\/\\\/www.visitamalfi.info\\\/es\\\/poi\\\/valle-delle-ferriere\\\/#primaryimage\"},\"image\":{\"@id\":\"https:\\\/\\\/www.visitamalfi.info\\\/es\\\/poi\\\/valle-delle-ferriere\\\/#primaryimage\"},\"thumbnailUrl\":\"https:\\\/\\\/www.visitamalfi.info\\\/wp-content\\\/uploads\\\/2024\\\/03\\\/10-foto-m.abbagnara-valle-delle-ferriere-.jpg\",\"datePublished\":\"2025-09-03T07:46:16+00:00\",\"breadcrumb\":{\"@id\":\"https:\\\/\\\/www.visitamalfi.info\\\/es\\\/poi\\\/valle-delle-ferriere\\\/#breadcrumb\"},\"inLanguage\":\"es\",\"potentialAction\":[{\"@type\":\"ReadAction\",\"target\":[\"https:\\\/\\\/www.visitamalfi.info\\\/es\\\/poi\\\/valle-delle-ferriere\\\/\"]}]},{\"@type\":\"ImageObject\",\"inLanguage\":\"es\",\"@id\":\"https:\\\/\\\/www.visitamalfi.info\\\/es\\\/poi\\\/valle-delle-ferriere\\\/#primaryimage\",\"url\":\"https:\\\/\\\/www.visitamalfi.info\\\/wp-content\\\/uploads\\\/2024\\\/03\\\/10-foto-m.abbagnara-valle-delle-ferriere-.jpg\",\"contentUrl\":\"https:\\\/\\\/www.visitamalfi.info\\\/wp-content\\\/uploads\\\/2024\\\/03\\\/10-foto-m.abbagnara-valle-delle-ferriere-.jpg\",\"width\":1920,\"height\":1280,\"caption\":\"Valle delle Ferriere\"},{\"@type\":\"BreadcrumbList\",\"@id\":\"https:\\\/\\\/www.visitamalfi.info\\\/es\\\/poi\\\/valle-delle-ferriere\\\/#breadcrumb\",\"itemListElement\":[{\"@type\":\"ListItem\",\"position\":1,\"name\":\"Home\",\"item\":\"https:\\\/\\\/www.visitamalfi.info\\\/es\\\/\"},{\"@type\":\"ListItem\",\"position\":2,\"name\":\"Valle delle Ferriere\"}]},{\"@type\":\"WebSite\",\"@id\":\"https:\\\/\\\/www.visitamalfi.info\\\/es\\\/#website\",\"url\":\"https:\\\/\\\/www.visitamalfi.info\\\/es\\\/\",\"name\":\"Visit Amalfi\",\"description\":\"Amalfi Destination Official Website\",\"publisher\":{\"@id\":\"https:\\\/\\\/www.visitamalfi.info\\\/es\\\/#organization\"},\"potentialAction\":[{\"@type\":\"SearchAction\",\"target\":{\"@type\":\"EntryPoint\",\"urlTemplate\":\"https:\\\/\\\/www.visitamalfi.info\\\/es\\\/?s={search_term_string}\"},\"query-input\":{\"@type\":\"PropertyValueSpecification\",\"valueRequired\":true,\"valueName\":\"search_term_string\"}}],\"inLanguage\":\"es\"},{\"@type\":\"Organization\",\"@id\":\"https:\\\/\\\/www.visitamalfi.info\\\/es\\\/#organization\",\"name\":\"Visit Amalfi\",\"url\":\"https:\\\/\\\/www.visitamalfi.info\\\/es\\\/\",\"logo\":{\"@type\":\"ImageObject\",\"inLanguage\":\"es\",\"@id\":\"https:\\\/\\\/www.visitamalfi.info\\\/es\\\/#\\\/schema\\\/logo\\\/image\\\/\",\"url\":\"https:\\\/\\\/www.visitamalfi.info\\\/wp-content\\\/uploads\\\/2023\\\/04\\\/visit-amalfi-logo-web.png\",\"contentUrl\":\"https:\\\/\\\/www.visitamalfi.info\\\/wp-content\\\/uploads\\\/2023\\\/04\\\/visit-amalfi-logo-web.png\",\"width\":800,\"height\":870,\"caption\":\"Visit Amalfi\"},\"image\":{\"@id\":\"https:\\\/\\\/www.visitamalfi.info\\\/es\\\/#\\\/schema\\\/logo\\\/image\\\/\"},\"sameAs\":[\"https:\\\/\\\/www.facebook.com\\\/visitamalfiofficial\",\"https:\\\/\\\/www.instagram.com\\\/visitamalfiofficial\\\/\"]}]}<\/script>\n<!-- \/ Yoast SEO plugin. -->","yoast_head_json":{"title":"Valle delle Ferriere - Visit Amalfi","robots":{"index":"index","follow":"follow","max-snippet":"max-snippet:-1","max-image-preview":"max-image-preview:large","max-video-preview":"max-video-preview:-1"},"canonical":"https:\/\/www.visitamalfi.info\/es\/poi\/valle-delle-ferriere\/","og_locale":"es_ES","og_type":"article","og_title":"Valle delle Ferriere - Visit Amalfi","og_description":"La Reserva Natural ocupa un profundo valle detr\u00e1s de Amalfi. La reserva natural, creada en 1972, y situada en el municipio de Scala, se caracteriza por un microclima especial que [&hellip;]","og_url":"https:\/\/www.visitamalfi.info\/es\/poi\/valle-delle-ferriere\/","og_site_name":"Visit Amalfi","article_publisher":"https:\/\/www.facebook.com\/visitamalfiofficial","twitter_card":"summary_large_image","twitter_misc":{"Tiempo de lectura":"1 minuto"},"schema":{"@context":"https:\/\/schema.org","@graph":[{"@type":"WebPage","@id":"https:\/\/www.visitamalfi.info\/es\/poi\/valle-delle-ferriere\/","url":"https:\/\/www.visitamalfi.info\/es\/poi\/valle-delle-ferriere\/","name":"Valle delle Ferriere - Visit Amalfi","isPartOf":{"@id":"https:\/\/www.visitamalfi.info\/es\/#website"},"primaryImageOfPage":{"@id":"https:\/\/www.visitamalfi.info\/es\/poi\/valle-delle-ferriere\/#primaryimage"},"image":{"@id":"https:\/\/www.visitamalfi.info\/es\/poi\/valle-delle-ferriere\/#primaryimage"},"thumbnailUrl":"https:\/\/www.visitamalfi.info\/wp-content\/uploads\/2024\/03\/10-foto-m.abbagnara-valle-delle-ferriere-.jpg","datePublished":"2025-09-03T07:46:16+00:00","breadcrumb":{"@id":"https:\/\/www.visitamalfi.info\/es\/poi\/valle-delle-ferriere\/#breadcrumb"},"inLanguage":"es","potentialAction":[{"@type":"ReadAction","target":["https:\/\/www.visitamalfi.info\/es\/poi\/valle-delle-ferriere\/"]}]},{"@type":"ImageObject","inLanguage":"es","@id":"https:\/\/www.visitamalfi.info\/es\/poi\/valle-delle-ferriere\/#primaryimage","url":"https:\/\/www.visitamalfi.info\/wp-content\/uploads\/2024\/03\/10-foto-m.abbagnara-valle-delle-ferriere-.jpg","contentUrl":"https:\/\/www.visitamalfi.info\/wp-content\/uploads\/2024\/03\/10-foto-m.abbagnara-valle-delle-ferriere-.jpg","width":1920,"height":1280,"caption":"Valle delle Ferriere"},{"@type":"BreadcrumbList","@id":"https:\/\/www.visitamalfi.info\/es\/poi\/valle-delle-ferriere\/#breadcrumb","itemListElement":[{"@type":"ListItem","position":1,"name":"Home","item":"https:\/\/www.visitamalfi.info\/es\/"},{"@type":"ListItem","position":2,"name":"Valle delle Ferriere"}]},{"@type":"WebSite","@id":"https:\/\/www.visitamalfi.info\/es\/#website","url":"https:\/\/www.visitamalfi.info\/es\/","name":"Visit Amalfi","description":"Amalfi Destination Official Website","publisher":{"@id":"https:\/\/www.visitamalfi.info\/es\/#organization"},"potentialAction":[{"@type":"SearchAction","target":{"@type":"EntryPoint","urlTemplate":"https:\/\/www.visitamalfi.info\/es\/?s={search_term_string}"},"query-input":{"@type":"PropertyValueSpecification","valueRequired":true,"valueName":"search_term_string"}}],"inLanguage":"es"},{"@type":"Organization","@id":"https:\/\/www.visitamalfi.info\/es\/#organization","name":"Visit Amalfi","url":"https:\/\/www.visitamalfi.info\/es\/","logo":{"@type":"ImageObject","inLanguage":"es","@id":"https:\/\/www.visitamalfi.info\/es\/#\/schema\/logo\/image\/","url":"https:\/\/www.visitamalfi.info\/wp-content\/uploads\/2023\/04\/visit-amalfi-logo-web.png","contentUrl":"https:\/\/www.visitamalfi.info\/wp-content\/uploads\/2023\/04\/visit-amalfi-logo-web.png","width":800,"height":870,"caption":"Visit Amalfi"},"image":{"@id":"https:\/\/www.visitamalfi.info\/es\/#\/schema\/logo\/image\/"},"sameAs":["https:\/\/www.facebook.com\/visitamalfiofficial","https:\/\/www.instagram.com\/visitamalfiofficial\/"]}]}},"_links":{"self":[{"href":"https:\/\/www.visitamalfi.info\/es\/wp-json\/wp\/v2\/amw_poi\/16241","targetHints":{"allow":["GET"]}}],"collection":[{"href":"https:\/\/www.visitamalfi.info\/es\/wp-json\/wp\/v2\/amw_poi"}],"about":[{"href":"https:\/\/www.visitamalfi.info\/es\/wp-json\/wp\/v2\/types\/amw_poi"}],"replies":[{"embeddable":true,"href":"https:\/\/www.visitamalfi.info\/es\/wp-json\/wp\/v2\/comments?post=16241"}],"version-history":[{"count":0,"href":"https:\/\/www.visitamalfi.info\/es\/wp-json\/wp\/v2\/amw_poi\/16241\/revisions"}],"wp:featuredmedia":[{"embeddable":true,"href":"https:\/\/www.visitamalfi.info\/es\/wp-json\/wp\/v2\/media\/15513"}],"wp:attachment":[{"href":"https:\/\/www.visitamalfi.info\/es\/wp-json\/wp\/v2\/media?parent=16241"}],"wp:term":[{"taxonomy":"categoria_poi","embeddable":true,"href":"https:\/\/www.visitamalfi.info\/es\/wp-json\/wp\/v2\/categoria_poi?post=16241"}],"curies":[{"name":"wp","href":"https:\/\/api.w.org\/{rel}","templated":true}]}}

<p>La Reserva Natural ocupa un profundo valle detrás de Amalfi. La reserva natural, creada en 1972, y situada en el municipio de Scala, se caracteriza por un microclima especial que ha permitido la supervivencia de la salamandra moteada, reconocible por sus brillantes manchas amarillas, y la salamandra de anteojos, un raro anfibio difícil de avistar por su pequeño tamaño y sus hábitos nocturnos.</p>
<p>El valle está surcado por caminos y senderos que flanquean el curso del río por el lado oriental. El naturalista alemán Ernst Haeckel realizó un estudio de campo de esta zona rica en vegetación en julio de 1859.</p>
<p>La zona se caracteriza por la presencia de plantas muy raras, como los helechos <em>pteris aquilina</em> y <em>woodwardia radicans</em>, que datan del período cenozoico (hace 65 millones de años) y son conocidos por los botánicos desde el siglo XVIII.</p>

<p>La Reserva Natural ocupa un profundo valle detrás de Amalfi. La reserva natural, creada en 1972, y situada en el municipio de Scala, se caracteriza por un microclima especial que [&hellip;]</p>

<!-- This site is optimized with the Yoast SEO plugin v27.3 - https://yoast.com/product/yoast-seo-wordpress/ -->
<title>Valle delle Ferriere - Visit Amalfi</title>
<meta name="robots" content="index, follow, max-snippet:-1, max-image-preview:large, max-video-preview:-1" />
<link rel="canonical" href="https://www.visitamalfi.info/es/poi/valle-delle-ferriere/" />
<meta property="og:locale" content="es_ES" />
<meta property="og:type" content="article" />
<meta property="og:title" content="Valle delle Ferriere - Visit Amalfi" />
<meta property="og:description" content="La Reserva Natural ocupa un profundo valle detrás de Amalfi. La reserva natural, creada en 1972, y situada en el municipio de Scala, se caracteriza por un microclima especial que [&hellip;]" />
<meta property="og:url" content="https://www.visitamalfi.info/es/poi/valle-delle-ferriere/" />
<meta property="og:site_name" content="Visit Amalfi" />
<meta property="article:publisher" content="https://www.facebook.com/visitamalfiofficial" />
<meta name="twitter:card" content="summary_large_image" />
<meta name="twitter:label1" content="Tiempo de lectura" />
	<meta name="twitter:data1" content="1 minuto" />
<script type="application/ld+json" class="yoast-schema-graph">{"@context":"https:\/\/schema.org","@graph":[{"@type":"WebPage","@id":"https:\/\/www.visitamalfi.info\/es\/poi\/valle-delle-ferriere\/","url":"https:\/\/www.visitamalfi.info\/es\/poi\/valle-delle-ferriere\/","name":"Valle delle Ferriere - Visit Amalfi","isPartOf":{"@id":"https:\/\/www.visitamalfi.info\/es\/#website"},"primaryImageOfPage":{"@id":"https:\/\/www.visitamalfi.info\/es\/poi\/valle-delle-ferriere\/#primaryimage"},"image":{"@id":"https:\/\/www.visitamalfi.info\/es\/poi\/valle-delle-ferriere\/#primaryimage"},"thumbnailUrl":"https:\/\/www.visitamalfi.info\/wp-content\/uploads\/2024\/03\/10-foto-m.abbagnara-valle-delle-ferriere-.jpg","datePublished":"2025-09-03T07:46:16+00:00","breadcrumb":{"@id":"https:\/\/www.visitamalfi.info\/es\/poi\/valle-delle-ferriere\/#breadcrumb"},"inLanguage":"es","potentialAction":[{"@type":"ReadAction","target":["https:\/\/www.visitamalfi.info\/es\/poi\/valle-delle-ferriere\/"]}]},{"@type":"ImageObject","inLanguage":"es","@id":"https:\/\/www.visitamalfi.info\/es\/poi\/valle-delle-ferriere\/#primaryimage","url":"https:\/\/www.visitamalfi.info\/wp-content\/uploads\/2024\/03\/10-foto-m.abbagnara-valle-delle-ferriere-.jpg","contentUrl":"https:\/\/www.visitamalfi.info\/wp-content\/uploads\/2024\/03\/10-foto-m.abbagnara-valle-delle-ferriere-.jpg","width":1920,"height":1280,"caption":"Valle delle Ferriere"},{"@type":"BreadcrumbList","@id":"https:\/\/www.visitamalfi.info\/es\/poi\/valle-delle-ferriere\/#breadcrumb","itemListElement":[{"@type":"ListItem","position":1,"name":"Home","item":"https:\/\/www.visitamalfi.info\/es\/"},{"@type":"ListItem","position":2,"name":"Valle delle Ferriere"}]},{"@type":"WebSite","@id":"https:\/\/www.visitamalfi.info\/es\/#website","url":"https:\/\/www.visitamalfi.info\/es\/","name":"Visit Amalfi","description":"Amalfi Destination Official Website","publisher":{"@id":"https:\/\/www.visitamalfi.info\/es\/#organization"},"potentialAction":[{"@type":"SearchAction","target":{"@type":"EntryPoint","urlTemplate":"https:\/\/www.visitamalfi.info\/es\/?s={search_term_string}"},"query-input":{"@type":"PropertyValueSpecification","valueRequired":true,"valueName":"search_term_string"}}],"inLanguage":"es"},{"@type":"Organization","@id":"https:\/\/www.visitamalfi.info\/es\/#organization","name":"Visit Amalfi","url":"https:\/\/www.visitamalfi.info\/es\/","logo":{"@type":"ImageObject","inLanguage":"es","@id":"https:\/\/www.visitamalfi.info\/es\/#\/schema\/logo\/image\/","url":"https:\/\/www.visitamalfi.info\/wp-content\/uploads\/2023\/04\/visit-amalfi-logo-web.png","contentUrl":"https:\/\/www.visitamalfi.info\/wp-content\/uploads\/2023\/04\/visit-amalfi-logo-web.png","width":800,"height":870,"caption":"Visit Amalfi"},"image":{"@id":"https:\/\/www.visitamalfi.info\/es\/#\/schema\/logo\/image\/"},"sameAs":["https:\/\/www.facebook.com\/visitamalfiofficial","https:\/\/www.instagram.com\/visitamalfiofficial\/"]}]}</script>
<!-- / Yoast SEO plugin. -->

La Reserva Natural ocupa un profundo valle detrás de Amalfi. La reserva natural, creada en 1972, y situada en el municipio de Scala, se caracteriza por un microclima especial que [&hellip;]
