{"id":7845,"date":"2023-06-07T18:50:49","date_gmt":"2023-06-07T16:50:49","guid":{"rendered":"https:\/\/www.visitamalfi.info\/evento\/cover-night-oper-neapel\/"},"modified":"2023-07-12T16:16:27","modified_gmt":"2023-07-12T14:16:27","slug":"cover-night-oper-neapel","status":"publish","type":"tribe_events","link":"https:\/\/www.visitamalfi.info\/de\/fall\/cover-night-oper-neapel\/","title":{"rendered":"Cover Night &#8211; Oper Neapel"},"content":{"rendered":"<p>Ein magischer Abend in Begleitung des<strong>Orchesters der Oper von Neapel<\/strong> und guter Musik. Acht Musiker geh\u00f6ren zum<strong>Italienischen Orchester<\/strong> von <em>Renzo Arbore<\/em>, mit dem sie immer noch von Erfolg zu Erfolg touren. Das Konzert ist eine Hommage an das neapolitanische Lied, gefiltert durch die Erfahrungen, die seine Musiker bei der Zusammenarbeit mit K\u00fcnstlern wie Murolo, Gragnaniello, Pino Daniele, Teresa de Sio, Tullio De Piscopo und vielen anderen gesammelt haben, bis hin zum Italienischen Orchester von Renzo Arbore. Im Repertoire gro\u00dfe Klassiker, dann Gitarren und Mandolinen, unterst\u00fctzt von der einnehmenden und dr\u00e4ngenden Rhythmusgruppe aus Schlagzeug, Bass und Trommeln, die unverwechselbaren und \u00fcberw\u00e4ltigenden Volkst\u00e4nze, die den Namen <em>Tarantelle<\/em> tragen. Mit <strong>Gianni Conte<\/strong> als Lead-S\u00e4nger,<strong> Massimo Volpe,<\/strong> <strong>Michele Montefusco<\/strong>, <strong>Peppe Sannino<\/strong>, <strong>Massimo Cecchetti<\/strong>, <strong>Roberto Ciscognetti<\/strong>, <strong>Salvatore Esposito<\/strong> und <strong>Nunzio Reina<\/strong>.<\/p>\n","protected":false},"excerpt":{"rendered":"<p>Eine Hommage an das neapolitanische Liedgut, gefiltert durch die Erfahrungen, die die Musiker bei der Zusammenarbeit mit gro\u00dfen K\u00fcnstlern der italienischen Szene gesammelt haben.<\/p>\n","protected":false},"author":7,"featured_media":0,"template":"","meta":{"inline_featured_image":false,"_tribe_events_status":"","_tribe_events_status_reason":"","footnotes":""},"tags":[262,596,676,647,643,677,545,639],"tribe_events_cat":[649,361,638,650],"class_list":["post-7845","tribe_events","type-tribe_events","status-publish","hentry","tag-amalfi-de","tag-amalficoast-de","tag-amalfimusic-de","tag-coverinamalfi-de","tag-deckband","tag-napolypera-de","tag-sommer2023","tag-sommernacht","tribe_events_cat-live-ubertragungen","tribe_events_cat-musica-dal-vivo-de","tribe_events_cat-musik","tribe_events_cat-nacht-abdecken","cat_live-ubertragungen","cat_musica-dal-vivo-de","cat_musik","cat_nacht-abdecken"],"yoast_head":"<!-- This site is optimized with the Yoast SEO plugin v27.3 - https:\/\/yoast.com\/product\/yoast-seo-wordpress\/ -->\n<title>Cover Night - Oper Neapel - Visit Amalfi<\/title>\n<meta name=\"robots\" content=\"index, follow, max-snippet:-1, max-image-preview:large, max-video-preview:-1\" \/>\n<link rel=\"canonical\" href=\"https:\/\/www.visitamalfi.info\/de\/fall\/cover-night-oper-neapel\/\" \/>\n<meta property=\"og:locale\" content=\"de_DE\" \/>\n<meta property=\"og:type\" content=\"article\" \/>\n<meta property=\"og:title\" content=\"Cover Night - Oper Neapel - Visit Amalfi\" \/>\n<meta property=\"og:description\" content=\"Eine Hommage an das neapolitanische Liedgut, gefiltert durch die Erfahrungen, die die Musiker bei der Zusammenarbeit mit gro\u00dfen K\u00fcnstlern der italienischen Szene gesammelt haben.\" \/>\n<meta property=\"og:url\" content=\"https:\/\/www.visitamalfi.info\/de\/fall\/cover-night-oper-neapel\/\" \/>\n<meta property=\"og:site_name\" content=\"Visit Amalfi\" \/>\n<meta property=\"article:publisher\" content=\"https:\/\/www.facebook.com\/visitamalfiofficial\" \/>\n<meta property=\"article:modified_time\" content=\"2023-07-12T14:16:27+00:00\" \/>\n<meta name=\"twitter:card\" content=\"summary_large_image\" \/>\n<meta name=\"twitter:label1\" content=\"Gesch\u00e4tzte Lesezeit\" \/>\n\t<meta name=\"twitter:data1\" content=\"1\u00a0Minute\" \/>\n<script type=\"application\/ld+json\" class=\"yoast-schema-graph\">{\"@context\":\"https:\\\/\\\/schema.org\",\"@graph\":[{\"@type\":\"WebPage\",\"@id\":\"https:\\\/\\\/www.visitamalfi.info\\\/de\\\/fall\\\/cover-night-oper-neapel\\\/\",\"url\":\"https:\\\/\\\/www.visitamalfi.info\\\/de\\\/fall\\\/cover-night-oper-neapel\\\/\",\"name\":\"Cover Night - Oper Neapel - Visit Amalfi\",\"isPartOf\":{\"@id\":\"https:\\\/\\\/www.visitamalfi.info\\\/de\\\/#website\"},\"datePublished\":\"2023-06-07T16:50:49+00:00\",\"dateModified\":\"2023-07-12T14:16:27+00:00\",\"breadcrumb\":{\"@id\":\"https:\\\/\\\/www.visitamalfi.info\\\/de\\\/fall\\\/cover-night-oper-neapel\\\/#breadcrumb\"},\"inLanguage\":\"de\",\"potentialAction\":[{\"@type\":\"ReadAction\",\"target\":[\"https:\\\/\\\/www.visitamalfi.info\\\/de\\\/fall\\\/cover-night-oper-neapel\\\/\"]}]},{\"@type\":\"BreadcrumbList\",\"@id\":\"https:\\\/\\\/www.visitamalfi.info\\\/de\\\/fall\\\/cover-night-oper-neapel\\\/#breadcrumb\",\"itemListElement\":[{\"@type\":\"ListItem\",\"position\":1,\"name\":\"Home\",\"item\":\"https:\\\/\\\/www.visitamalfi.info\\\/de\\\/\"},{\"@type\":\"ListItem\",\"position\":2,\"name\":\"Veranstaltungen\",\"item\":\"https:\\\/\\\/www.visitamalfi.info\\\/de\\\/eventi\\\/\"},{\"@type\":\"ListItem\",\"position\":3,\"name\":\"Cover Night &#8211; Oper Neapel\"}]},{\"@type\":\"WebSite\",\"@id\":\"https:\\\/\\\/www.visitamalfi.info\\\/de\\\/#website\",\"url\":\"https:\\\/\\\/www.visitamalfi.info\\\/de\\\/\",\"name\":\"Visit Amalfi\",\"description\":\"Amalfi Destination Official Website\",\"publisher\":{\"@id\":\"https:\\\/\\\/www.visitamalfi.info\\\/de\\\/#organization\"},\"potentialAction\":[{\"@type\":\"SearchAction\",\"target\":{\"@type\":\"EntryPoint\",\"urlTemplate\":\"https:\\\/\\\/www.visitamalfi.info\\\/de\\\/?s={search_term_string}\"},\"query-input\":{\"@type\":\"PropertyValueSpecification\",\"valueRequired\":true,\"valueName\":\"search_term_string\"}}],\"inLanguage\":\"de\"},{\"@type\":\"Organization\",\"@id\":\"https:\\\/\\\/www.visitamalfi.info\\\/de\\\/#organization\",\"name\":\"Visit Amalfi\",\"url\":\"https:\\\/\\\/www.visitamalfi.info\\\/de\\\/\",\"logo\":{\"@type\":\"ImageObject\",\"inLanguage\":\"de\",\"@id\":\"https:\\\/\\\/www.visitamalfi.info\\\/de\\\/#\\\/schema\\\/logo\\\/image\\\/\",\"url\":\"https:\\\/\\\/www.visitamalfi.info\\\/wp-content\\\/uploads\\\/2023\\\/04\\\/visit-amalfi-logo-web.png\",\"contentUrl\":\"https:\\\/\\\/www.visitamalfi.info\\\/wp-content\\\/uploads\\\/2023\\\/04\\\/visit-amalfi-logo-web.png\",\"width\":800,\"height\":870,\"caption\":\"Visit Amalfi\"},\"image\":{\"@id\":\"https:\\\/\\\/www.visitamalfi.info\\\/de\\\/#\\\/schema\\\/logo\\\/image\\\/\"},\"sameAs\":[\"https:\\\/\\\/www.facebook.com\\\/visitamalfiofficial\",\"https:\\\/\\\/www.instagram.com\\\/visitamalfiofficial\\\/\"]}]}<\/script>\n<!-- \/ Yoast SEO plugin. -->","yoast_head_json":{"title":"Cover Night - Oper Neapel - Visit Amalfi","robots":{"index":"index","follow":"follow","max-snippet":"max-snippet:-1","max-image-preview":"max-image-preview:large","max-video-preview":"max-video-preview:-1"},"canonical":"https:\/\/www.visitamalfi.info\/de\/fall\/cover-night-oper-neapel\/","og_locale":"de_DE","og_type":"article","og_title":"Cover Night - Oper Neapel - Visit Amalfi","og_description":"Eine Hommage an das neapolitanische Liedgut, gefiltert durch die Erfahrungen, die die Musiker bei der Zusammenarbeit mit gro\u00dfen K\u00fcnstlern der italienischen Szene gesammelt haben.","og_url":"https:\/\/www.visitamalfi.info\/de\/fall\/cover-night-oper-neapel\/","og_site_name":"Visit Amalfi","article_publisher":"https:\/\/www.facebook.com\/visitamalfiofficial","article_modified_time":"2023-07-12T14:16:27+00:00","twitter_card":"summary_large_image","twitter_misc":{"Gesch\u00e4tzte Lesezeit":"1\u00a0Minute"},"schema":{"@context":"https:\/\/schema.org","@graph":[{"@type":"WebPage","@id":"https:\/\/www.visitamalfi.info\/de\/fall\/cover-night-oper-neapel\/","url":"https:\/\/www.visitamalfi.info\/de\/fall\/cover-night-oper-neapel\/","name":"Cover Night - Oper Neapel - Visit Amalfi","isPartOf":{"@id":"https:\/\/www.visitamalfi.info\/de\/#website"},"datePublished":"2023-06-07T16:50:49+00:00","dateModified":"2023-07-12T14:16:27+00:00","breadcrumb":{"@id":"https:\/\/www.visitamalfi.info\/de\/fall\/cover-night-oper-neapel\/#breadcrumb"},"inLanguage":"de","potentialAction":[{"@type":"ReadAction","target":["https:\/\/www.visitamalfi.info\/de\/fall\/cover-night-oper-neapel\/"]}]},{"@type":"BreadcrumbList","@id":"https:\/\/www.visitamalfi.info\/de\/fall\/cover-night-oper-neapel\/#breadcrumb","itemListElement":[{"@type":"ListItem","position":1,"name":"Home","item":"https:\/\/www.visitamalfi.info\/de\/"},{"@type":"ListItem","position":2,"name":"Veranstaltungen","item":"https:\/\/www.visitamalfi.info\/de\/eventi\/"},{"@type":"ListItem","position":3,"name":"Cover Night &#8211; Oper Neapel"}]},{"@type":"WebSite","@id":"https:\/\/www.visitamalfi.info\/de\/#website","url":"https:\/\/www.visitamalfi.info\/de\/","name":"Visit Amalfi","description":"Amalfi Destination Official Website","publisher":{"@id":"https:\/\/www.visitamalfi.info\/de\/#organization"},"potentialAction":[{"@type":"SearchAction","target":{"@type":"EntryPoint","urlTemplate":"https:\/\/www.visitamalfi.info\/de\/?s={search_term_string}"},"query-input":{"@type":"PropertyValueSpecification","valueRequired":true,"valueName":"search_term_string"}}],"inLanguage":"de"},{"@type":"Organization","@id":"https:\/\/www.visitamalfi.info\/de\/#organization","name":"Visit Amalfi","url":"https:\/\/www.visitamalfi.info\/de\/","logo":{"@type":"ImageObject","inLanguage":"de","@id":"https:\/\/www.visitamalfi.info\/de\/#\/schema\/logo\/image\/","url":"https:\/\/www.visitamalfi.info\/wp-content\/uploads\/2023\/04\/visit-amalfi-logo-web.png","contentUrl":"https:\/\/www.visitamalfi.info\/wp-content\/uploads\/2023\/04\/visit-amalfi-logo-web.png","width":800,"height":870,"caption":"Visit Amalfi"},"image":{"@id":"https:\/\/www.visitamalfi.info\/de\/#\/schema\/logo\/image\/"},"sameAs":["https:\/\/www.facebook.com\/visitamalfiofficial","https:\/\/www.instagram.com\/visitamalfiofficial\/"]}]}},"_links":{"self":[{"href":"https:\/\/www.visitamalfi.info\/de\/wp-json\/wp\/v2\/tribe_events\/7845","targetHints":{"allow":["GET"]}}],"collection":[{"href":"https:\/\/www.visitamalfi.info\/de\/wp-json\/wp\/v2\/tribe_events"}],"about":[{"href":"https:\/\/www.visitamalfi.info\/de\/wp-json\/wp\/v2\/types\/tribe_events"}],"author":[{"embeddable":true,"href":"https:\/\/www.visitamalfi.info\/de\/wp-json\/wp\/v2\/users\/7"}],"version-history":[{"count":1,"href":"https:\/\/www.visitamalfi.info\/de\/wp-json\/wp\/v2\/tribe_events\/7845\/revisions"}],"predecessor-version":[{"id":7847,"href":"https:\/\/www.visitamalfi.info\/de\/wp-json\/wp\/v2\/tribe_events\/7845\/revisions\/7847"}],"wp:attachment":[{"href":"https:\/\/www.visitamalfi.info\/de\/wp-json\/wp\/v2\/media?parent=7845"}],"wp:term":[{"taxonomy":"post_tag","embeddable":true,"href":"https:\/\/www.visitamalfi.info\/de\/wp-json\/wp\/v2\/tags?post=7845"},{"taxonomy":"tribe_events_cat","embeddable":true,"href":"https:\/\/www.visitamalfi.info\/de\/wp-json\/wp\/v2\/tribe_events_cat?post=7845"}],"curies":[{"name":"wp","href":"https:\/\/api.w.org\/{rel}","templated":true}]}}

<p>Ein magischer Abend in Begleitung des<strong>Orchesters der Oper von Neapel</strong> und guter Musik. Acht Musiker gehören zum<strong>Italienischen Orchester</strong> von <em>Renzo Arbore</em>, mit dem sie immer noch von Erfolg zu Erfolg touren. Das Konzert ist eine Hommage an das neapolitanische Lied, gefiltert durch die Erfahrungen, die seine Musiker bei der Zusammenarbeit mit Künstlern wie Murolo, Gragnaniello, Pino Daniele, Teresa de Sio, Tullio De Piscopo und vielen anderen gesammelt haben, bis hin zum Italienischen Orchester von Renzo Arbore. Im Repertoire große Klassiker, dann Gitarren und Mandolinen, unterstützt von der einnehmenden und drängenden Rhythmusgruppe aus Schlagzeug, Bass und Trommeln, die unverwechselbaren und überwältigenden Volkstänze, die den Namen <em>Tarantelle</em> tragen. Mit <strong>Gianni Conte</strong> als Lead-Sänger,<strong> Massimo Volpe,</strong> <strong>Michele Montefusco</strong>, <strong>Peppe Sannino</strong>, <strong>Massimo Cecchetti</strong>, <strong>Roberto Ciscognetti</strong>, <strong>Salvatore Esposito</strong> und <strong>Nunzio Reina</strong>.</p>

<p>Eine Hommage an das neapolitanische Liedgut, gefiltert durch die Erfahrungen, die die Musiker bei der Zusammenarbeit mit großen Künstlern der italienischen Szene gesammelt haben.</p>

<!-- This site is optimized with the Yoast SEO plugin v27.3 - https://yoast.com/product/yoast-seo-wordpress/ -->
<title>Cover Night - Oper Neapel - Visit Amalfi</title>
<meta name="robots" content="index, follow, max-snippet:-1, max-image-preview:large, max-video-preview:-1" />
<link rel="canonical" href="https://www.visitamalfi.info/de/fall/cover-night-oper-neapel/" />
<meta property="og:locale" content="de_DE" />
<meta property="og:type" content="article" />
<meta property="og:title" content="Cover Night - Oper Neapel - Visit Amalfi" />
<meta property="og:description" content="Eine Hommage an das neapolitanische Liedgut, gefiltert durch die Erfahrungen, die die Musiker bei der Zusammenarbeit mit großen Künstlern der italienischen Szene gesammelt haben." />
<meta property="og:url" content="https://www.visitamalfi.info/de/fall/cover-night-oper-neapel/" />
<meta property="og:site_name" content="Visit Amalfi" />
<meta property="article:publisher" content="https://www.facebook.com/visitamalfiofficial" />
<meta property="article:modified_time" content="2023-07-12T14:16:27+00:00" />
<meta name="twitter:card" content="summary_large_image" />
<meta name="twitter:label1" content="Geschätzte Lesezeit" />
	<meta name="twitter:data1" content="1 Minute" />
<script type="application/ld+json" class="yoast-schema-graph">{"@context":"https:\/\/schema.org","@graph":[{"@type":"WebPage","@id":"https:\/\/www.visitamalfi.info\/de\/fall\/cover-night-oper-neapel\/","url":"https:\/\/www.visitamalfi.info\/de\/fall\/cover-night-oper-neapel\/","name":"Cover Night - Oper Neapel - Visit Amalfi","isPartOf":{"@id":"https:\/\/www.visitamalfi.info\/de\/#website"},"datePublished":"2023-06-07T16:50:49+00:00","dateModified":"2023-07-12T14:16:27+00:00","breadcrumb":{"@id":"https:\/\/www.visitamalfi.info\/de\/fall\/cover-night-oper-neapel\/#breadcrumb"},"inLanguage":"de","potentialAction":[{"@type":"ReadAction","target":["https:\/\/www.visitamalfi.info\/de\/fall\/cover-night-oper-neapel\/"]}]},{"@type":"BreadcrumbList","@id":"https:\/\/www.visitamalfi.info\/de\/fall\/cover-night-oper-neapel\/#breadcrumb","itemListElement":[{"@type":"ListItem","position":1,"name":"Home","item":"https:\/\/www.visitamalfi.info\/de\/"},{"@type":"ListItem","position":2,"name":"Veranstaltungen","item":"https:\/\/www.visitamalfi.info\/de\/eventi\/"},{"@type":"ListItem","position":3,"name":"Cover Night &#8211; Oper Neapel"}]},{"@type":"WebSite","@id":"https:\/\/www.visitamalfi.info\/de\/#website","url":"https:\/\/www.visitamalfi.info\/de\/","name":"Visit Amalfi","description":"Amalfi Destination Official Website","publisher":{"@id":"https:\/\/www.visitamalfi.info\/de\/#organization"},"potentialAction":[{"@type":"SearchAction","target":{"@type":"EntryPoint","urlTemplate":"https:\/\/www.visitamalfi.info\/de\/?s={search_term_string}"},"query-input":{"@type":"PropertyValueSpecification","valueRequired":true,"valueName":"search_term_string"}}],"inLanguage":"de"},{"@type":"Organization","@id":"https:\/\/www.visitamalfi.info\/de\/#organization","name":"Visit Amalfi","url":"https:\/\/www.visitamalfi.info\/de\/","logo":{"@type":"ImageObject","inLanguage":"de","@id":"https:\/\/www.visitamalfi.info\/de\/#\/schema\/logo\/image\/","url":"https:\/\/www.visitamalfi.info\/wp-content\/uploads\/2023\/04\/visit-amalfi-logo-web.png","contentUrl":"https:\/\/www.visitamalfi.info\/wp-content\/uploads\/2023\/04\/visit-amalfi-logo-web.png","width":800,"height":870,"caption":"Visit Amalfi"},"image":{"@id":"https:\/\/www.visitamalfi.info\/de\/#\/schema\/logo\/image\/"},"sameAs":["https:\/\/www.facebook.com\/visitamalfiofficial","https:\/\/www.instagram.com\/visitamalfiofficial\/"]}]}</script>
<!-- / Yoast SEO plugin. -->

Eine Hommage an das neapolitanische Liedgut, gefiltert durch die Erfahrungen, die die Musiker bei der Zusammenarbeit mit großen Künstlern der italienischen Szene gesammelt haben.
