{"id":7836,"date":"2023-06-07T18:50:49","date_gmt":"2023-06-07T16:50:49","guid":{"rendered":"https:\/\/www.visitamalfi.info\/evento\/amalfi-im-jazz-daniela-tenerini-und-four-seasons-quintet\/"},"modified":"2023-07-12T16:12:23","modified_gmt":"2023-07-12T14:12:23","slug":"amalfi-im-jazz-daniela-tenerini-und-four-seasons-quintet","status":"publish","type":"tribe_events","link":"https:\/\/www.visitamalfi.info\/de\/fall\/amalfi-im-jazz-daniela-tenerini-und-four-seasons-quintet\/","title":{"rendered":"Amalfi im Jazz &#8211; Daniela Tenerini und Four Seasons Quintet"},"content":{"rendered":"<p>Die sch\u00f6nsten italienischen Lieder und Neuinterpretationen zeitgen\u00f6ssischer Melodien in einem von Geschmack und Eleganz gepr\u00e4gten Stil. Eine musikalische Reise durch die gro\u00dfen Klassiker der Swing-\u00c4ra. Ein einzigartiger Abend, an dem die gro\u00dfen Hits der italienischen Musik wieder aufleben. Das Quintett besteht aus <strong>Daniela Tenerini<\/strong>, deren Stimme von <strong>Roberto Cesaretti<\/strong> am Bass, <strong>David Versiglioni<\/strong> am Klavier, <strong>Silvano Pero<\/strong> am Schlagzeug und <strong>Paolo Bartoni<\/strong> an der Trompete begleitet wird. Eine Mischung von Talenten unter dem Himmel von Amalfi.<\/p>\n","protected":false},"excerpt":{"rendered":"<p>Eine musikalische Reise durch die gro\u00dfen Klassiker der Swing-\u00c4ra. Ein einzigartiger Abend, an dem die gro\u00dfen Hits der italienischen Musik wieder aufleben. <\/p>\n","protected":false},"author":7,"featured_media":4104,"template":"","meta":{"inline_featured_image":false,"_tribe_events_status":"","_tribe_events_status_reason":"","footnotes":""},"tags":[262,354,353,635,636,355,634,545,637],"tribe_events_cat":[362,361,638],"class_list":["post-7836","tribe_events","type-tribe_events","status-publish","has-post-thumbnail","hentry","tag-amalfi-de","tag-amalficoastevent-de","tag-amalfiinjazz-de","tag-danielatenerini-de","tag-fourseasonsquintet-de","tag-musicinamalficoast-de","tag-piazzaduomoamalfi-de","tag-sommer2023","tag-swingera-de","tribe_events_cat-jazz-de","tribe_events_cat-musica-dal-vivo-de","tribe_events_cat-musik","cat_jazz-de","cat_musica-dal-vivo-de","cat_musik"],"yoast_head":"<!-- This site is optimized with the Yoast SEO plugin v27.3 - https:\/\/yoast.com\/product\/yoast-seo-wordpress\/ -->\n<title>Amalfi im Jazz - Daniela Tenerini und Four Seasons Quintet - Visit Amalfi<\/title>\n<meta name=\"robots\" content=\"index, follow, max-snippet:-1, max-image-preview:large, max-video-preview:-1\" \/>\n<link rel=\"canonical\" href=\"https:\/\/www.visitamalfi.info\/de\/fall\/amalfi-im-jazz-daniela-tenerini-und-four-seasons-quintet\/\" \/>\n<meta property=\"og:locale\" content=\"de_DE\" \/>\n<meta property=\"og:type\" content=\"article\" \/>\n<meta property=\"og:title\" content=\"Amalfi im Jazz - Daniela Tenerini und Four Seasons Quintet - Visit Amalfi\" \/>\n<meta property=\"og:description\" content=\"Eine musikalische Reise durch die gro\u00dfen Klassiker der Swing-\u00c4ra. Ein einzigartiger Abend, an dem die gro\u00dfen Hits der italienischen Musik wieder aufleben.\" \/>\n<meta property=\"og:url\" content=\"https:\/\/www.visitamalfi.info\/de\/fall\/amalfi-im-jazz-daniela-tenerini-und-four-seasons-quintet\/\" \/>\n<meta property=\"og:site_name\" content=\"Visit Amalfi\" \/>\n<meta property=\"article:publisher\" content=\"https:\/\/www.facebook.com\/visitamalfiofficial\" \/>\n<meta property=\"article:modified_time\" content=\"2023-07-12T14:12:23+00:00\" \/>\n<meta property=\"og:image\" content=\"https:\/\/www.visitamalfi.info\/wp-content\/uploads\/2023\/06\/Amalfi-in-jazz-1.jpeg\" \/>\n\t<meta property=\"og:image:width\" content=\"1024\" \/>\n\t<meta property=\"og:image:height\" content=\"683\" \/>\n\t<meta property=\"og:image:type\" content=\"image\/jpeg\" \/>\n<meta name=\"twitter:card\" content=\"summary_large_image\" \/>\n<script type=\"application\/ld+json\" class=\"yoast-schema-graph\">{\"@context\":\"https:\\\/\\\/schema.org\",\"@graph\":[{\"@type\":\"WebPage\",\"@id\":\"https:\\\/\\\/www.visitamalfi.info\\\/de\\\/fall\\\/amalfi-im-jazz-daniela-tenerini-und-four-seasons-quintet\\\/\",\"url\":\"https:\\\/\\\/www.visitamalfi.info\\\/de\\\/fall\\\/amalfi-im-jazz-daniela-tenerini-und-four-seasons-quintet\\\/\",\"name\":\"Amalfi im Jazz - Daniela Tenerini und Four Seasons Quintet - Visit Amalfi\",\"isPartOf\":{\"@id\":\"https:\\\/\\\/www.visitamalfi.info\\\/de\\\/#website\"},\"primaryImageOfPage\":{\"@id\":\"https:\\\/\\\/www.visitamalfi.info\\\/de\\\/fall\\\/amalfi-im-jazz-daniela-tenerini-und-four-seasons-quintet\\\/#primaryimage\"},\"image\":{\"@id\":\"https:\\\/\\\/www.visitamalfi.info\\\/de\\\/fall\\\/amalfi-im-jazz-daniela-tenerini-und-four-seasons-quintet\\\/#primaryimage\"},\"thumbnailUrl\":\"https:\\\/\\\/www.visitamalfi.info\\\/wp-content\\\/uploads\\\/2023\\\/06\\\/Amalfi-in-jazz-1.jpeg\",\"datePublished\":\"2023-06-07T16:50:49+00:00\",\"dateModified\":\"2023-07-12T14:12:23+00:00\",\"breadcrumb\":{\"@id\":\"https:\\\/\\\/www.visitamalfi.info\\\/de\\\/fall\\\/amalfi-im-jazz-daniela-tenerini-und-four-seasons-quintet\\\/#breadcrumb\"},\"inLanguage\":\"de\",\"potentialAction\":[{\"@type\":\"ReadAction\",\"target\":[\"https:\\\/\\\/www.visitamalfi.info\\\/de\\\/fall\\\/amalfi-im-jazz-daniela-tenerini-und-four-seasons-quintet\\\/\"]}]},{\"@type\":\"ImageObject\",\"inLanguage\":\"de\",\"@id\":\"https:\\\/\\\/www.visitamalfi.info\\\/de\\\/fall\\\/amalfi-im-jazz-daniela-tenerini-und-four-seasons-quintet\\\/#primaryimage\",\"url\":\"https:\\\/\\\/www.visitamalfi.info\\\/wp-content\\\/uploads\\\/2023\\\/06\\\/Amalfi-in-jazz-1.jpeg\",\"contentUrl\":\"https:\\\/\\\/www.visitamalfi.info\\\/wp-content\\\/uploads\\\/2023\\\/06\\\/Amalfi-in-jazz-1.jpeg\",\"width\":1024,\"height\":683},{\"@type\":\"BreadcrumbList\",\"@id\":\"https:\\\/\\\/www.visitamalfi.info\\\/de\\\/fall\\\/amalfi-im-jazz-daniela-tenerini-und-four-seasons-quintet\\\/#breadcrumb\",\"itemListElement\":[{\"@type\":\"ListItem\",\"position\":1,\"name\":\"Home\",\"item\":\"https:\\\/\\\/www.visitamalfi.info\\\/de\\\/\"},{\"@type\":\"ListItem\",\"position\":2,\"name\":\"Veranstaltungen\",\"item\":\"https:\\\/\\\/www.visitamalfi.info\\\/de\\\/eventi\\\/\"},{\"@type\":\"ListItem\",\"position\":3,\"name\":\"Amalfi im Jazz &#8211; Daniela Tenerini und Four Seasons Quintet\"}]},{\"@type\":\"WebSite\",\"@id\":\"https:\\\/\\\/www.visitamalfi.info\\\/de\\\/#website\",\"url\":\"https:\\\/\\\/www.visitamalfi.info\\\/de\\\/\",\"name\":\"Visit Amalfi\",\"description\":\"Amalfi Destination Official Website\",\"publisher\":{\"@id\":\"https:\\\/\\\/www.visitamalfi.info\\\/de\\\/#organization\"},\"potentialAction\":[{\"@type\":\"SearchAction\",\"target\":{\"@type\":\"EntryPoint\",\"urlTemplate\":\"https:\\\/\\\/www.visitamalfi.info\\\/de\\\/?s={search_term_string}\"},\"query-input\":{\"@type\":\"PropertyValueSpecification\",\"valueRequired\":true,\"valueName\":\"search_term_string\"}}],\"inLanguage\":\"de\"},{\"@type\":\"Organization\",\"@id\":\"https:\\\/\\\/www.visitamalfi.info\\\/de\\\/#organization\",\"name\":\"Visit Amalfi\",\"url\":\"https:\\\/\\\/www.visitamalfi.info\\\/de\\\/\",\"logo\":{\"@type\":\"ImageObject\",\"inLanguage\":\"de\",\"@id\":\"https:\\\/\\\/www.visitamalfi.info\\\/de\\\/#\\\/schema\\\/logo\\\/image\\\/\",\"url\":\"https:\\\/\\\/www.visitamalfi.info\\\/wp-content\\\/uploads\\\/2023\\\/04\\\/visit-amalfi-logo-web.png\",\"contentUrl\":\"https:\\\/\\\/www.visitamalfi.info\\\/wp-content\\\/uploads\\\/2023\\\/04\\\/visit-amalfi-logo-web.png\",\"width\":800,\"height\":870,\"caption\":\"Visit Amalfi\"},\"image\":{\"@id\":\"https:\\\/\\\/www.visitamalfi.info\\\/de\\\/#\\\/schema\\\/logo\\\/image\\\/\"},\"sameAs\":[\"https:\\\/\\\/www.facebook.com\\\/visitamalfiofficial\",\"https:\\\/\\\/www.instagram.com\\\/visitamalfiofficial\\\/\"]}]}<\/script>\n<!-- \/ Yoast SEO plugin. -->","yoast_head_json":{"title":"Amalfi im Jazz - Daniela Tenerini und Four Seasons Quintet - Visit Amalfi","robots":{"index":"index","follow":"follow","max-snippet":"max-snippet:-1","max-image-preview":"max-image-preview:large","max-video-preview":"max-video-preview:-1"},"canonical":"https:\/\/www.visitamalfi.info\/de\/fall\/amalfi-im-jazz-daniela-tenerini-und-four-seasons-quintet\/","og_locale":"de_DE","og_type":"article","og_title":"Amalfi im Jazz - Daniela Tenerini und Four Seasons Quintet - Visit Amalfi","og_description":"Eine musikalische Reise durch die gro\u00dfen Klassiker der Swing-\u00c4ra. Ein einzigartiger Abend, an dem die gro\u00dfen Hits der italienischen Musik wieder aufleben.","og_url":"https:\/\/www.visitamalfi.info\/de\/fall\/amalfi-im-jazz-daniela-tenerini-und-four-seasons-quintet\/","og_site_name":"Visit Amalfi","article_publisher":"https:\/\/www.facebook.com\/visitamalfiofficial","article_modified_time":"2023-07-12T14:12:23+00:00","og_image":[{"width":1024,"height":683,"url":"https:\/\/www.visitamalfi.info\/wp-content\/uploads\/2023\/06\/Amalfi-in-jazz-1.jpeg","type":"image\/jpeg"}],"twitter_card":"summary_large_image","schema":{"@context":"https:\/\/schema.org","@graph":[{"@type":"WebPage","@id":"https:\/\/www.visitamalfi.info\/de\/fall\/amalfi-im-jazz-daniela-tenerini-und-four-seasons-quintet\/","url":"https:\/\/www.visitamalfi.info\/de\/fall\/amalfi-im-jazz-daniela-tenerini-und-four-seasons-quintet\/","name":"Amalfi im Jazz - Daniela Tenerini und Four Seasons Quintet - Visit Amalfi","isPartOf":{"@id":"https:\/\/www.visitamalfi.info\/de\/#website"},"primaryImageOfPage":{"@id":"https:\/\/www.visitamalfi.info\/de\/fall\/amalfi-im-jazz-daniela-tenerini-und-four-seasons-quintet\/#primaryimage"},"image":{"@id":"https:\/\/www.visitamalfi.info\/de\/fall\/amalfi-im-jazz-daniela-tenerini-und-four-seasons-quintet\/#primaryimage"},"thumbnailUrl":"https:\/\/www.visitamalfi.info\/wp-content\/uploads\/2023\/06\/Amalfi-in-jazz-1.jpeg","datePublished":"2023-06-07T16:50:49+00:00","dateModified":"2023-07-12T14:12:23+00:00","breadcrumb":{"@id":"https:\/\/www.visitamalfi.info\/de\/fall\/amalfi-im-jazz-daniela-tenerini-und-four-seasons-quintet\/#breadcrumb"},"inLanguage":"de","potentialAction":[{"@type":"ReadAction","target":["https:\/\/www.visitamalfi.info\/de\/fall\/amalfi-im-jazz-daniela-tenerini-und-four-seasons-quintet\/"]}]},{"@type":"ImageObject","inLanguage":"de","@id":"https:\/\/www.visitamalfi.info\/de\/fall\/amalfi-im-jazz-daniela-tenerini-und-four-seasons-quintet\/#primaryimage","url":"https:\/\/www.visitamalfi.info\/wp-content\/uploads\/2023\/06\/Amalfi-in-jazz-1.jpeg","contentUrl":"https:\/\/www.visitamalfi.info\/wp-content\/uploads\/2023\/06\/Amalfi-in-jazz-1.jpeg","width":1024,"height":683},{"@type":"BreadcrumbList","@id":"https:\/\/www.visitamalfi.info\/de\/fall\/amalfi-im-jazz-daniela-tenerini-und-four-seasons-quintet\/#breadcrumb","itemListElement":[{"@type":"ListItem","position":1,"name":"Home","item":"https:\/\/www.visitamalfi.info\/de\/"},{"@type":"ListItem","position":2,"name":"Veranstaltungen","item":"https:\/\/www.visitamalfi.info\/de\/eventi\/"},{"@type":"ListItem","position":3,"name":"Amalfi im Jazz &#8211; Daniela Tenerini und Four Seasons Quintet"}]},{"@type":"WebSite","@id":"https:\/\/www.visitamalfi.info\/de\/#website","url":"https:\/\/www.visitamalfi.info\/de\/","name":"Visit Amalfi","description":"Amalfi Destination Official Website","publisher":{"@id":"https:\/\/www.visitamalfi.info\/de\/#organization"},"potentialAction":[{"@type":"SearchAction","target":{"@type":"EntryPoint","urlTemplate":"https:\/\/www.visitamalfi.info\/de\/?s={search_term_string}"},"query-input":{"@type":"PropertyValueSpecification","valueRequired":true,"valueName":"search_term_string"}}],"inLanguage":"de"},{"@type":"Organization","@id":"https:\/\/www.visitamalfi.info\/de\/#organization","name":"Visit Amalfi","url":"https:\/\/www.visitamalfi.info\/de\/","logo":{"@type":"ImageObject","inLanguage":"de","@id":"https:\/\/www.visitamalfi.info\/de\/#\/schema\/logo\/image\/","url":"https:\/\/www.visitamalfi.info\/wp-content\/uploads\/2023\/04\/visit-amalfi-logo-web.png","contentUrl":"https:\/\/www.visitamalfi.info\/wp-content\/uploads\/2023\/04\/visit-amalfi-logo-web.png","width":800,"height":870,"caption":"Visit Amalfi"},"image":{"@id":"https:\/\/www.visitamalfi.info\/de\/#\/schema\/logo\/image\/"},"sameAs":["https:\/\/www.facebook.com\/visitamalfiofficial","https:\/\/www.instagram.com\/visitamalfiofficial\/"]}]}},"_links":{"self":[{"href":"https:\/\/www.visitamalfi.info\/de\/wp-json\/wp\/v2\/tribe_events\/7836","targetHints":{"allow":["GET"]}}],"collection":[{"href":"https:\/\/www.visitamalfi.info\/de\/wp-json\/wp\/v2\/tribe_events"}],"about":[{"href":"https:\/\/www.visitamalfi.info\/de\/wp-json\/wp\/v2\/types\/tribe_events"}],"author":[{"embeddable":true,"href":"https:\/\/www.visitamalfi.info\/de\/wp-json\/wp\/v2\/users\/7"}],"version-history":[{"count":1,"href":"https:\/\/www.visitamalfi.info\/de\/wp-json\/wp\/v2\/tribe_events\/7836\/revisions"}],"predecessor-version":[{"id":7838,"href":"https:\/\/www.visitamalfi.info\/de\/wp-json\/wp\/v2\/tribe_events\/7836\/revisions\/7838"}],"wp:featuredmedia":[{"embeddable":true,"href":"https:\/\/www.visitamalfi.info\/de\/wp-json\/wp\/v2\/media\/4104"}],"wp:attachment":[{"href":"https:\/\/www.visitamalfi.info\/de\/wp-json\/wp\/v2\/media?parent=7836"}],"wp:term":[{"taxonomy":"post_tag","embeddable":true,"href":"https:\/\/www.visitamalfi.info\/de\/wp-json\/wp\/v2\/tags?post=7836"},{"taxonomy":"tribe_events_cat","embeddable":true,"href":"https:\/\/www.visitamalfi.info\/de\/wp-json\/wp\/v2\/tribe_events_cat?post=7836"}],"curies":[{"name":"wp","href":"https:\/\/api.w.org\/{rel}","templated":true}]}}

<p>Die schönsten italienischen Lieder und Neuinterpretationen zeitgenössischer Melodien in einem von Geschmack und Eleganz geprägten Stil. Eine musikalische Reise durch die großen Klassiker der Swing-Ära. Ein einzigartiger Abend, an dem die großen Hits der italienischen Musik wieder aufleben. Das Quintett besteht aus <strong>Daniela Tenerini</strong>, deren Stimme von <strong>Roberto Cesaretti</strong> am Bass, <strong>David Versiglioni</strong> am Klavier, <strong>Silvano Pero</strong> am Schlagzeug und <strong>Paolo Bartoni</strong> an der Trompete begleitet wird. Eine Mischung von Talenten unter dem Himmel von Amalfi.</p>

<p>Eine musikalische Reise durch die großen Klassiker der Swing-Ära. Ein einzigartiger Abend, an dem die großen Hits der italienischen Musik wieder aufleben. </p>

<!-- This site is optimized with the Yoast SEO plugin v27.3 - https://yoast.com/product/yoast-seo-wordpress/ -->
<title>Amalfi im Jazz - Daniela Tenerini und Four Seasons Quintet - Visit Amalfi</title>
<meta name="robots" content="index, follow, max-snippet:-1, max-image-preview:large, max-video-preview:-1" />
<link rel="canonical" href="https://www.visitamalfi.info/de/fall/amalfi-im-jazz-daniela-tenerini-und-four-seasons-quintet/" />
<meta property="og:locale" content="de_DE" />
<meta property="og:type" content="article" />
<meta property="og:title" content="Amalfi im Jazz - Daniela Tenerini und Four Seasons Quintet - Visit Amalfi" />
<meta property="og:description" content="Eine musikalische Reise durch die großen Klassiker der Swing-Ära. Ein einzigartiger Abend, an dem die großen Hits der italienischen Musik wieder aufleben." />
<meta property="og:url" content="https://www.visitamalfi.info/de/fall/amalfi-im-jazz-daniela-tenerini-und-four-seasons-quintet/" />
<meta property="og:site_name" content="Visit Amalfi" />
<meta property="article:publisher" content="https://www.facebook.com/visitamalfiofficial" />
<meta property="article:modified_time" content="2023-07-12T14:12:23+00:00" />
<meta property="og:image" content="https://www.visitamalfi.info/wp-content/uploads/2023/06/Amalfi-in-jazz-1.jpeg" />
	<meta property="og:image:width" content="1024" />
	<meta property="og:image:height" content="683" />
	<meta property="og:image:type" content="image/jpeg" />
<meta name="twitter:card" content="summary_large_image" />
<script type="application/ld+json" class="yoast-schema-graph">{"@context":"https:\/\/schema.org","@graph":[{"@type":"WebPage","@id":"https:\/\/www.visitamalfi.info\/de\/fall\/amalfi-im-jazz-daniela-tenerini-und-four-seasons-quintet\/","url":"https:\/\/www.visitamalfi.info\/de\/fall\/amalfi-im-jazz-daniela-tenerini-und-four-seasons-quintet\/","name":"Amalfi im Jazz - Daniela Tenerini und Four Seasons Quintet - Visit Amalfi","isPartOf":{"@id":"https:\/\/www.visitamalfi.info\/de\/#website"},"primaryImageOfPage":{"@id":"https:\/\/www.visitamalfi.info\/de\/fall\/amalfi-im-jazz-daniela-tenerini-und-four-seasons-quintet\/#primaryimage"},"image":{"@id":"https:\/\/www.visitamalfi.info\/de\/fall\/amalfi-im-jazz-daniela-tenerini-und-four-seasons-quintet\/#primaryimage"},"thumbnailUrl":"https:\/\/www.visitamalfi.info\/wp-content\/uploads\/2023\/06\/Amalfi-in-jazz-1.jpeg","datePublished":"2023-06-07T16:50:49+00:00","dateModified":"2023-07-12T14:12:23+00:00","breadcrumb":{"@id":"https:\/\/www.visitamalfi.info\/de\/fall\/amalfi-im-jazz-daniela-tenerini-und-four-seasons-quintet\/#breadcrumb"},"inLanguage":"de","potentialAction":[{"@type":"ReadAction","target":["https:\/\/www.visitamalfi.info\/de\/fall\/amalfi-im-jazz-daniela-tenerini-und-four-seasons-quintet\/"]}]},{"@type":"ImageObject","inLanguage":"de","@id":"https:\/\/www.visitamalfi.info\/de\/fall\/amalfi-im-jazz-daniela-tenerini-und-four-seasons-quintet\/#primaryimage","url":"https:\/\/www.visitamalfi.info\/wp-content\/uploads\/2023\/06\/Amalfi-in-jazz-1.jpeg","contentUrl":"https:\/\/www.visitamalfi.info\/wp-content\/uploads\/2023\/06\/Amalfi-in-jazz-1.jpeg","width":1024,"height":683},{"@type":"BreadcrumbList","@id":"https:\/\/www.visitamalfi.info\/de\/fall\/amalfi-im-jazz-daniela-tenerini-und-four-seasons-quintet\/#breadcrumb","itemListElement":[{"@type":"ListItem","position":1,"name":"Home","item":"https:\/\/www.visitamalfi.info\/de\/"},{"@type":"ListItem","position":2,"name":"Veranstaltungen","item":"https:\/\/www.visitamalfi.info\/de\/eventi\/"},{"@type":"ListItem","position":3,"name":"Amalfi im Jazz &#8211; Daniela Tenerini und Four Seasons Quintet"}]},{"@type":"WebSite","@id":"https:\/\/www.visitamalfi.info\/de\/#website","url":"https:\/\/www.visitamalfi.info\/de\/","name":"Visit Amalfi","description":"Amalfi Destination Official Website","publisher":{"@id":"https:\/\/www.visitamalfi.info\/de\/#organization"},"potentialAction":[{"@type":"SearchAction","target":{"@type":"EntryPoint","urlTemplate":"https:\/\/www.visitamalfi.info\/de\/?s={search_term_string}"},"query-input":{"@type":"PropertyValueSpecification","valueRequired":true,"valueName":"search_term_string"}}],"inLanguage":"de"},{"@type":"Organization","@id":"https:\/\/www.visitamalfi.info\/de\/#organization","name":"Visit Amalfi","url":"https:\/\/www.visitamalfi.info\/de\/","logo":{"@type":"ImageObject","inLanguage":"de","@id":"https:\/\/www.visitamalfi.info\/de\/#\/schema\/logo\/image\/","url":"https:\/\/www.visitamalfi.info\/wp-content\/uploads\/2023\/04\/visit-amalfi-logo-web.png","contentUrl":"https:\/\/www.visitamalfi.info\/wp-content\/uploads\/2023\/04\/visit-amalfi-logo-web.png","width":800,"height":870,"caption":"Visit Amalfi"},"image":{"@id":"https:\/\/www.visitamalfi.info\/de\/#\/schema\/logo\/image\/"},"sameAs":["https:\/\/www.facebook.com\/visitamalfiofficial","https:\/\/www.instagram.com\/visitamalfiofficial\/"]}]}</script>
<!-- / Yoast SEO plugin. -->

Eine musikalische Reise durch die großen Klassiker der Swing-Ära. Ein einzigartiger Abend, an dem die großen Hits der italienischen Musik wieder aufleben.
