{"id":22344,"date":"2025-07-15T18:33:52","date_gmt":"2025-07-15T16:33:52","guid":{"rendered":"https:\/\/www.visitamalfi.info\/evento\/kunst-kinder-party-tag-der-farbe\/"},"modified":"2025-07-15T18:33:52","modified_gmt":"2025-07-15T16:33:52","slug":"kunst-kinder-party-tag-der-farbe","status":"publish","type":"tribe_events","link":"https:\/\/www.visitamalfi.info\/de\/fall\/kunst-kinder-party-tag-der-farbe\/","title":{"rendered":"Kunst Kinder Party &#8211; Tag der Farbe"},"content":{"rendered":"<p>Ein Tag, der der Kunst in all ihren Facetten gewidmet ist. Jungen und M\u00e4dchen k\u00f6nnen in einem Freiluft-Atelier auf Leinw\u00e4nden und Oberfl\u00e4chen aller Art malen und dabei ihre Kreativit\u00e4t und ihr Gesp\u00fcr zum Ausdruck bringen. Wasserspiele und verschiedene kreative Aktivit\u00e4ten sind f\u00fcr jedes Bed\u00fcrfnis und jede Altersgruppe geplant.<\/p>\n<p><em>Herausgegeben von The World of Naty<\/em><\/p>\n","protected":false},"excerpt":{"rendered":"<p>Ein Tag, der der Kunst in all ihren Facetten gewidmet ist. Jungen und M\u00e4dchen k\u00f6nnen in einem Freiluft-Atelier auf Leinw\u00e4nden und Oberfl\u00e4chen aller Art malen und dabei ihre Kreativit\u00e4t und [&hellip;]<\/p>\n","protected":false},"author":7,"featured_media":22293,"template":"","meta":{"inline_featured_image":false,"_tribe_events_status":"","_tribe_events_status_reason":"","footnotes":""},"tags":[],"tribe_events_cat":[],"class_list":["post-22344","tribe_events","type-tribe_events","status-publish","has-post-thumbnail","hentry"],"yoast_head":"<!-- This site is optimized with the Yoast SEO plugin v27.3 - https:\/\/yoast.com\/product\/yoast-seo-wordpress\/ -->\n<title>Kunst Kinder Party - Tag der Farbe - Visit Amalfi<\/title>\n<meta name=\"robots\" content=\"index, follow, max-snippet:-1, max-image-preview:large, max-video-preview:-1\" \/>\n<link rel=\"canonical\" href=\"https:\/\/www.visitamalfi.info\/de\/fall\/kunst-kinder-party-tag-der-farbe\/\" \/>\n<meta property=\"og:locale\" content=\"de_DE\" \/>\n<meta property=\"og:type\" content=\"article\" \/>\n<meta property=\"og:title\" content=\"Kunst Kinder Party - Tag der Farbe - Visit Amalfi\" \/>\n<meta property=\"og:description\" content=\"Ein Tag, der der Kunst in all ihren Facetten gewidmet ist. Jungen und M\u00e4dchen k\u00f6nnen in einem Freiluft-Atelier auf Leinw\u00e4nden und Oberfl\u00e4chen aller Art malen und dabei ihre Kreativit\u00e4t und [&hellip;]\" \/>\n<meta property=\"og:url\" content=\"https:\/\/www.visitamalfi.info\/de\/fall\/kunst-kinder-party-tag-der-farbe\/\" \/>\n<meta property=\"og:site_name\" content=\"Visit Amalfi\" \/>\n<meta property=\"article:publisher\" content=\"https:\/\/www.facebook.com\/visitamalfiofficial\" \/>\n<meta name=\"twitter:card\" content=\"summary_large_image\" \/>\n<script type=\"application\/ld+json\" class=\"yoast-schema-graph\">{\"@context\":\"https:\\\/\\\/schema.org\",\"@graph\":[{\"@type\":\"WebPage\",\"@id\":\"https:\\\/\\\/www.visitamalfi.info\\\/de\\\/fall\\\/kunst-kinder-party-tag-der-farbe\\\/\",\"url\":\"https:\\\/\\\/www.visitamalfi.info\\\/de\\\/fall\\\/kunst-kinder-party-tag-der-farbe\\\/\",\"name\":\"Kunst Kinder Party - Tag der Farbe - Visit Amalfi\",\"isPartOf\":{\"@id\":\"https:\\\/\\\/www.visitamalfi.info\\\/de\\\/#website\"},\"primaryImageOfPage\":{\"@id\":\"https:\\\/\\\/www.visitamalfi.info\\\/de\\\/fall\\\/kunst-kinder-party-tag-der-farbe\\\/#primaryimage\"},\"image\":{\"@id\":\"https:\\\/\\\/www.visitamalfi.info\\\/de\\\/fall\\\/kunst-kinder-party-tag-der-farbe\\\/#primaryimage\"},\"thumbnailUrl\":\"https:\\\/\\\/www.visitamalfi.info\\\/wp-content\\\/uploads\\\/2025\\\/07\\\/514346633_1156945733141126_3393358229461143252_n.jpg\",\"datePublished\":\"2025-07-15T16:33:52+00:00\",\"breadcrumb\":{\"@id\":\"https:\\\/\\\/www.visitamalfi.info\\\/de\\\/fall\\\/kunst-kinder-party-tag-der-farbe\\\/#breadcrumb\"},\"inLanguage\":\"de\",\"potentialAction\":[{\"@type\":\"ReadAction\",\"target\":[\"https:\\\/\\\/www.visitamalfi.info\\\/de\\\/fall\\\/kunst-kinder-party-tag-der-farbe\\\/\"]}]},{\"@type\":\"ImageObject\",\"inLanguage\":\"de\",\"@id\":\"https:\\\/\\\/www.visitamalfi.info\\\/de\\\/fall\\\/kunst-kinder-party-tag-der-farbe\\\/#primaryimage\",\"url\":\"https:\\\/\\\/www.visitamalfi.info\\\/wp-content\\\/uploads\\\/2025\\\/07\\\/514346633_1156945733141126_3393358229461143252_n.jpg\",\"contentUrl\":\"https:\\\/\\\/www.visitamalfi.info\\\/wp-content\\\/uploads\\\/2025\\\/07\\\/514346633_1156945733141126_3393358229461143252_n.jpg\",\"width\":1080,\"height\":798},{\"@type\":\"BreadcrumbList\",\"@id\":\"https:\\\/\\\/www.visitamalfi.info\\\/de\\\/fall\\\/kunst-kinder-party-tag-der-farbe\\\/#breadcrumb\",\"itemListElement\":[{\"@type\":\"ListItem\",\"position\":1,\"name\":\"Home\",\"item\":\"https:\\\/\\\/www.visitamalfi.info\\\/de\\\/\"},{\"@type\":\"ListItem\",\"position\":2,\"name\":\"Veranstaltungen\",\"item\":\"https:\\\/\\\/www.visitamalfi.info\\\/de\\\/eventi\\\/\"},{\"@type\":\"ListItem\",\"position\":3,\"name\":\"Kunst Kinder Party &#8211; Tag der Farbe\"}]},{\"@type\":\"WebSite\",\"@id\":\"https:\\\/\\\/www.visitamalfi.info\\\/de\\\/#website\",\"url\":\"https:\\\/\\\/www.visitamalfi.info\\\/de\\\/\",\"name\":\"Visit Amalfi\",\"description\":\"Amalfi Destination Official Website\",\"publisher\":{\"@id\":\"https:\\\/\\\/www.visitamalfi.info\\\/de\\\/#organization\"},\"potentialAction\":[{\"@type\":\"SearchAction\",\"target\":{\"@type\":\"EntryPoint\",\"urlTemplate\":\"https:\\\/\\\/www.visitamalfi.info\\\/de\\\/?s={search_term_string}\"},\"query-input\":{\"@type\":\"PropertyValueSpecification\",\"valueRequired\":true,\"valueName\":\"search_term_string\"}}],\"inLanguage\":\"de\"},{\"@type\":\"Organization\",\"@id\":\"https:\\\/\\\/www.visitamalfi.info\\\/de\\\/#organization\",\"name\":\"Visit Amalfi\",\"url\":\"https:\\\/\\\/www.visitamalfi.info\\\/de\\\/\",\"logo\":{\"@type\":\"ImageObject\",\"inLanguage\":\"de\",\"@id\":\"https:\\\/\\\/www.visitamalfi.info\\\/de\\\/#\\\/schema\\\/logo\\\/image\\\/\",\"url\":\"https:\\\/\\\/www.visitamalfi.info\\\/wp-content\\\/uploads\\\/2023\\\/04\\\/visit-amalfi-logo-web.png\",\"contentUrl\":\"https:\\\/\\\/www.visitamalfi.info\\\/wp-content\\\/uploads\\\/2023\\\/04\\\/visit-amalfi-logo-web.png\",\"width\":800,\"height\":870,\"caption\":\"Visit Amalfi\"},\"image\":{\"@id\":\"https:\\\/\\\/www.visitamalfi.info\\\/de\\\/#\\\/schema\\\/logo\\\/image\\\/\"},\"sameAs\":[\"https:\\\/\\\/www.facebook.com\\\/visitamalfiofficial\",\"https:\\\/\\\/www.instagram.com\\\/visitamalfiofficial\\\/\"]}]}<\/script>\n<!-- \/ Yoast SEO plugin. -->","yoast_head_json":{"title":"Kunst Kinder Party - Tag der Farbe - Visit Amalfi","robots":{"index":"index","follow":"follow","max-snippet":"max-snippet:-1","max-image-preview":"max-image-preview:large","max-video-preview":"max-video-preview:-1"},"canonical":"https:\/\/www.visitamalfi.info\/de\/fall\/kunst-kinder-party-tag-der-farbe\/","og_locale":"de_DE","og_type":"article","og_title":"Kunst Kinder Party - Tag der Farbe - Visit Amalfi","og_description":"Ein Tag, der der Kunst in all ihren Facetten gewidmet ist. Jungen und M\u00e4dchen k\u00f6nnen in einem Freiluft-Atelier auf Leinw\u00e4nden und Oberfl\u00e4chen aller Art malen und dabei ihre Kreativit\u00e4t und [&hellip;]","og_url":"https:\/\/www.visitamalfi.info\/de\/fall\/kunst-kinder-party-tag-der-farbe\/","og_site_name":"Visit Amalfi","article_publisher":"https:\/\/www.facebook.com\/visitamalfiofficial","twitter_card":"summary_large_image","schema":{"@context":"https:\/\/schema.org","@graph":[{"@type":"WebPage","@id":"https:\/\/www.visitamalfi.info\/de\/fall\/kunst-kinder-party-tag-der-farbe\/","url":"https:\/\/www.visitamalfi.info\/de\/fall\/kunst-kinder-party-tag-der-farbe\/","name":"Kunst Kinder Party - Tag der Farbe - Visit Amalfi","isPartOf":{"@id":"https:\/\/www.visitamalfi.info\/de\/#website"},"primaryImageOfPage":{"@id":"https:\/\/www.visitamalfi.info\/de\/fall\/kunst-kinder-party-tag-der-farbe\/#primaryimage"},"image":{"@id":"https:\/\/www.visitamalfi.info\/de\/fall\/kunst-kinder-party-tag-der-farbe\/#primaryimage"},"thumbnailUrl":"https:\/\/www.visitamalfi.info\/wp-content\/uploads\/2025\/07\/514346633_1156945733141126_3393358229461143252_n.jpg","datePublished":"2025-07-15T16:33:52+00:00","breadcrumb":{"@id":"https:\/\/www.visitamalfi.info\/de\/fall\/kunst-kinder-party-tag-der-farbe\/#breadcrumb"},"inLanguage":"de","potentialAction":[{"@type":"ReadAction","target":["https:\/\/www.visitamalfi.info\/de\/fall\/kunst-kinder-party-tag-der-farbe\/"]}]},{"@type":"ImageObject","inLanguage":"de","@id":"https:\/\/www.visitamalfi.info\/de\/fall\/kunst-kinder-party-tag-der-farbe\/#primaryimage","url":"https:\/\/www.visitamalfi.info\/wp-content\/uploads\/2025\/07\/514346633_1156945733141126_3393358229461143252_n.jpg","contentUrl":"https:\/\/www.visitamalfi.info\/wp-content\/uploads\/2025\/07\/514346633_1156945733141126_3393358229461143252_n.jpg","width":1080,"height":798},{"@type":"BreadcrumbList","@id":"https:\/\/www.visitamalfi.info\/de\/fall\/kunst-kinder-party-tag-der-farbe\/#breadcrumb","itemListElement":[{"@type":"ListItem","position":1,"name":"Home","item":"https:\/\/www.visitamalfi.info\/de\/"},{"@type":"ListItem","position":2,"name":"Veranstaltungen","item":"https:\/\/www.visitamalfi.info\/de\/eventi\/"},{"@type":"ListItem","position":3,"name":"Kunst Kinder Party &#8211; Tag der Farbe"}]},{"@type":"WebSite","@id":"https:\/\/www.visitamalfi.info\/de\/#website","url":"https:\/\/www.visitamalfi.info\/de\/","name":"Visit Amalfi","description":"Amalfi Destination Official Website","publisher":{"@id":"https:\/\/www.visitamalfi.info\/de\/#organization"},"potentialAction":[{"@type":"SearchAction","target":{"@type":"EntryPoint","urlTemplate":"https:\/\/www.visitamalfi.info\/de\/?s={search_term_string}"},"query-input":{"@type":"PropertyValueSpecification","valueRequired":true,"valueName":"search_term_string"}}],"inLanguage":"de"},{"@type":"Organization","@id":"https:\/\/www.visitamalfi.info\/de\/#organization","name":"Visit Amalfi","url":"https:\/\/www.visitamalfi.info\/de\/","logo":{"@type":"ImageObject","inLanguage":"de","@id":"https:\/\/www.visitamalfi.info\/de\/#\/schema\/logo\/image\/","url":"https:\/\/www.visitamalfi.info\/wp-content\/uploads\/2023\/04\/visit-amalfi-logo-web.png","contentUrl":"https:\/\/www.visitamalfi.info\/wp-content\/uploads\/2023\/04\/visit-amalfi-logo-web.png","width":800,"height":870,"caption":"Visit Amalfi"},"image":{"@id":"https:\/\/www.visitamalfi.info\/de\/#\/schema\/logo\/image\/"},"sameAs":["https:\/\/www.facebook.com\/visitamalfiofficial","https:\/\/www.instagram.com\/visitamalfiofficial\/"]}]}},"_links":{"self":[{"href":"https:\/\/www.visitamalfi.info\/de\/wp-json\/wp\/v2\/tribe_events\/22344","targetHints":{"allow":["GET"]}}],"collection":[{"href":"https:\/\/www.visitamalfi.info\/de\/wp-json\/wp\/v2\/tribe_events"}],"about":[{"href":"https:\/\/www.visitamalfi.info\/de\/wp-json\/wp\/v2\/types\/tribe_events"}],"author":[{"embeddable":true,"href":"https:\/\/www.visitamalfi.info\/de\/wp-json\/wp\/v2\/users\/7"}],"version-history":[{"count":0,"href":"https:\/\/www.visitamalfi.info\/de\/wp-json\/wp\/v2\/tribe_events\/22344\/revisions"}],"wp:featuredmedia":[{"embeddable":true,"href":"https:\/\/www.visitamalfi.info\/de\/wp-json\/wp\/v2\/media\/22293"}],"wp:attachment":[{"href":"https:\/\/www.visitamalfi.info\/de\/wp-json\/wp\/v2\/media?parent=22344"}],"wp:term":[{"taxonomy":"post_tag","embeddable":true,"href":"https:\/\/www.visitamalfi.info\/de\/wp-json\/wp\/v2\/tags?post=22344"},{"taxonomy":"tribe_events_cat","embeddable":true,"href":"https:\/\/www.visitamalfi.info\/de\/wp-json\/wp\/v2\/tribe_events_cat?post=22344"}],"curies":[{"name":"wp","href":"https:\/\/api.w.org\/{rel}","templated":true}]}}

<p>Ein Tag, der der Kunst in all ihren Facetten gewidmet ist. Jungen und Mädchen können in einem Freiluft-Atelier auf Leinwänden und Oberflächen aller Art malen und dabei ihre Kreativität und ihr Gespür zum Ausdruck bringen. Wasserspiele und verschiedene kreative Aktivitäten sind für jedes Bedürfnis und jede Altersgruppe geplant.</p>
<p><em>Herausgegeben von The World of Naty</em></p>

<p>Ein Tag, der der Kunst in all ihren Facetten gewidmet ist. Jungen und Mädchen können in einem Freiluft-Atelier auf Leinwänden und Oberflächen aller Art malen und dabei ihre Kreativität und [&hellip;]</p>

<!-- This site is optimized with the Yoast SEO plugin v27.3 - https://yoast.com/product/yoast-seo-wordpress/ -->
<title>Kunst Kinder Party - Tag der Farbe - Visit Amalfi</title>
<meta name="robots" content="index, follow, max-snippet:-1, max-image-preview:large, max-video-preview:-1" />
<link rel="canonical" href="https://www.visitamalfi.info/de/fall/kunst-kinder-party-tag-der-farbe/" />
<meta property="og:locale" content="de_DE" />
<meta property="og:type" content="article" />
<meta property="og:title" content="Kunst Kinder Party - Tag der Farbe - Visit Amalfi" />
<meta property="og:description" content="Ein Tag, der der Kunst in all ihren Facetten gewidmet ist. Jungen und Mädchen können in einem Freiluft-Atelier auf Leinwänden und Oberflächen aller Art malen und dabei ihre Kreativität und [&hellip;]" />
<meta property="og:url" content="https://www.visitamalfi.info/de/fall/kunst-kinder-party-tag-der-farbe/" />
<meta property="og:site_name" content="Visit Amalfi" />
<meta property="article:publisher" content="https://www.facebook.com/visitamalfiofficial" />
<meta name="twitter:card" content="summary_large_image" />
<script type="application/ld+json" class="yoast-schema-graph">{"@context":"https:\/\/schema.org","@graph":[{"@type":"WebPage","@id":"https:\/\/www.visitamalfi.info\/de\/fall\/kunst-kinder-party-tag-der-farbe\/","url":"https:\/\/www.visitamalfi.info\/de\/fall\/kunst-kinder-party-tag-der-farbe\/","name":"Kunst Kinder Party - Tag der Farbe - Visit Amalfi","isPartOf":{"@id":"https:\/\/www.visitamalfi.info\/de\/#website"},"primaryImageOfPage":{"@id":"https:\/\/www.visitamalfi.info\/de\/fall\/kunst-kinder-party-tag-der-farbe\/#primaryimage"},"image":{"@id":"https:\/\/www.visitamalfi.info\/de\/fall\/kunst-kinder-party-tag-der-farbe\/#primaryimage"},"thumbnailUrl":"https:\/\/www.visitamalfi.info\/wp-content\/uploads\/2025\/07\/514346633_1156945733141126_3393358229461143252_n.jpg","datePublished":"2025-07-15T16:33:52+00:00","breadcrumb":{"@id":"https:\/\/www.visitamalfi.info\/de\/fall\/kunst-kinder-party-tag-der-farbe\/#breadcrumb"},"inLanguage":"de","potentialAction":[{"@type":"ReadAction","target":["https:\/\/www.visitamalfi.info\/de\/fall\/kunst-kinder-party-tag-der-farbe\/"]}]},{"@type":"ImageObject","inLanguage":"de","@id":"https:\/\/www.visitamalfi.info\/de\/fall\/kunst-kinder-party-tag-der-farbe\/#primaryimage","url":"https:\/\/www.visitamalfi.info\/wp-content\/uploads\/2025\/07\/514346633_1156945733141126_3393358229461143252_n.jpg","contentUrl":"https:\/\/www.visitamalfi.info\/wp-content\/uploads\/2025\/07\/514346633_1156945733141126_3393358229461143252_n.jpg","width":1080,"height":798},{"@type":"BreadcrumbList","@id":"https:\/\/www.visitamalfi.info\/de\/fall\/kunst-kinder-party-tag-der-farbe\/#breadcrumb","itemListElement":[{"@type":"ListItem","position":1,"name":"Home","item":"https:\/\/www.visitamalfi.info\/de\/"},{"@type":"ListItem","position":2,"name":"Veranstaltungen","item":"https:\/\/www.visitamalfi.info\/de\/eventi\/"},{"@type":"ListItem","position":3,"name":"Kunst Kinder Party &#8211; Tag der Farbe"}]},{"@type":"WebSite","@id":"https:\/\/www.visitamalfi.info\/de\/#website","url":"https:\/\/www.visitamalfi.info\/de\/","name":"Visit Amalfi","description":"Amalfi Destination Official Website","publisher":{"@id":"https:\/\/www.visitamalfi.info\/de\/#organization"},"potentialAction":[{"@type":"SearchAction","target":{"@type":"EntryPoint","urlTemplate":"https:\/\/www.visitamalfi.info\/de\/?s={search_term_string}"},"query-input":{"@type":"PropertyValueSpecification","valueRequired":true,"valueName":"search_term_string"}}],"inLanguage":"de"},{"@type":"Organization","@id":"https:\/\/www.visitamalfi.info\/de\/#organization","name":"Visit Amalfi","url":"https:\/\/www.visitamalfi.info\/de\/","logo":{"@type":"ImageObject","inLanguage":"de","@id":"https:\/\/www.visitamalfi.info\/de\/#\/schema\/logo\/image\/","url":"https:\/\/www.visitamalfi.info\/wp-content\/uploads\/2023\/04\/visit-amalfi-logo-web.png","contentUrl":"https:\/\/www.visitamalfi.info\/wp-content\/uploads\/2023\/04\/visit-amalfi-logo-web.png","width":800,"height":870,"caption":"Visit Amalfi"},"image":{"@id":"https:\/\/www.visitamalfi.info\/de\/#\/schema\/logo\/image\/"},"sameAs":["https:\/\/www.facebook.com\/visitamalfiofficial","https:\/\/www.instagram.com\/visitamalfiofficial\/"]}]}</script>
<!-- / Yoast SEO plugin. -->

Ein Tag, der der Kunst in all ihren Facetten gewidmet ist. Jungen und Mädchen können in einem Freiluft-Atelier auf Leinwänden und Oberflächen aller Art malen und dabei ihre Kreativität und [&hellip;]
