{"id":22324,"date":"2025-07-15T18:42:48","date_gmt":"2025-07-15T16:42:48","guid":{"rendered":"https:\/\/www.visitamalfi.info\/evento\/byzantinisches-neujahr-xxv-ed-ritter-fuer-einen-tag\/"},"modified":"2025-07-15T18:42:48","modified_gmt":"2025-07-15T16:42:48","slug":"byzantinisches-neujahr-xxv-ed-ritter-fuer-einen-tag","status":"publish","type":"tribe_events","link":"https:\/\/www.visitamalfi.info\/de\/fall\/byzantinisches-neujahr-xxv-ed-ritter-fuer-einen-tag\/","title":{"rendered":"Byzantinisches Neujahr XXV Ed. &#8211; Ritter f\u00fcr einen Tag!"},"content":{"rendered":"<p>Anl\u00e4sslich der Feierlichkeiten zum 25. byzantinischen Neujahrsfest \u00f6ffnet Amalfi den Kleinen der Stadt die T\u00fcren zu seiner glorreichen Vergangenheit und bietet ihnen ein eindringliches Erlebnis von Geschichte, Spiel und Staunen. Einen Abend lang werden Jungen und M\u00e4dchen in eine mittelalterliche Atmosph\u00e4re mit ritterlichen Herausforderungen, Geschicklichkeitsspielen, Umh\u00e4ngen, ausgestopften Schwertern und Spielzeugb\u00f6gen versetzt. In einem aufregenden und sicheren Kurs kann jeder Teilnehmer sich selbst auf die Probe stellen und den Nervenkitzel erleben, f\u00fcr eine Nacht ein Ritter oder eine Dame zu sein. Noch magischer wird die Veranstaltung durch Begegnungen mit echten Falknern und ihren Raubv\u00f6geln: Bussarde, Falken und Eulen f\u00fchren spektakul\u00e4re Vorf\u00fchrungen durch und weihen neugierige Kinder unter der Anleitung von Experten in historischen Kost\u00fcmen in die Geheimnisse des Fluges und die alte Kunst der Falknerei ein. Eine einzigartige Gelegenheit, die Gr\u00f6\u00dfe der Vergangenheit wieder aufleben zu lassen und den Geist, den Mut und das Wunder einer Zeit, die immer noch inspiriert, an neue Generationen weiterzugeben.<\/p>\n<p><em>Herausgegeben von Ma Dove Vivono i Cartoni<\/em><\/p>\n","protected":false},"excerpt":{"rendered":"<p>Anl\u00e4sslich der Feierlichkeiten zum 25. byzantinischen Neujahrsfest \u00f6ffnet Amalfi den Kleinen der Stadt die T\u00fcren zu seiner glorreichen Vergangenheit und bietet ihnen ein eindringliches Erlebnis von Geschichte, Spiel und Staunen. [&hellip;]<\/p>\n","protected":false},"author":7,"featured_media":10540,"template":"","meta":{"inline_featured_image":false,"_tribe_events_status":"","_tribe_events_status_reason":"","footnotes":""},"tags":[],"tribe_events_cat":[],"class_list":["post-22324","tribe_events","type-tribe_events","status-publish","has-post-thumbnail","hentry"],"yoast_head":"<!-- This site is optimized with the Yoast SEO plugin v27.3 - https:\/\/yoast.com\/product\/yoast-seo-wordpress\/ -->\n<title>Byzantinisches Neujahr XXV Ed. - Ritter f\u00fcr einen Tag! - Visit Amalfi<\/title>\n<meta name=\"robots\" content=\"index, follow, max-snippet:-1, max-image-preview:large, max-video-preview:-1\" \/>\n<link rel=\"canonical\" href=\"https:\/\/www.visitamalfi.info\/de\/fall\/byzantinisches-neujahr-xxv-ed-ritter-fuer-einen-tag\/\" \/>\n<meta property=\"og:locale\" content=\"de_DE\" \/>\n<meta property=\"og:type\" content=\"article\" \/>\n<meta property=\"og:title\" content=\"Byzantinisches Neujahr XXV Ed. - Ritter f\u00fcr einen Tag! - Visit Amalfi\" \/>\n<meta property=\"og:description\" content=\"Anl\u00e4sslich der Feierlichkeiten zum 25. byzantinischen Neujahrsfest \u00f6ffnet Amalfi den Kleinen der Stadt die T\u00fcren zu seiner glorreichen Vergangenheit und bietet ihnen ein eindringliches Erlebnis von Geschichte, Spiel und Staunen. [&hellip;]\" \/>\n<meta property=\"og:url\" content=\"https:\/\/www.visitamalfi.info\/de\/fall\/byzantinisches-neujahr-xxv-ed-ritter-fuer-einen-tag\/\" \/>\n<meta property=\"og:site_name\" content=\"Visit Amalfi\" \/>\n<meta property=\"article:publisher\" content=\"https:\/\/www.facebook.com\/visitamalfiofficial\" \/>\n<meta name=\"twitter:card\" content=\"summary_large_image\" \/>\n<meta name=\"twitter:label1\" content=\"Gesch\u00e4tzte Lesezeit\" \/>\n\t<meta name=\"twitter:data1\" content=\"1\u00a0Minute\" \/>\n<script type=\"application\/ld+json\" class=\"yoast-schema-graph\">{\"@context\":\"https:\\\/\\\/schema.org\",\"@graph\":[{\"@type\":\"WebPage\",\"@id\":\"https:\\\/\\\/www.visitamalfi.info\\\/de\\\/fall\\\/byzantinisches-neujahr-xxv-ed-ritter-fuer-einen-tag\\\/\",\"url\":\"https:\\\/\\\/www.visitamalfi.info\\\/de\\\/fall\\\/byzantinisches-neujahr-xxv-ed-ritter-fuer-einen-tag\\\/\",\"name\":\"Byzantinisches Neujahr XXV Ed. - Ritter f\u00fcr einen Tag! - Visit Amalfi\",\"isPartOf\":{\"@id\":\"https:\\\/\\\/www.visitamalfi.info\\\/de\\\/#website\"},\"primaryImageOfPage\":{\"@id\":\"https:\\\/\\\/www.visitamalfi.info\\\/de\\\/fall\\\/byzantinisches-neujahr-xxv-ed-ritter-fuer-einen-tag\\\/#primaryimage\"},\"image\":{\"@id\":\"https:\\\/\\\/www.visitamalfi.info\\\/de\\\/fall\\\/byzantinisches-neujahr-xxv-ed-ritter-fuer-einen-tag\\\/#primaryimage\"},\"thumbnailUrl\":\"https:\\\/\\\/www.visitamalfi.info\\\/wp-content\\\/uploads\\\/2023\\\/08\\\/4.jpeg\",\"datePublished\":\"2025-07-15T16:42:48+00:00\",\"breadcrumb\":{\"@id\":\"https:\\\/\\\/www.visitamalfi.info\\\/de\\\/fall\\\/byzantinisches-neujahr-xxv-ed-ritter-fuer-einen-tag\\\/#breadcrumb\"},\"inLanguage\":\"de\",\"potentialAction\":[{\"@type\":\"ReadAction\",\"target\":[\"https:\\\/\\\/www.visitamalfi.info\\\/de\\\/fall\\\/byzantinisches-neujahr-xxv-ed-ritter-fuer-einen-tag\\\/\"]}]},{\"@type\":\"ImageObject\",\"inLanguage\":\"de\",\"@id\":\"https:\\\/\\\/www.visitamalfi.info\\\/de\\\/fall\\\/byzantinisches-neujahr-xxv-ed-ritter-fuer-einen-tag\\\/#primaryimage\",\"url\":\"https:\\\/\\\/www.visitamalfi.info\\\/wp-content\\\/uploads\\\/2023\\\/08\\\/4.jpeg\",\"contentUrl\":\"https:\\\/\\\/www.visitamalfi.info\\\/wp-content\\\/uploads\\\/2023\\\/08\\\/4.jpeg\",\"width\":1600,\"height\":1066},{\"@type\":\"BreadcrumbList\",\"@id\":\"https:\\\/\\\/www.visitamalfi.info\\\/de\\\/fall\\\/byzantinisches-neujahr-xxv-ed-ritter-fuer-einen-tag\\\/#breadcrumb\",\"itemListElement\":[{\"@type\":\"ListItem\",\"position\":1,\"name\":\"Home\",\"item\":\"https:\\\/\\\/www.visitamalfi.info\\\/de\\\/\"},{\"@type\":\"ListItem\",\"position\":2,\"name\":\"Veranstaltungen\",\"item\":\"https:\\\/\\\/www.visitamalfi.info\\\/de\\\/eventi\\\/\"},{\"@type\":\"ListItem\",\"position\":3,\"name\":\"Byzantinisches Neujahr XXV Ed. &#8211; Ritter f\u00fcr einen Tag!\"}]},{\"@type\":\"WebSite\",\"@id\":\"https:\\\/\\\/www.visitamalfi.info\\\/de\\\/#website\",\"url\":\"https:\\\/\\\/www.visitamalfi.info\\\/de\\\/\",\"name\":\"Visit Amalfi\",\"description\":\"Amalfi Destination Official Website\",\"publisher\":{\"@id\":\"https:\\\/\\\/www.visitamalfi.info\\\/de\\\/#organization\"},\"potentialAction\":[{\"@type\":\"SearchAction\",\"target\":{\"@type\":\"EntryPoint\",\"urlTemplate\":\"https:\\\/\\\/www.visitamalfi.info\\\/de\\\/?s={search_term_string}\"},\"query-input\":{\"@type\":\"PropertyValueSpecification\",\"valueRequired\":true,\"valueName\":\"search_term_string\"}}],\"inLanguage\":\"de\"},{\"@type\":\"Organization\",\"@id\":\"https:\\\/\\\/www.visitamalfi.info\\\/de\\\/#organization\",\"name\":\"Visit Amalfi\",\"url\":\"https:\\\/\\\/www.visitamalfi.info\\\/de\\\/\",\"logo\":{\"@type\":\"ImageObject\",\"inLanguage\":\"de\",\"@id\":\"https:\\\/\\\/www.visitamalfi.info\\\/de\\\/#\\\/schema\\\/logo\\\/image\\\/\",\"url\":\"https:\\\/\\\/www.visitamalfi.info\\\/wp-content\\\/uploads\\\/2023\\\/04\\\/visit-amalfi-logo-web.png\",\"contentUrl\":\"https:\\\/\\\/www.visitamalfi.info\\\/wp-content\\\/uploads\\\/2023\\\/04\\\/visit-amalfi-logo-web.png\",\"width\":800,\"height\":870,\"caption\":\"Visit Amalfi\"},\"image\":{\"@id\":\"https:\\\/\\\/www.visitamalfi.info\\\/de\\\/#\\\/schema\\\/logo\\\/image\\\/\"},\"sameAs\":[\"https:\\\/\\\/www.facebook.com\\\/visitamalfiofficial\",\"https:\\\/\\\/www.instagram.com\\\/visitamalfiofficial\\\/\"]}]}<\/script>\n<!-- \/ Yoast SEO plugin. -->","yoast_head_json":{"title":"Byzantinisches Neujahr XXV Ed. - Ritter f\u00fcr einen Tag! - Visit Amalfi","robots":{"index":"index","follow":"follow","max-snippet":"max-snippet:-1","max-image-preview":"max-image-preview:large","max-video-preview":"max-video-preview:-1"},"canonical":"https:\/\/www.visitamalfi.info\/de\/fall\/byzantinisches-neujahr-xxv-ed-ritter-fuer-einen-tag\/","og_locale":"de_DE","og_type":"article","og_title":"Byzantinisches Neujahr XXV Ed. - Ritter f\u00fcr einen Tag! - Visit Amalfi","og_description":"Anl\u00e4sslich der Feierlichkeiten zum 25. byzantinischen Neujahrsfest \u00f6ffnet Amalfi den Kleinen der Stadt die T\u00fcren zu seiner glorreichen Vergangenheit und bietet ihnen ein eindringliches Erlebnis von Geschichte, Spiel und Staunen. [&hellip;]","og_url":"https:\/\/www.visitamalfi.info\/de\/fall\/byzantinisches-neujahr-xxv-ed-ritter-fuer-einen-tag\/","og_site_name":"Visit Amalfi","article_publisher":"https:\/\/www.facebook.com\/visitamalfiofficial","twitter_card":"summary_large_image","twitter_misc":{"Gesch\u00e4tzte Lesezeit":"1\u00a0Minute"},"schema":{"@context":"https:\/\/schema.org","@graph":[{"@type":"WebPage","@id":"https:\/\/www.visitamalfi.info\/de\/fall\/byzantinisches-neujahr-xxv-ed-ritter-fuer-einen-tag\/","url":"https:\/\/www.visitamalfi.info\/de\/fall\/byzantinisches-neujahr-xxv-ed-ritter-fuer-einen-tag\/","name":"Byzantinisches Neujahr XXV Ed. - Ritter f\u00fcr einen Tag! - Visit Amalfi","isPartOf":{"@id":"https:\/\/www.visitamalfi.info\/de\/#website"},"primaryImageOfPage":{"@id":"https:\/\/www.visitamalfi.info\/de\/fall\/byzantinisches-neujahr-xxv-ed-ritter-fuer-einen-tag\/#primaryimage"},"image":{"@id":"https:\/\/www.visitamalfi.info\/de\/fall\/byzantinisches-neujahr-xxv-ed-ritter-fuer-einen-tag\/#primaryimage"},"thumbnailUrl":"https:\/\/www.visitamalfi.info\/wp-content\/uploads\/2023\/08\/4.jpeg","datePublished":"2025-07-15T16:42:48+00:00","breadcrumb":{"@id":"https:\/\/www.visitamalfi.info\/de\/fall\/byzantinisches-neujahr-xxv-ed-ritter-fuer-einen-tag\/#breadcrumb"},"inLanguage":"de","potentialAction":[{"@type":"ReadAction","target":["https:\/\/www.visitamalfi.info\/de\/fall\/byzantinisches-neujahr-xxv-ed-ritter-fuer-einen-tag\/"]}]},{"@type":"ImageObject","inLanguage":"de","@id":"https:\/\/www.visitamalfi.info\/de\/fall\/byzantinisches-neujahr-xxv-ed-ritter-fuer-einen-tag\/#primaryimage","url":"https:\/\/www.visitamalfi.info\/wp-content\/uploads\/2023\/08\/4.jpeg","contentUrl":"https:\/\/www.visitamalfi.info\/wp-content\/uploads\/2023\/08\/4.jpeg","width":1600,"height":1066},{"@type":"BreadcrumbList","@id":"https:\/\/www.visitamalfi.info\/de\/fall\/byzantinisches-neujahr-xxv-ed-ritter-fuer-einen-tag\/#breadcrumb","itemListElement":[{"@type":"ListItem","position":1,"name":"Home","item":"https:\/\/www.visitamalfi.info\/de\/"},{"@type":"ListItem","position":2,"name":"Veranstaltungen","item":"https:\/\/www.visitamalfi.info\/de\/eventi\/"},{"@type":"ListItem","position":3,"name":"Byzantinisches Neujahr XXV Ed. &#8211; Ritter f\u00fcr einen Tag!"}]},{"@type":"WebSite","@id":"https:\/\/www.visitamalfi.info\/de\/#website","url":"https:\/\/www.visitamalfi.info\/de\/","name":"Visit Amalfi","description":"Amalfi Destination Official Website","publisher":{"@id":"https:\/\/www.visitamalfi.info\/de\/#organization"},"potentialAction":[{"@type":"SearchAction","target":{"@type":"EntryPoint","urlTemplate":"https:\/\/www.visitamalfi.info\/de\/?s={search_term_string}"},"query-input":{"@type":"PropertyValueSpecification","valueRequired":true,"valueName":"search_term_string"}}],"inLanguage":"de"},{"@type":"Organization","@id":"https:\/\/www.visitamalfi.info\/de\/#organization","name":"Visit Amalfi","url":"https:\/\/www.visitamalfi.info\/de\/","logo":{"@type":"ImageObject","inLanguage":"de","@id":"https:\/\/www.visitamalfi.info\/de\/#\/schema\/logo\/image\/","url":"https:\/\/www.visitamalfi.info\/wp-content\/uploads\/2023\/04\/visit-amalfi-logo-web.png","contentUrl":"https:\/\/www.visitamalfi.info\/wp-content\/uploads\/2023\/04\/visit-amalfi-logo-web.png","width":800,"height":870,"caption":"Visit Amalfi"},"image":{"@id":"https:\/\/www.visitamalfi.info\/de\/#\/schema\/logo\/image\/"},"sameAs":["https:\/\/www.facebook.com\/visitamalfiofficial","https:\/\/www.instagram.com\/visitamalfiofficial\/"]}]}},"_links":{"self":[{"href":"https:\/\/www.visitamalfi.info\/de\/wp-json\/wp\/v2\/tribe_events\/22324","targetHints":{"allow":["GET"]}}],"collection":[{"href":"https:\/\/www.visitamalfi.info\/de\/wp-json\/wp\/v2\/tribe_events"}],"about":[{"href":"https:\/\/www.visitamalfi.info\/de\/wp-json\/wp\/v2\/types\/tribe_events"}],"author":[{"embeddable":true,"href":"https:\/\/www.visitamalfi.info\/de\/wp-json\/wp\/v2\/users\/7"}],"version-history":[{"count":0,"href":"https:\/\/www.visitamalfi.info\/de\/wp-json\/wp\/v2\/tribe_events\/22324\/revisions"}],"wp:featuredmedia":[{"embeddable":true,"href":"https:\/\/www.visitamalfi.info\/de\/wp-json\/wp\/v2\/media\/10540"}],"wp:attachment":[{"href":"https:\/\/www.visitamalfi.info\/de\/wp-json\/wp\/v2\/media?parent=22324"}],"wp:term":[{"taxonomy":"post_tag","embeddable":true,"href":"https:\/\/www.visitamalfi.info\/de\/wp-json\/wp\/v2\/tags?post=22324"},{"taxonomy":"tribe_events_cat","embeddable":true,"href":"https:\/\/www.visitamalfi.info\/de\/wp-json\/wp\/v2\/tribe_events_cat?post=22324"}],"curies":[{"name":"wp","href":"https:\/\/api.w.org\/{rel}","templated":true}]}}

Byzantinisches Neujahr XXV Ed. &#8211; Ritter für einen Tag!

<p>Anlässlich der Feierlichkeiten zum 25. byzantinischen Neujahrsfest öffnet Amalfi den Kleinen der Stadt die Türen zu seiner glorreichen Vergangenheit und bietet ihnen ein eindringliches Erlebnis von Geschichte, Spiel und Staunen. Einen Abend lang werden Jungen und Mädchen in eine mittelalterliche Atmosphäre mit ritterlichen Herausforderungen, Geschicklichkeitsspielen, Umhängen, ausgestopften Schwertern und Spielzeugbögen versetzt. In einem aufregenden und sicheren Kurs kann jeder Teilnehmer sich selbst auf die Probe stellen und den Nervenkitzel erleben, für eine Nacht ein Ritter oder eine Dame zu sein. Noch magischer wird die Veranstaltung durch Begegnungen mit echten Falknern und ihren Raubvögeln: Bussarde, Falken und Eulen führen spektakuläre Vorführungen durch und weihen neugierige Kinder unter der Anleitung von Experten in historischen Kostümen in die Geheimnisse des Fluges und die alte Kunst der Falknerei ein. Eine einzigartige Gelegenheit, die Größe der Vergangenheit wieder aufleben zu lassen und den Geist, den Mut und das Wunder einer Zeit, die immer noch inspiriert, an neue Generationen weiterzugeben.</p>
<p><em>Herausgegeben von Ma Dove Vivono i Cartoni</em></p>

<p>Anlässlich der Feierlichkeiten zum 25. byzantinischen Neujahrsfest öffnet Amalfi den Kleinen der Stadt die Türen zu seiner glorreichen Vergangenheit und bietet ihnen ein eindringliches Erlebnis von Geschichte, Spiel und Staunen. [&hellip;]</p>

<!-- This site is optimized with the Yoast SEO plugin v27.3 - https://yoast.com/product/yoast-seo-wordpress/ -->
<title>Byzantinisches Neujahr XXV Ed. - Ritter für einen Tag! - Visit Amalfi</title>
<meta name="robots" content="index, follow, max-snippet:-1, max-image-preview:large, max-video-preview:-1" />
<link rel="canonical" href="https://www.visitamalfi.info/de/fall/byzantinisches-neujahr-xxv-ed-ritter-fuer-einen-tag/" />
<meta property="og:locale" content="de_DE" />
<meta property="og:type" content="article" />
<meta property="og:title" content="Byzantinisches Neujahr XXV Ed. - Ritter für einen Tag! - Visit Amalfi" />
<meta property="og:description" content="Anlässlich der Feierlichkeiten zum 25. byzantinischen Neujahrsfest öffnet Amalfi den Kleinen der Stadt die Türen zu seiner glorreichen Vergangenheit und bietet ihnen ein eindringliches Erlebnis von Geschichte, Spiel und Staunen. [&hellip;]" />
<meta property="og:url" content="https://www.visitamalfi.info/de/fall/byzantinisches-neujahr-xxv-ed-ritter-fuer-einen-tag/" />
<meta property="og:site_name" content="Visit Amalfi" />
<meta property="article:publisher" content="https://www.facebook.com/visitamalfiofficial" />
<meta name="twitter:card" content="summary_large_image" />
<meta name="twitter:label1" content="Geschätzte Lesezeit" />
	<meta name="twitter:data1" content="1 Minute" />
<script type="application/ld+json" class="yoast-schema-graph">{"@context":"https:\/\/schema.org","@graph":[{"@type":"WebPage","@id":"https:\/\/www.visitamalfi.info\/de\/fall\/byzantinisches-neujahr-xxv-ed-ritter-fuer-einen-tag\/","url":"https:\/\/www.visitamalfi.info\/de\/fall\/byzantinisches-neujahr-xxv-ed-ritter-fuer-einen-tag\/","name":"Byzantinisches Neujahr XXV Ed. - Ritter für einen Tag! - Visit Amalfi","isPartOf":{"@id":"https:\/\/www.visitamalfi.info\/de\/#website"},"primaryImageOfPage":{"@id":"https:\/\/www.visitamalfi.info\/de\/fall\/byzantinisches-neujahr-xxv-ed-ritter-fuer-einen-tag\/#primaryimage"},"image":{"@id":"https:\/\/www.visitamalfi.info\/de\/fall\/byzantinisches-neujahr-xxv-ed-ritter-fuer-einen-tag\/#primaryimage"},"thumbnailUrl":"https:\/\/www.visitamalfi.info\/wp-content\/uploads\/2023\/08\/4.jpeg","datePublished":"2025-07-15T16:42:48+00:00","breadcrumb":{"@id":"https:\/\/www.visitamalfi.info\/de\/fall\/byzantinisches-neujahr-xxv-ed-ritter-fuer-einen-tag\/#breadcrumb"},"inLanguage":"de","potentialAction":[{"@type":"ReadAction","target":["https:\/\/www.visitamalfi.info\/de\/fall\/byzantinisches-neujahr-xxv-ed-ritter-fuer-einen-tag\/"]}]},{"@type":"ImageObject","inLanguage":"de","@id":"https:\/\/www.visitamalfi.info\/de\/fall\/byzantinisches-neujahr-xxv-ed-ritter-fuer-einen-tag\/#primaryimage","url":"https:\/\/www.visitamalfi.info\/wp-content\/uploads\/2023\/08\/4.jpeg","contentUrl":"https:\/\/www.visitamalfi.info\/wp-content\/uploads\/2023\/08\/4.jpeg","width":1600,"height":1066},{"@type":"BreadcrumbList","@id":"https:\/\/www.visitamalfi.info\/de\/fall\/byzantinisches-neujahr-xxv-ed-ritter-fuer-einen-tag\/#breadcrumb","itemListElement":[{"@type":"ListItem","position":1,"name":"Home","item":"https:\/\/www.visitamalfi.info\/de\/"},{"@type":"ListItem","position":2,"name":"Veranstaltungen","item":"https:\/\/www.visitamalfi.info\/de\/eventi\/"},{"@type":"ListItem","position":3,"name":"Byzantinisches Neujahr XXV Ed. &#8211; Ritter für einen Tag!"}]},{"@type":"WebSite","@id":"https:\/\/www.visitamalfi.info\/de\/#website","url":"https:\/\/www.visitamalfi.info\/de\/","name":"Visit Amalfi","description":"Amalfi Destination Official Website","publisher":{"@id":"https:\/\/www.visitamalfi.info\/de\/#organization"},"potentialAction":[{"@type":"SearchAction","target":{"@type":"EntryPoint","urlTemplate":"https:\/\/www.visitamalfi.info\/de\/?s={search_term_string}"},"query-input":{"@type":"PropertyValueSpecification","valueRequired":true,"valueName":"search_term_string"}}],"inLanguage":"de"},{"@type":"Organization","@id":"https:\/\/www.visitamalfi.info\/de\/#organization","name":"Visit Amalfi","url":"https:\/\/www.visitamalfi.info\/de\/","logo":{"@type":"ImageObject","inLanguage":"de","@id":"https:\/\/www.visitamalfi.info\/de\/#\/schema\/logo\/image\/","url":"https:\/\/www.visitamalfi.info\/wp-content\/uploads\/2023\/04\/visit-amalfi-logo-web.png","contentUrl":"https:\/\/www.visitamalfi.info\/wp-content\/uploads\/2023\/04\/visit-amalfi-logo-web.png","width":800,"height":870,"caption":"Visit Amalfi"},"image":{"@id":"https:\/\/www.visitamalfi.info\/de\/#\/schema\/logo\/image\/"},"sameAs":["https:\/\/www.facebook.com\/visitamalfiofficial","https:\/\/www.instagram.com\/visitamalfiofficial\/"]}]}</script>
<!-- / Yoast SEO plugin. -->

Byzantinisches Neujahr XXV Ed. - Ritter für einen Tag! - Visit Amalfi

Anlässlich der Feierlichkeiten zum 25. byzantinischen Neujahrsfest öffnet Amalfi den Kleinen der Stadt die Türen zu seiner glorreichen Vergangenheit und bietet ihnen ein eindringliches Erlebnis von Geschichte, Spiel und Staunen. [&hellip;]
