{"id":22107,"date":"2025-06-23T14:48:59","date_gmt":"2025-06-23T12:48:59","guid":{"rendered":"https:\/\/www.visitamalfi.info\/evento\/jovaband-die-jovanotti-hommage-die-italien-zum-tanzen-bringt\/"},"modified":"2025-06-23T14:48:59","modified_gmt":"2025-06-23T12:48:59","slug":"jovaband-die-jovanotti-hommage-die-italien-zum-tanzen-bringt","status":"publish","type":"tribe_events","link":"https:\/\/www.visitamalfi.info\/de\/fall\/jovaband-die-jovanotti-hommage-die-italien-zum-tanzen-bringt\/","title":{"rendered":"Jovaband &#8211; Die Jovanotti-Hommage, die Italien zum Tanzen bringt"},"content":{"rendered":"<p>Machen Sie sich bereit f\u00fcr einen \u00fcberw\u00e4ltigenden Abend mit der <strong><em>JOVABAND<\/em><\/strong>der Besetzung, die Jovanottis ganze Energie und Begeisterung auf die B\u00fchne bringt. Eine authentische und mitrei\u00dfende Hommage an einen der beliebtesten K\u00fcnstler der italienischen Musik, der die Menschen mit seinem einzigartigen Stil zum Tanzen, Bewegen und Nachdenken bringen konnte. Zwischen Pop, Funk, Rap-Kl\u00e4ngen und sommerlicher Atmosph\u00e4re ist die Show darauf ausgelegt, ein Publikum jeden Alters zu unterhalten und Amalfi in eine gro\u00dfe Party unter den Sternen zu verwandeln.<\/p>\n","protected":false},"excerpt":{"rendered":"<p>Machen Sie sich bereit f\u00fcr einen \u00fcberw\u00e4ltigenden Abend mit der JOVABAND, der Formation, die Jovanottis ganze Energie und Begeisterung auf die B\u00fchne bringt.<\/p>\n","protected":false},"author":7,"featured_media":22068,"template":"","meta":{"inline_featured_image":false,"_tribe_events_status":"","_tribe_events_status_reason":"","footnotes":""},"tags":[],"tribe_events_cat":[649,361,650],"class_list":["post-22107","tribe_events","type-tribe_events","status-publish","has-post-thumbnail","hentry","tribe_events_cat-live-ubertragungen","tribe_events_cat-musica-dal-vivo-de","tribe_events_cat-nacht-abdecken","cat_live-ubertragungen","cat_musica-dal-vivo-de","cat_nacht-abdecken"],"yoast_head":"<!-- This site is optimized with the Yoast SEO plugin v27.3 - https:\/\/yoast.com\/product\/yoast-seo-wordpress\/ -->\n<title>Jovaband - Die Jovanotti-Hommage, die Italien zum Tanzen bringt - Visit Amalfi<\/title>\n<meta name=\"robots\" content=\"index, follow, max-snippet:-1, max-image-preview:large, max-video-preview:-1\" \/>\n<link rel=\"canonical\" href=\"https:\/\/www.visitamalfi.info\/de\/fall\/jovaband-die-jovanotti-hommage-die-italien-zum-tanzen-bringt\/\" \/>\n<meta property=\"og:locale\" content=\"de_DE\" \/>\n<meta property=\"og:type\" content=\"article\" \/>\n<meta property=\"og:title\" content=\"Jovaband - Die Jovanotti-Hommage, die Italien zum Tanzen bringt - Visit Amalfi\" \/>\n<meta property=\"og:description\" content=\"Machen Sie sich bereit f\u00fcr einen \u00fcberw\u00e4ltigenden Abend mit der JOVABAND, der Formation, die Jovanottis ganze Energie und Begeisterung auf die B\u00fchne bringt.\" \/>\n<meta property=\"og:url\" content=\"https:\/\/www.visitamalfi.info\/de\/fall\/jovaband-die-jovanotti-hommage-die-italien-zum-tanzen-bringt\/\" \/>\n<meta property=\"og:site_name\" content=\"Visit Amalfi\" \/>\n<meta property=\"article:publisher\" content=\"https:\/\/www.facebook.com\/visitamalfiofficial\" \/>\n<meta name=\"twitter:card\" content=\"summary_large_image\" \/>\n<script type=\"application\/ld+json\" class=\"yoast-schema-graph\">{\"@context\":\"https:\\\/\\\/schema.org\",\"@graph\":[{\"@type\":\"WebPage\",\"@id\":\"https:\\\/\\\/www.visitamalfi.info\\\/de\\\/fall\\\/jovaband-die-jovanotti-hommage-die-italien-zum-tanzen-bringt\\\/\",\"url\":\"https:\\\/\\\/www.visitamalfi.info\\\/de\\\/fall\\\/jovaband-die-jovanotti-hommage-die-italien-zum-tanzen-bringt\\\/\",\"name\":\"Jovaband - Die Jovanotti-Hommage, die Italien zum Tanzen bringt - Visit Amalfi\",\"isPartOf\":{\"@id\":\"https:\\\/\\\/www.visitamalfi.info\\\/de\\\/#website\"},\"primaryImageOfPage\":{\"@id\":\"https:\\\/\\\/www.visitamalfi.info\\\/de\\\/fall\\\/jovaband-die-jovanotti-hommage-die-italien-zum-tanzen-bringt\\\/#primaryimage\"},\"image\":{\"@id\":\"https:\\\/\\\/www.visitamalfi.info\\\/de\\\/fall\\\/jovaband-die-jovanotti-hommage-die-italien-zum-tanzen-bringt\\\/#primaryimage\"},\"thumbnailUrl\":\"https:\\\/\\\/www.visitamalfi.info\\\/wp-content\\\/uploads\\\/2025\\\/06\\\/74-concerto-Joy-Salinas-21-luglio-2023-foto-abbagnara.jpg\",\"datePublished\":\"2025-06-23T12:48:59+00:00\",\"breadcrumb\":{\"@id\":\"https:\\\/\\\/www.visitamalfi.info\\\/de\\\/fall\\\/jovaband-die-jovanotti-hommage-die-italien-zum-tanzen-bringt\\\/#breadcrumb\"},\"inLanguage\":\"de\",\"potentialAction\":[{\"@type\":\"ReadAction\",\"target\":[\"https:\\\/\\\/www.visitamalfi.info\\\/de\\\/fall\\\/jovaband-die-jovanotti-hommage-die-italien-zum-tanzen-bringt\\\/\"]}]},{\"@type\":\"ImageObject\",\"inLanguage\":\"de\",\"@id\":\"https:\\\/\\\/www.visitamalfi.info\\\/de\\\/fall\\\/jovaband-die-jovanotti-hommage-die-italien-zum-tanzen-bringt\\\/#primaryimage\",\"url\":\"https:\\\/\\\/www.visitamalfi.info\\\/wp-content\\\/uploads\\\/2025\\\/06\\\/74-concerto-Joy-Salinas-21-luglio-2023-foto-abbagnara.jpg\",\"contentUrl\":\"https:\\\/\\\/www.visitamalfi.info\\\/wp-content\\\/uploads\\\/2025\\\/06\\\/74-concerto-Joy-Salinas-21-luglio-2023-foto-abbagnara.jpg\",\"width\":1920,\"height\":1280},{\"@type\":\"BreadcrumbList\",\"@id\":\"https:\\\/\\\/www.visitamalfi.info\\\/de\\\/fall\\\/jovaband-die-jovanotti-hommage-die-italien-zum-tanzen-bringt\\\/#breadcrumb\",\"itemListElement\":[{\"@type\":\"ListItem\",\"position\":1,\"name\":\"Home\",\"item\":\"https:\\\/\\\/www.visitamalfi.info\\\/de\\\/\"},{\"@type\":\"ListItem\",\"position\":2,\"name\":\"Veranstaltungen\",\"item\":\"https:\\\/\\\/www.visitamalfi.info\\\/de\\\/eventi\\\/\"},{\"@type\":\"ListItem\",\"position\":3,\"name\":\"Jovaband &#8211; Die Jovanotti-Hommage, die Italien zum Tanzen bringt\"}]},{\"@type\":\"WebSite\",\"@id\":\"https:\\\/\\\/www.visitamalfi.info\\\/de\\\/#website\",\"url\":\"https:\\\/\\\/www.visitamalfi.info\\\/de\\\/\",\"name\":\"Visit Amalfi\",\"description\":\"Amalfi Destination Official Website\",\"publisher\":{\"@id\":\"https:\\\/\\\/www.visitamalfi.info\\\/de\\\/#organization\"},\"potentialAction\":[{\"@type\":\"SearchAction\",\"target\":{\"@type\":\"EntryPoint\",\"urlTemplate\":\"https:\\\/\\\/www.visitamalfi.info\\\/de\\\/?s={search_term_string}\"},\"query-input\":{\"@type\":\"PropertyValueSpecification\",\"valueRequired\":true,\"valueName\":\"search_term_string\"}}],\"inLanguage\":\"de\"},{\"@type\":\"Organization\",\"@id\":\"https:\\\/\\\/www.visitamalfi.info\\\/de\\\/#organization\",\"name\":\"Visit Amalfi\",\"url\":\"https:\\\/\\\/www.visitamalfi.info\\\/de\\\/\",\"logo\":{\"@type\":\"ImageObject\",\"inLanguage\":\"de\",\"@id\":\"https:\\\/\\\/www.visitamalfi.info\\\/de\\\/#\\\/schema\\\/logo\\\/image\\\/\",\"url\":\"https:\\\/\\\/www.visitamalfi.info\\\/wp-content\\\/uploads\\\/2023\\\/04\\\/visit-amalfi-logo-web.png\",\"contentUrl\":\"https:\\\/\\\/www.visitamalfi.info\\\/wp-content\\\/uploads\\\/2023\\\/04\\\/visit-amalfi-logo-web.png\",\"width\":800,\"height\":870,\"caption\":\"Visit Amalfi\"},\"image\":{\"@id\":\"https:\\\/\\\/www.visitamalfi.info\\\/de\\\/#\\\/schema\\\/logo\\\/image\\\/\"},\"sameAs\":[\"https:\\\/\\\/www.facebook.com\\\/visitamalfiofficial\",\"https:\\\/\\\/www.instagram.com\\\/visitamalfiofficial\\\/\"]}]}<\/script>\n<!-- \/ Yoast SEO plugin. -->","yoast_head_json":{"title":"Jovaband - Die Jovanotti-Hommage, die Italien zum Tanzen bringt - Visit Amalfi","robots":{"index":"index","follow":"follow","max-snippet":"max-snippet:-1","max-image-preview":"max-image-preview:large","max-video-preview":"max-video-preview:-1"},"canonical":"https:\/\/www.visitamalfi.info\/de\/fall\/jovaband-die-jovanotti-hommage-die-italien-zum-tanzen-bringt\/","og_locale":"de_DE","og_type":"article","og_title":"Jovaband - Die Jovanotti-Hommage, die Italien zum Tanzen bringt - Visit Amalfi","og_description":"Machen Sie sich bereit f\u00fcr einen \u00fcberw\u00e4ltigenden Abend mit der JOVABAND, der Formation, die Jovanottis ganze Energie und Begeisterung auf die B\u00fchne bringt.","og_url":"https:\/\/www.visitamalfi.info\/de\/fall\/jovaband-die-jovanotti-hommage-die-italien-zum-tanzen-bringt\/","og_site_name":"Visit Amalfi","article_publisher":"https:\/\/www.facebook.com\/visitamalfiofficial","twitter_card":"summary_large_image","schema":{"@context":"https:\/\/schema.org","@graph":[{"@type":"WebPage","@id":"https:\/\/www.visitamalfi.info\/de\/fall\/jovaband-die-jovanotti-hommage-die-italien-zum-tanzen-bringt\/","url":"https:\/\/www.visitamalfi.info\/de\/fall\/jovaband-die-jovanotti-hommage-die-italien-zum-tanzen-bringt\/","name":"Jovaband - Die Jovanotti-Hommage, die Italien zum Tanzen bringt - Visit Amalfi","isPartOf":{"@id":"https:\/\/www.visitamalfi.info\/de\/#website"},"primaryImageOfPage":{"@id":"https:\/\/www.visitamalfi.info\/de\/fall\/jovaband-die-jovanotti-hommage-die-italien-zum-tanzen-bringt\/#primaryimage"},"image":{"@id":"https:\/\/www.visitamalfi.info\/de\/fall\/jovaband-die-jovanotti-hommage-die-italien-zum-tanzen-bringt\/#primaryimage"},"thumbnailUrl":"https:\/\/www.visitamalfi.info\/wp-content\/uploads\/2025\/06\/74-concerto-Joy-Salinas-21-luglio-2023-foto-abbagnara.jpg","datePublished":"2025-06-23T12:48:59+00:00","breadcrumb":{"@id":"https:\/\/www.visitamalfi.info\/de\/fall\/jovaband-die-jovanotti-hommage-die-italien-zum-tanzen-bringt\/#breadcrumb"},"inLanguage":"de","potentialAction":[{"@type":"ReadAction","target":["https:\/\/www.visitamalfi.info\/de\/fall\/jovaband-die-jovanotti-hommage-die-italien-zum-tanzen-bringt\/"]}]},{"@type":"ImageObject","inLanguage":"de","@id":"https:\/\/www.visitamalfi.info\/de\/fall\/jovaband-die-jovanotti-hommage-die-italien-zum-tanzen-bringt\/#primaryimage","url":"https:\/\/www.visitamalfi.info\/wp-content\/uploads\/2025\/06\/74-concerto-Joy-Salinas-21-luglio-2023-foto-abbagnara.jpg","contentUrl":"https:\/\/www.visitamalfi.info\/wp-content\/uploads\/2025\/06\/74-concerto-Joy-Salinas-21-luglio-2023-foto-abbagnara.jpg","width":1920,"height":1280},{"@type":"BreadcrumbList","@id":"https:\/\/www.visitamalfi.info\/de\/fall\/jovaband-die-jovanotti-hommage-die-italien-zum-tanzen-bringt\/#breadcrumb","itemListElement":[{"@type":"ListItem","position":1,"name":"Home","item":"https:\/\/www.visitamalfi.info\/de\/"},{"@type":"ListItem","position":2,"name":"Veranstaltungen","item":"https:\/\/www.visitamalfi.info\/de\/eventi\/"},{"@type":"ListItem","position":3,"name":"Jovaband &#8211; Die Jovanotti-Hommage, die Italien zum Tanzen bringt"}]},{"@type":"WebSite","@id":"https:\/\/www.visitamalfi.info\/de\/#website","url":"https:\/\/www.visitamalfi.info\/de\/","name":"Visit Amalfi","description":"Amalfi Destination Official Website","publisher":{"@id":"https:\/\/www.visitamalfi.info\/de\/#organization"},"potentialAction":[{"@type":"SearchAction","target":{"@type":"EntryPoint","urlTemplate":"https:\/\/www.visitamalfi.info\/de\/?s={search_term_string}"},"query-input":{"@type":"PropertyValueSpecification","valueRequired":true,"valueName":"search_term_string"}}],"inLanguage":"de"},{"@type":"Organization","@id":"https:\/\/www.visitamalfi.info\/de\/#organization","name":"Visit Amalfi","url":"https:\/\/www.visitamalfi.info\/de\/","logo":{"@type":"ImageObject","inLanguage":"de","@id":"https:\/\/www.visitamalfi.info\/de\/#\/schema\/logo\/image\/","url":"https:\/\/www.visitamalfi.info\/wp-content\/uploads\/2023\/04\/visit-amalfi-logo-web.png","contentUrl":"https:\/\/www.visitamalfi.info\/wp-content\/uploads\/2023\/04\/visit-amalfi-logo-web.png","width":800,"height":870,"caption":"Visit Amalfi"},"image":{"@id":"https:\/\/www.visitamalfi.info\/de\/#\/schema\/logo\/image\/"},"sameAs":["https:\/\/www.facebook.com\/visitamalfiofficial","https:\/\/www.instagram.com\/visitamalfiofficial\/"]}]}},"_links":{"self":[{"href":"https:\/\/www.visitamalfi.info\/de\/wp-json\/wp\/v2\/tribe_events\/22107","targetHints":{"allow":["GET"]}}],"collection":[{"href":"https:\/\/www.visitamalfi.info\/de\/wp-json\/wp\/v2\/tribe_events"}],"about":[{"href":"https:\/\/www.visitamalfi.info\/de\/wp-json\/wp\/v2\/types\/tribe_events"}],"author":[{"embeddable":true,"href":"https:\/\/www.visitamalfi.info\/de\/wp-json\/wp\/v2\/users\/7"}],"version-history":[{"count":0,"href":"https:\/\/www.visitamalfi.info\/de\/wp-json\/wp\/v2\/tribe_events\/22107\/revisions"}],"wp:featuredmedia":[{"embeddable":true,"href":"https:\/\/www.visitamalfi.info\/de\/wp-json\/wp\/v2\/media\/22068"}],"wp:attachment":[{"href":"https:\/\/www.visitamalfi.info\/de\/wp-json\/wp\/v2\/media?parent=22107"}],"wp:term":[{"taxonomy":"post_tag","embeddable":true,"href":"https:\/\/www.visitamalfi.info\/de\/wp-json\/wp\/v2\/tags?post=22107"},{"taxonomy":"tribe_events_cat","embeddable":true,"href":"https:\/\/www.visitamalfi.info\/de\/wp-json\/wp\/v2\/tribe_events_cat?post=22107"}],"curies":[{"name":"wp","href":"https:\/\/api.w.org\/{rel}","templated":true}]}}

<p>Machen Sie sich bereit für einen überwältigenden Abend mit der <strong><em>JOVABAND</em></strong>der Besetzung, die Jovanottis ganze Energie und Begeisterung auf die Bühne bringt. Eine authentische und mitreißende Hommage an einen der beliebtesten Künstler der italienischen Musik, der die Menschen mit seinem einzigartigen Stil zum Tanzen, Bewegen und Nachdenken bringen konnte. Zwischen Pop, Funk, Rap-Klängen und sommerlicher Atmosphäre ist die Show darauf ausgelegt, ein Publikum jeden Alters zu unterhalten und Amalfi in eine große Party unter den Sternen zu verwandeln.</p>

<p>Machen Sie sich bereit für einen überwältigenden Abend mit der JOVABAND, der Formation, die Jovanottis ganze Energie und Begeisterung auf die Bühne bringt.</p>

<!-- This site is optimized with the Yoast SEO plugin v27.3 - https://yoast.com/product/yoast-seo-wordpress/ -->
<title>Jovaband - Die Jovanotti-Hommage, die Italien zum Tanzen bringt - Visit Amalfi</title>
<meta name="robots" content="index, follow, max-snippet:-1, max-image-preview:large, max-video-preview:-1" />
<link rel="canonical" href="https://www.visitamalfi.info/de/fall/jovaband-die-jovanotti-hommage-die-italien-zum-tanzen-bringt/" />
<meta property="og:locale" content="de_DE" />
<meta property="og:type" content="article" />
<meta property="og:title" content="Jovaband - Die Jovanotti-Hommage, die Italien zum Tanzen bringt - Visit Amalfi" />
<meta property="og:description" content="Machen Sie sich bereit für einen überwältigenden Abend mit der JOVABAND, der Formation, die Jovanottis ganze Energie und Begeisterung auf die Bühne bringt." />
<meta property="og:url" content="https://www.visitamalfi.info/de/fall/jovaband-die-jovanotti-hommage-die-italien-zum-tanzen-bringt/" />
<meta property="og:site_name" content="Visit Amalfi" />
<meta property="article:publisher" content="https://www.facebook.com/visitamalfiofficial" />
<meta name="twitter:card" content="summary_large_image" />
<script type="application/ld+json" class="yoast-schema-graph">{"@context":"https:\/\/schema.org","@graph":[{"@type":"WebPage","@id":"https:\/\/www.visitamalfi.info\/de\/fall\/jovaband-die-jovanotti-hommage-die-italien-zum-tanzen-bringt\/","url":"https:\/\/www.visitamalfi.info\/de\/fall\/jovaband-die-jovanotti-hommage-die-italien-zum-tanzen-bringt\/","name":"Jovaband - Die Jovanotti-Hommage, die Italien zum Tanzen bringt - Visit Amalfi","isPartOf":{"@id":"https:\/\/www.visitamalfi.info\/de\/#website"},"primaryImageOfPage":{"@id":"https:\/\/www.visitamalfi.info\/de\/fall\/jovaband-die-jovanotti-hommage-die-italien-zum-tanzen-bringt\/#primaryimage"},"image":{"@id":"https:\/\/www.visitamalfi.info\/de\/fall\/jovaband-die-jovanotti-hommage-die-italien-zum-tanzen-bringt\/#primaryimage"},"thumbnailUrl":"https:\/\/www.visitamalfi.info\/wp-content\/uploads\/2025\/06\/74-concerto-Joy-Salinas-21-luglio-2023-foto-abbagnara.jpg","datePublished":"2025-06-23T12:48:59+00:00","breadcrumb":{"@id":"https:\/\/www.visitamalfi.info\/de\/fall\/jovaband-die-jovanotti-hommage-die-italien-zum-tanzen-bringt\/#breadcrumb"},"inLanguage":"de","potentialAction":[{"@type":"ReadAction","target":["https:\/\/www.visitamalfi.info\/de\/fall\/jovaband-die-jovanotti-hommage-die-italien-zum-tanzen-bringt\/"]}]},{"@type":"ImageObject","inLanguage":"de","@id":"https:\/\/www.visitamalfi.info\/de\/fall\/jovaband-die-jovanotti-hommage-die-italien-zum-tanzen-bringt\/#primaryimage","url":"https:\/\/www.visitamalfi.info\/wp-content\/uploads\/2025\/06\/74-concerto-Joy-Salinas-21-luglio-2023-foto-abbagnara.jpg","contentUrl":"https:\/\/www.visitamalfi.info\/wp-content\/uploads\/2025\/06\/74-concerto-Joy-Salinas-21-luglio-2023-foto-abbagnara.jpg","width":1920,"height":1280},{"@type":"BreadcrumbList","@id":"https:\/\/www.visitamalfi.info\/de\/fall\/jovaband-die-jovanotti-hommage-die-italien-zum-tanzen-bringt\/#breadcrumb","itemListElement":[{"@type":"ListItem","position":1,"name":"Home","item":"https:\/\/www.visitamalfi.info\/de\/"},{"@type":"ListItem","position":2,"name":"Veranstaltungen","item":"https:\/\/www.visitamalfi.info\/de\/eventi\/"},{"@type":"ListItem","position":3,"name":"Jovaband &#8211; Die Jovanotti-Hommage, die Italien zum Tanzen bringt"}]},{"@type":"WebSite","@id":"https:\/\/www.visitamalfi.info\/de\/#website","url":"https:\/\/www.visitamalfi.info\/de\/","name":"Visit Amalfi","description":"Amalfi Destination Official Website","publisher":{"@id":"https:\/\/www.visitamalfi.info\/de\/#organization"},"potentialAction":[{"@type":"SearchAction","target":{"@type":"EntryPoint","urlTemplate":"https:\/\/www.visitamalfi.info\/de\/?s={search_term_string}"},"query-input":{"@type":"PropertyValueSpecification","valueRequired":true,"valueName":"search_term_string"}}],"inLanguage":"de"},{"@type":"Organization","@id":"https:\/\/www.visitamalfi.info\/de\/#organization","name":"Visit Amalfi","url":"https:\/\/www.visitamalfi.info\/de\/","logo":{"@type":"ImageObject","inLanguage":"de","@id":"https:\/\/www.visitamalfi.info\/de\/#\/schema\/logo\/image\/","url":"https:\/\/www.visitamalfi.info\/wp-content\/uploads\/2023\/04\/visit-amalfi-logo-web.png","contentUrl":"https:\/\/www.visitamalfi.info\/wp-content\/uploads\/2023\/04\/visit-amalfi-logo-web.png","width":800,"height":870,"caption":"Visit Amalfi"},"image":{"@id":"https:\/\/www.visitamalfi.info\/de\/#\/schema\/logo\/image\/"},"sameAs":["https:\/\/www.facebook.com\/visitamalfiofficial","https:\/\/www.instagram.com\/visitamalfiofficial\/"]}]}</script>
<!-- / Yoast SEO plugin. -->

Machen Sie sich bereit für einen überwältigenden Abend mit der JOVABAND, der Formation, die Jovanottis ganze Energie und Begeisterung auf die Bühne bringt.
