{"id":22099,"date":"2025-06-23T14:52:01","date_gmt":"2025-06-23T12:52:01","guid":{"rendered":"https:\/\/www.visitamalfi.info\/evento\/amalfi-tanzboden-ferragosto-ausgabe\/"},"modified":"2025-06-23T14:52:01","modified_gmt":"2025-06-23T12:52:01","slug":"amalfi-tanzboden-ferragosto-ausgabe","status":"publish","type":"tribe_events","link":"https:\/\/www.visitamalfi.info\/de\/fall\/amalfi-tanzboden-ferragosto-ausgabe\/","title":{"rendered":"Amalfi Tanzboden &#8211; Ferragosto Ausgabe"},"content":{"rendered":"<p>Der unumg\u00e4ngliche Termin des Amalfi-Sommers, ein einzigartiges musikalisches Erlebnis von Eleganz, Rhythmus und Spa\u00df. Zur Er\u00f6ffnung des Abends gibt es eine Auswahl an Vinyl-Musik, meisterhaft kuratiert von den DJs <strong><em>Alfonso Liguori<\/em><\/strong> e <strong><em>Filippo Di Costanzo<\/em><\/strong>die Raffinesse und analoge Leidenschaft miteinander verbindet.<\/p>\n<p>Danach explodiert der Abend mit der \u00fcberw\u00e4ltigenden Energie der <strong><em>Frankie &amp; Canthina Band<\/em><\/strong>die f\u00fcr ihre kraftvolle und einnehmende F\u00e4higkeit bekannt sind, Genres und Stile in einer emotionsgeladenen Live-Show zu kombinieren. Auch in diesem Jahr wird sich der Platz in eine riesige Tanzfl\u00e4che unter freiem Himmel verwandeln, die die Nacht mit lebhaften Rhythmen und mitrei\u00dfenden Kl\u00e4ngen belebt.<\/p>\n","protected":false},"excerpt":{"rendered":"<p>Der unumg\u00e4ngliche Termin des Amalfi-Sommers, ein einzigartiges musikalisches Erlebnis von Eleganz, Rhythmus und Spa\u00df.<\/p>\n","protected":false},"author":7,"featured_media":22056,"template":"","meta":{"inline_featured_image":false,"_tribe_events_status":"","_tribe_events_status_reason":"","footnotes":""},"tags":[],"tribe_events_cat":[361],"class_list":["post-22099","tribe_events","type-tribe_events","status-publish","has-post-thumbnail","hentry","tribe_events_cat-musica-dal-vivo-de","cat_musica-dal-vivo-de"],"yoast_head":"<!-- This site is optimized with the Yoast SEO plugin v27.3 - https:\/\/yoast.com\/product\/yoast-seo-wordpress\/ -->\n<title>Amalfi Tanzboden - Ferragosto Ausgabe - Visit Amalfi<\/title>\n<meta name=\"robots\" content=\"index, follow, max-snippet:-1, max-image-preview:large, max-video-preview:-1\" \/>\n<link rel=\"canonical\" href=\"https:\/\/www.visitamalfi.info\/de\/fall\/amalfi-tanzboden-ferragosto-ausgabe\/\" \/>\n<meta property=\"og:locale\" content=\"de_DE\" \/>\n<meta property=\"og:type\" content=\"article\" \/>\n<meta property=\"og:title\" content=\"Amalfi Tanzboden - Ferragosto Ausgabe - Visit Amalfi\" \/>\n<meta property=\"og:description\" content=\"Der unumg\u00e4ngliche Termin des Amalfi-Sommers, ein einzigartiges musikalisches Erlebnis von Eleganz, Rhythmus und Spa\u00df.\" \/>\n<meta property=\"og:url\" content=\"https:\/\/www.visitamalfi.info\/de\/fall\/amalfi-tanzboden-ferragosto-ausgabe\/\" \/>\n<meta property=\"og:site_name\" content=\"Visit Amalfi\" \/>\n<meta property=\"article:publisher\" content=\"https:\/\/www.facebook.com\/visitamalfiofficial\" \/>\n<meta name=\"twitter:card\" content=\"summary_large_image\" \/>\n<meta name=\"twitter:label1\" content=\"Gesch\u00e4tzte Lesezeit\" \/>\n\t<meta name=\"twitter:data1\" content=\"1\u00a0Minute\" \/>\n<script type=\"application\/ld+json\" class=\"yoast-schema-graph\">{\"@context\":\"https:\\\/\\\/schema.org\",\"@graph\":[{\"@type\":\"WebPage\",\"@id\":\"https:\\\/\\\/www.visitamalfi.info\\\/de\\\/fall\\\/amalfi-tanzboden-ferragosto-ausgabe\\\/\",\"url\":\"https:\\\/\\\/www.visitamalfi.info\\\/de\\\/fall\\\/amalfi-tanzboden-ferragosto-ausgabe\\\/\",\"name\":\"Amalfi Tanzboden - Ferragosto Ausgabe - Visit Amalfi\",\"isPartOf\":{\"@id\":\"https:\\\/\\\/www.visitamalfi.info\\\/de\\\/#website\"},\"primaryImageOfPage\":{\"@id\":\"https:\\\/\\\/www.visitamalfi.info\\\/de\\\/fall\\\/amalfi-tanzboden-ferragosto-ausgabe\\\/#primaryimage\"},\"image\":{\"@id\":\"https:\\\/\\\/www.visitamalfi.info\\\/de\\\/fall\\\/amalfi-tanzboden-ferragosto-ausgabe\\\/#primaryimage\"},\"thumbnailUrl\":\"https:\\\/\\\/www.visitamalfi.info\\\/wp-content\\\/uploads\\\/2025\\\/06\\\/concerto-cover-queen-of-bulsara-foto-abbagnara-03.jpg\",\"datePublished\":\"2025-06-23T12:52:01+00:00\",\"breadcrumb\":{\"@id\":\"https:\\\/\\\/www.visitamalfi.info\\\/de\\\/fall\\\/amalfi-tanzboden-ferragosto-ausgabe\\\/#breadcrumb\"},\"inLanguage\":\"de\",\"potentialAction\":[{\"@type\":\"ReadAction\",\"target\":[\"https:\\\/\\\/www.visitamalfi.info\\\/de\\\/fall\\\/amalfi-tanzboden-ferragosto-ausgabe\\\/\"]}]},{\"@type\":\"ImageObject\",\"inLanguage\":\"de\",\"@id\":\"https:\\\/\\\/www.visitamalfi.info\\\/de\\\/fall\\\/amalfi-tanzboden-ferragosto-ausgabe\\\/#primaryimage\",\"url\":\"https:\\\/\\\/www.visitamalfi.info\\\/wp-content\\\/uploads\\\/2025\\\/06\\\/concerto-cover-queen-of-bulsara-foto-abbagnara-03.jpg\",\"contentUrl\":\"https:\\\/\\\/www.visitamalfi.info\\\/wp-content\\\/uploads\\\/2025\\\/06\\\/concerto-cover-queen-of-bulsara-foto-abbagnara-03.jpg\",\"width\":1920,\"height\":1280},{\"@type\":\"BreadcrumbList\",\"@id\":\"https:\\\/\\\/www.visitamalfi.info\\\/de\\\/fall\\\/amalfi-tanzboden-ferragosto-ausgabe\\\/#breadcrumb\",\"itemListElement\":[{\"@type\":\"ListItem\",\"position\":1,\"name\":\"Home\",\"item\":\"https:\\\/\\\/www.visitamalfi.info\\\/de\\\/\"},{\"@type\":\"ListItem\",\"position\":2,\"name\":\"Veranstaltungen\",\"item\":\"https:\\\/\\\/www.visitamalfi.info\\\/de\\\/eventi\\\/\"},{\"@type\":\"ListItem\",\"position\":3,\"name\":\"Amalfi Tanzboden &#8211; Ferragosto Ausgabe\"}]},{\"@type\":\"WebSite\",\"@id\":\"https:\\\/\\\/www.visitamalfi.info\\\/de\\\/#website\",\"url\":\"https:\\\/\\\/www.visitamalfi.info\\\/de\\\/\",\"name\":\"Visit Amalfi\",\"description\":\"Amalfi Destination Official Website\",\"publisher\":{\"@id\":\"https:\\\/\\\/www.visitamalfi.info\\\/de\\\/#organization\"},\"potentialAction\":[{\"@type\":\"SearchAction\",\"target\":{\"@type\":\"EntryPoint\",\"urlTemplate\":\"https:\\\/\\\/www.visitamalfi.info\\\/de\\\/?s={search_term_string}\"},\"query-input\":{\"@type\":\"PropertyValueSpecification\",\"valueRequired\":true,\"valueName\":\"search_term_string\"}}],\"inLanguage\":\"de\"},{\"@type\":\"Organization\",\"@id\":\"https:\\\/\\\/www.visitamalfi.info\\\/de\\\/#organization\",\"name\":\"Visit Amalfi\",\"url\":\"https:\\\/\\\/www.visitamalfi.info\\\/de\\\/\",\"logo\":{\"@type\":\"ImageObject\",\"inLanguage\":\"de\",\"@id\":\"https:\\\/\\\/www.visitamalfi.info\\\/de\\\/#\\\/schema\\\/logo\\\/image\\\/\",\"url\":\"https:\\\/\\\/www.visitamalfi.info\\\/wp-content\\\/uploads\\\/2023\\\/04\\\/visit-amalfi-logo-web.png\",\"contentUrl\":\"https:\\\/\\\/www.visitamalfi.info\\\/wp-content\\\/uploads\\\/2023\\\/04\\\/visit-amalfi-logo-web.png\",\"width\":800,\"height\":870,\"caption\":\"Visit Amalfi\"},\"image\":{\"@id\":\"https:\\\/\\\/www.visitamalfi.info\\\/de\\\/#\\\/schema\\\/logo\\\/image\\\/\"},\"sameAs\":[\"https:\\\/\\\/www.facebook.com\\\/visitamalfiofficial\",\"https:\\\/\\\/www.instagram.com\\\/visitamalfiofficial\\\/\"]}]}<\/script>\n<!-- \/ Yoast SEO plugin. -->","yoast_head_json":{"title":"Amalfi Tanzboden - Ferragosto Ausgabe - Visit Amalfi","robots":{"index":"index","follow":"follow","max-snippet":"max-snippet:-1","max-image-preview":"max-image-preview:large","max-video-preview":"max-video-preview:-1"},"canonical":"https:\/\/www.visitamalfi.info\/de\/fall\/amalfi-tanzboden-ferragosto-ausgabe\/","og_locale":"de_DE","og_type":"article","og_title":"Amalfi Tanzboden - Ferragosto Ausgabe - Visit Amalfi","og_description":"Der unumg\u00e4ngliche Termin des Amalfi-Sommers, ein einzigartiges musikalisches Erlebnis von Eleganz, Rhythmus und Spa\u00df.","og_url":"https:\/\/www.visitamalfi.info\/de\/fall\/amalfi-tanzboden-ferragosto-ausgabe\/","og_site_name":"Visit Amalfi","article_publisher":"https:\/\/www.facebook.com\/visitamalfiofficial","twitter_card":"summary_large_image","twitter_misc":{"Gesch\u00e4tzte Lesezeit":"1\u00a0Minute"},"schema":{"@context":"https:\/\/schema.org","@graph":[{"@type":"WebPage","@id":"https:\/\/www.visitamalfi.info\/de\/fall\/amalfi-tanzboden-ferragosto-ausgabe\/","url":"https:\/\/www.visitamalfi.info\/de\/fall\/amalfi-tanzboden-ferragosto-ausgabe\/","name":"Amalfi Tanzboden - Ferragosto Ausgabe - Visit Amalfi","isPartOf":{"@id":"https:\/\/www.visitamalfi.info\/de\/#website"},"primaryImageOfPage":{"@id":"https:\/\/www.visitamalfi.info\/de\/fall\/amalfi-tanzboden-ferragosto-ausgabe\/#primaryimage"},"image":{"@id":"https:\/\/www.visitamalfi.info\/de\/fall\/amalfi-tanzboden-ferragosto-ausgabe\/#primaryimage"},"thumbnailUrl":"https:\/\/www.visitamalfi.info\/wp-content\/uploads\/2025\/06\/concerto-cover-queen-of-bulsara-foto-abbagnara-03.jpg","datePublished":"2025-06-23T12:52:01+00:00","breadcrumb":{"@id":"https:\/\/www.visitamalfi.info\/de\/fall\/amalfi-tanzboden-ferragosto-ausgabe\/#breadcrumb"},"inLanguage":"de","potentialAction":[{"@type":"ReadAction","target":["https:\/\/www.visitamalfi.info\/de\/fall\/amalfi-tanzboden-ferragosto-ausgabe\/"]}]},{"@type":"ImageObject","inLanguage":"de","@id":"https:\/\/www.visitamalfi.info\/de\/fall\/amalfi-tanzboden-ferragosto-ausgabe\/#primaryimage","url":"https:\/\/www.visitamalfi.info\/wp-content\/uploads\/2025\/06\/concerto-cover-queen-of-bulsara-foto-abbagnara-03.jpg","contentUrl":"https:\/\/www.visitamalfi.info\/wp-content\/uploads\/2025\/06\/concerto-cover-queen-of-bulsara-foto-abbagnara-03.jpg","width":1920,"height":1280},{"@type":"BreadcrumbList","@id":"https:\/\/www.visitamalfi.info\/de\/fall\/amalfi-tanzboden-ferragosto-ausgabe\/#breadcrumb","itemListElement":[{"@type":"ListItem","position":1,"name":"Home","item":"https:\/\/www.visitamalfi.info\/de\/"},{"@type":"ListItem","position":2,"name":"Veranstaltungen","item":"https:\/\/www.visitamalfi.info\/de\/eventi\/"},{"@type":"ListItem","position":3,"name":"Amalfi Tanzboden &#8211; Ferragosto Ausgabe"}]},{"@type":"WebSite","@id":"https:\/\/www.visitamalfi.info\/de\/#website","url":"https:\/\/www.visitamalfi.info\/de\/","name":"Visit Amalfi","description":"Amalfi Destination Official Website","publisher":{"@id":"https:\/\/www.visitamalfi.info\/de\/#organization"},"potentialAction":[{"@type":"SearchAction","target":{"@type":"EntryPoint","urlTemplate":"https:\/\/www.visitamalfi.info\/de\/?s={search_term_string}"},"query-input":{"@type":"PropertyValueSpecification","valueRequired":true,"valueName":"search_term_string"}}],"inLanguage":"de"},{"@type":"Organization","@id":"https:\/\/www.visitamalfi.info\/de\/#organization","name":"Visit Amalfi","url":"https:\/\/www.visitamalfi.info\/de\/","logo":{"@type":"ImageObject","inLanguage":"de","@id":"https:\/\/www.visitamalfi.info\/de\/#\/schema\/logo\/image\/","url":"https:\/\/www.visitamalfi.info\/wp-content\/uploads\/2023\/04\/visit-amalfi-logo-web.png","contentUrl":"https:\/\/www.visitamalfi.info\/wp-content\/uploads\/2023\/04\/visit-amalfi-logo-web.png","width":800,"height":870,"caption":"Visit Amalfi"},"image":{"@id":"https:\/\/www.visitamalfi.info\/de\/#\/schema\/logo\/image\/"},"sameAs":["https:\/\/www.facebook.com\/visitamalfiofficial","https:\/\/www.instagram.com\/visitamalfiofficial\/"]}]}},"_links":{"self":[{"href":"https:\/\/www.visitamalfi.info\/de\/wp-json\/wp\/v2\/tribe_events\/22099","targetHints":{"allow":["GET"]}}],"collection":[{"href":"https:\/\/www.visitamalfi.info\/de\/wp-json\/wp\/v2\/tribe_events"}],"about":[{"href":"https:\/\/www.visitamalfi.info\/de\/wp-json\/wp\/v2\/types\/tribe_events"}],"author":[{"embeddable":true,"href":"https:\/\/www.visitamalfi.info\/de\/wp-json\/wp\/v2\/users\/7"}],"version-history":[{"count":0,"href":"https:\/\/www.visitamalfi.info\/de\/wp-json\/wp\/v2\/tribe_events\/22099\/revisions"}],"wp:featuredmedia":[{"embeddable":true,"href":"https:\/\/www.visitamalfi.info\/de\/wp-json\/wp\/v2\/media\/22056"}],"wp:attachment":[{"href":"https:\/\/www.visitamalfi.info\/de\/wp-json\/wp\/v2\/media?parent=22099"}],"wp:term":[{"taxonomy":"post_tag","embeddable":true,"href":"https:\/\/www.visitamalfi.info\/de\/wp-json\/wp\/v2\/tags?post=22099"},{"taxonomy":"tribe_events_cat","embeddable":true,"href":"https:\/\/www.visitamalfi.info\/de\/wp-json\/wp\/v2\/tribe_events_cat?post=22099"}],"curies":[{"name":"wp","href":"https:\/\/api.w.org\/{rel}","templated":true}]}}

<p>Der unumgängliche Termin des Amalfi-Sommers, ein einzigartiges musikalisches Erlebnis von Eleganz, Rhythmus und Spaß. Zur Eröffnung des Abends gibt es eine Auswahl an Vinyl-Musik, meisterhaft kuratiert von den DJs <strong><em>Alfonso Liguori</em></strong> e <strong><em>Filippo Di Costanzo</em></strong>die Raffinesse und analoge Leidenschaft miteinander verbindet.</p>
<p>Danach explodiert der Abend mit der überwältigenden Energie der <strong><em>Frankie &amp; Canthina Band</em></strong>die für ihre kraftvolle und einnehmende Fähigkeit bekannt sind, Genres und Stile in einer emotionsgeladenen Live-Show zu kombinieren. Auch in diesem Jahr wird sich der Platz in eine riesige Tanzfläche unter freiem Himmel verwandeln, die die Nacht mit lebhaften Rhythmen und mitreißenden Klängen belebt.</p>

<p>Der unumgängliche Termin des Amalfi-Sommers, ein einzigartiges musikalisches Erlebnis von Eleganz, Rhythmus und Spaß.</p>

<!-- This site is optimized with the Yoast SEO plugin v27.3 - https://yoast.com/product/yoast-seo-wordpress/ -->
<title>Amalfi Tanzboden - Ferragosto Ausgabe - Visit Amalfi</title>
<meta name="robots" content="index, follow, max-snippet:-1, max-image-preview:large, max-video-preview:-1" />
<link rel="canonical" href="https://www.visitamalfi.info/de/fall/amalfi-tanzboden-ferragosto-ausgabe/" />
<meta property="og:locale" content="de_DE" />
<meta property="og:type" content="article" />
<meta property="og:title" content="Amalfi Tanzboden - Ferragosto Ausgabe - Visit Amalfi" />
<meta property="og:description" content="Der unumgängliche Termin des Amalfi-Sommers, ein einzigartiges musikalisches Erlebnis von Eleganz, Rhythmus und Spaß." />
<meta property="og:url" content="https://www.visitamalfi.info/de/fall/amalfi-tanzboden-ferragosto-ausgabe/" />
<meta property="og:site_name" content="Visit Amalfi" />
<meta property="article:publisher" content="https://www.facebook.com/visitamalfiofficial" />
<meta name="twitter:card" content="summary_large_image" />
<meta name="twitter:label1" content="Geschätzte Lesezeit" />
	<meta name="twitter:data1" content="1 Minute" />
<script type="application/ld+json" class="yoast-schema-graph">{"@context":"https:\/\/schema.org","@graph":[{"@type":"WebPage","@id":"https:\/\/www.visitamalfi.info\/de\/fall\/amalfi-tanzboden-ferragosto-ausgabe\/","url":"https:\/\/www.visitamalfi.info\/de\/fall\/amalfi-tanzboden-ferragosto-ausgabe\/","name":"Amalfi Tanzboden - Ferragosto Ausgabe - Visit Amalfi","isPartOf":{"@id":"https:\/\/www.visitamalfi.info\/de\/#website"},"primaryImageOfPage":{"@id":"https:\/\/www.visitamalfi.info\/de\/fall\/amalfi-tanzboden-ferragosto-ausgabe\/#primaryimage"},"image":{"@id":"https:\/\/www.visitamalfi.info\/de\/fall\/amalfi-tanzboden-ferragosto-ausgabe\/#primaryimage"},"thumbnailUrl":"https:\/\/www.visitamalfi.info\/wp-content\/uploads\/2025\/06\/concerto-cover-queen-of-bulsara-foto-abbagnara-03.jpg","datePublished":"2025-06-23T12:52:01+00:00","breadcrumb":{"@id":"https:\/\/www.visitamalfi.info\/de\/fall\/amalfi-tanzboden-ferragosto-ausgabe\/#breadcrumb"},"inLanguage":"de","potentialAction":[{"@type":"ReadAction","target":["https:\/\/www.visitamalfi.info\/de\/fall\/amalfi-tanzboden-ferragosto-ausgabe\/"]}]},{"@type":"ImageObject","inLanguage":"de","@id":"https:\/\/www.visitamalfi.info\/de\/fall\/amalfi-tanzboden-ferragosto-ausgabe\/#primaryimage","url":"https:\/\/www.visitamalfi.info\/wp-content\/uploads\/2025\/06\/concerto-cover-queen-of-bulsara-foto-abbagnara-03.jpg","contentUrl":"https:\/\/www.visitamalfi.info\/wp-content\/uploads\/2025\/06\/concerto-cover-queen-of-bulsara-foto-abbagnara-03.jpg","width":1920,"height":1280},{"@type":"BreadcrumbList","@id":"https:\/\/www.visitamalfi.info\/de\/fall\/amalfi-tanzboden-ferragosto-ausgabe\/#breadcrumb","itemListElement":[{"@type":"ListItem","position":1,"name":"Home","item":"https:\/\/www.visitamalfi.info\/de\/"},{"@type":"ListItem","position":2,"name":"Veranstaltungen","item":"https:\/\/www.visitamalfi.info\/de\/eventi\/"},{"@type":"ListItem","position":3,"name":"Amalfi Tanzboden &#8211; Ferragosto Ausgabe"}]},{"@type":"WebSite","@id":"https:\/\/www.visitamalfi.info\/de\/#website","url":"https:\/\/www.visitamalfi.info\/de\/","name":"Visit Amalfi","description":"Amalfi Destination Official Website","publisher":{"@id":"https:\/\/www.visitamalfi.info\/de\/#organization"},"potentialAction":[{"@type":"SearchAction","target":{"@type":"EntryPoint","urlTemplate":"https:\/\/www.visitamalfi.info\/de\/?s={search_term_string}"},"query-input":{"@type":"PropertyValueSpecification","valueRequired":true,"valueName":"search_term_string"}}],"inLanguage":"de"},{"@type":"Organization","@id":"https:\/\/www.visitamalfi.info\/de\/#organization","name":"Visit Amalfi","url":"https:\/\/www.visitamalfi.info\/de\/","logo":{"@type":"ImageObject","inLanguage":"de","@id":"https:\/\/www.visitamalfi.info\/de\/#\/schema\/logo\/image\/","url":"https:\/\/www.visitamalfi.info\/wp-content\/uploads\/2023\/04\/visit-amalfi-logo-web.png","contentUrl":"https:\/\/www.visitamalfi.info\/wp-content\/uploads\/2023\/04\/visit-amalfi-logo-web.png","width":800,"height":870,"caption":"Visit Amalfi"},"image":{"@id":"https:\/\/www.visitamalfi.info\/de\/#\/schema\/logo\/image\/"},"sameAs":["https:\/\/www.facebook.com\/visitamalfiofficial","https:\/\/www.instagram.com\/visitamalfiofficial\/"]}]}</script>
<!-- / Yoast SEO plugin. -->

Der unumgängliche Termin des Amalfi-Sommers, ein einzigartiges musikalisches Erlebnis von Eleganz, Rhythmus und Spaß.
