{"id":20290,"date":"2024-11-27T18:18:53","date_gmt":"2024-11-27T17:18:53","guid":{"rendered":"https:\/\/www.visitamalfi.info\/evento\/56-ausgabe-der-unterwasser-weihnacht-conca-dei-marini-und-amalfikueste\/"},"modified":"2024-11-27T18:18:53","modified_gmt":"2024-11-27T17:18:53","slug":"56-ausgabe-der-unterwasser-weihnacht-conca-dei-marini-und-amalfikueste","status":"publish","type":"tribe_events","link":"https:\/\/www.visitamalfi.info\/de\/fall\/56-ausgabe-der-unterwasser-weihnacht-conca-dei-marini-und-amalfikueste\/","title":{"rendered":"56. Ausgabe der Unterwasser-Weihnacht Conca dei Marini und Amalfik\u00fcste"},"content":{"rendered":"<p class=\"p1\">Wie schon seit vielen Jahren f\u00f6rdert die GRUPPO OPERATIVO SUBACQUEO DI SALERNO auch dieses Jahr wieder diese Veranstaltung f\u00fcr Sport, Tourismus, Kultur und Tradition unserer Provinz, die durch Unterwasser- und Outdoor-Fotowettbewerbe bereichert wird; und das alles vor der herrlichen Kulisse der Conca dei Marini, der Smaragdgrotte und der Amalfik\u00fcste.<\/p>\n<p class=\"p1\">Die logistische Basis, zu der die gesamte Organisation geh\u00f6rt, ist <a href=\"https:\/\/www.visitamalfi.info\/amw-accommodation\/hotel-la-bussola\/\">das Hotel &#8216;LA BUSSOLA<\/a> &#8216; in Amalfi.<\/p>\n<p class=\"p1\"><strong>PROGRAMM DER VERANSTALTUNG<\/strong><\/p>\n<p class=\"p1\">1. Freitag, 6. Dezember<\/p>\n<ul class=\"ul1\">\n<li class=\"li1\">9 Uhr: Registrierung und Beginn des spontanen Fotowettbewerbs mit dem Titel: <em>&#8220;\u00dcber und unter dem Meer der Amalfik\u00fcste<\/em> &#8221; mit einer Mischung aus Land- und Unterwasserbildern.<\/li>\n<li class=\"li1\">9 Uhr Anmeldung und Beginn des spontanen Fotowettbewerbs (im Freien) mit dem Titel: &#8221; <em>Sopra&#8230; il mare della Costa d&#8217;Amalfi<\/em> &#8221; <em>(\u00dcber&#8230; dem Meer der Amalfik\u00fcste<\/em> )<\/li>\n<li class=\"li1\">16.00 Uhr Preisverleihung 1. Malwettbewerb f\u00fcr Grundschulen:<em>&#8220;Weihnachten an der Amalfik\u00fcste<\/em>&#8220;.<\/li>\n<\/ul>\n<p class=\"p1\">2. Samstag, 7. Dezember<\/p>\n<ul class=\"ul1\">\n<li class=\"li1\">9.00 Uhr Foto\u00fcbergabe des Wettbewerbs<em>&#8216;\u00dcber und unter dem Meer der Amalfik\u00fcste<\/em>&#8216; im Hotel La Bussola.<\/li>\n<li class=\"li1\">9 Uhr: Foto\u00fcbergabe des Wettbewerbs<em>&#8216;Sopra&#8230; il mare della <\/em><em>Costa d&#8217;Amalfi<\/em>&#8216; im Hotel La Bussola.<\/li>\n<li class=\"li1\">10 Uhr: Besuch der <strong>Grotta dello Smeraldo<\/strong> durch die Sch\u00fcler der Grundschule Conca dei Marini.<\/li>\n<li class=\"li1\">16:00 Heilige Messe, zelebriert von Bruder Marcus Reichenbach auf dem Platz vor der Smaragdgrotte.<\/li>\n<li class=\"li1\">17.00 Uhr Beginn der historischen n\u00e4chtlichen Unterwasserprozession zur Unterwasserkrippe in der Grotte unter der Leitung von GO Sub Tauchern.<\/li>\n<li class=\"li1\">20.00 Uhr Abschlussabend mit Abendessen, gefolgt von Projektionen der Wettbewerbsbilder, Preisverleihungen, Danksagungen und Gru\u00dfworten.<\/li>\n<li class=\"li1\">9.30 Uhr Preis:<em>&#8216;Ein Leben f\u00fcr das Meer<\/em>&#8216;.<\/li>\n<\/ul>\n<p>&nbsp;<\/p>\n<p>&nbsp;<\/p>\n","protected":false},"excerpt":{"rendered":"<p>56. AUFLAGE DER UNTERWASSER-WEIHNACHT VON CONCA DEI MARINI UND DER AMALFIK\u00dcSTE<\/p>\n","protected":false},"author":7,"featured_media":0,"template":"","meta":{"inline_featured_image":false,"_tribe_events_status":"","_tribe_events_status_reason":"","footnotes":""},"tags":[],"tribe_events_cat":[],"class_list":["post-20290","tribe_events","type-tribe_events","status-publish","hentry"],"yoast_head":"<!-- This site is optimized with the Yoast SEO plugin v27.3 - https:\/\/yoast.com\/product\/yoast-seo-wordpress\/ -->\n<title>56. Ausgabe der Unterwasser-Weihnacht Conca dei Marini und Amalfik\u00fcste - Visit Amalfi<\/title>\n<meta name=\"robots\" content=\"index, follow, max-snippet:-1, max-image-preview:large, max-video-preview:-1\" \/>\n<link rel=\"canonical\" href=\"https:\/\/www.visitamalfi.info\/de\/fall\/56-ausgabe-der-unterwasser-weihnacht-conca-dei-marini-und-amalfikueste\/\" \/>\n<meta property=\"og:locale\" content=\"de_DE\" \/>\n<meta property=\"og:type\" content=\"article\" \/>\n<meta property=\"og:title\" content=\"56. Ausgabe der Unterwasser-Weihnacht Conca dei Marini und Amalfik\u00fcste - Visit Amalfi\" \/>\n<meta property=\"og:description\" content=\"56. AUFLAGE DER UNTERWASSER-WEIHNACHT VON CONCA DEI MARINI UND DER AMALFIK\u00dcSTE\" \/>\n<meta property=\"og:url\" content=\"https:\/\/www.visitamalfi.info\/de\/fall\/56-ausgabe-der-unterwasser-weihnacht-conca-dei-marini-und-amalfikueste\/\" \/>\n<meta property=\"og:site_name\" content=\"Visit Amalfi\" \/>\n<meta property=\"article:publisher\" content=\"https:\/\/www.facebook.com\/visitamalfiofficial\" \/>\n<meta name=\"twitter:card\" content=\"summary_large_image\" \/>\n<meta name=\"twitter:label1\" content=\"Gesch\u00e4tzte Lesezeit\" \/>\n\t<meta name=\"twitter:data1\" content=\"1\u00a0Minute\" \/>\n<script type=\"application\/ld+json\" class=\"yoast-schema-graph\">{\"@context\":\"https:\\\/\\\/schema.org\",\"@graph\":[{\"@type\":\"WebPage\",\"@id\":\"https:\\\/\\\/www.visitamalfi.info\\\/de\\\/fall\\\/56-ausgabe-der-unterwasser-weihnacht-conca-dei-marini-und-amalfikueste\\\/\",\"url\":\"https:\\\/\\\/www.visitamalfi.info\\\/de\\\/fall\\\/56-ausgabe-der-unterwasser-weihnacht-conca-dei-marini-und-amalfikueste\\\/\",\"name\":\"56. Ausgabe der Unterwasser-Weihnacht Conca dei Marini und Amalfik\u00fcste - Visit Amalfi\",\"isPartOf\":{\"@id\":\"https:\\\/\\\/www.visitamalfi.info\\\/de\\\/#website\"},\"datePublished\":\"2024-11-27T17:18:53+00:00\",\"breadcrumb\":{\"@id\":\"https:\\\/\\\/www.visitamalfi.info\\\/de\\\/fall\\\/56-ausgabe-der-unterwasser-weihnacht-conca-dei-marini-und-amalfikueste\\\/#breadcrumb\"},\"inLanguage\":\"de\",\"potentialAction\":[{\"@type\":\"ReadAction\",\"target\":[\"https:\\\/\\\/www.visitamalfi.info\\\/de\\\/fall\\\/56-ausgabe-der-unterwasser-weihnacht-conca-dei-marini-und-amalfikueste\\\/\"]}]},{\"@type\":\"BreadcrumbList\",\"@id\":\"https:\\\/\\\/www.visitamalfi.info\\\/de\\\/fall\\\/56-ausgabe-der-unterwasser-weihnacht-conca-dei-marini-und-amalfikueste\\\/#breadcrumb\",\"itemListElement\":[{\"@type\":\"ListItem\",\"position\":1,\"name\":\"Home\",\"item\":\"https:\\\/\\\/www.visitamalfi.info\\\/de\\\/\"},{\"@type\":\"ListItem\",\"position\":2,\"name\":\"Veranstaltungen\",\"item\":\"https:\\\/\\\/www.visitamalfi.info\\\/de\\\/eventi\\\/\"},{\"@type\":\"ListItem\",\"position\":3,\"name\":\"56. Ausgabe der Unterwasser-Weihnacht Conca dei Marini und Amalfik\u00fcste\"}]},{\"@type\":\"WebSite\",\"@id\":\"https:\\\/\\\/www.visitamalfi.info\\\/de\\\/#website\",\"url\":\"https:\\\/\\\/www.visitamalfi.info\\\/de\\\/\",\"name\":\"Visit Amalfi\",\"description\":\"Amalfi Destination Official Website\",\"publisher\":{\"@id\":\"https:\\\/\\\/www.visitamalfi.info\\\/de\\\/#organization\"},\"potentialAction\":[{\"@type\":\"SearchAction\",\"target\":{\"@type\":\"EntryPoint\",\"urlTemplate\":\"https:\\\/\\\/www.visitamalfi.info\\\/de\\\/?s={search_term_string}\"},\"query-input\":{\"@type\":\"PropertyValueSpecification\",\"valueRequired\":true,\"valueName\":\"search_term_string\"}}],\"inLanguage\":\"de\"},{\"@type\":\"Organization\",\"@id\":\"https:\\\/\\\/www.visitamalfi.info\\\/de\\\/#organization\",\"name\":\"Visit Amalfi\",\"url\":\"https:\\\/\\\/www.visitamalfi.info\\\/de\\\/\",\"logo\":{\"@type\":\"ImageObject\",\"inLanguage\":\"de\",\"@id\":\"https:\\\/\\\/www.visitamalfi.info\\\/de\\\/#\\\/schema\\\/logo\\\/image\\\/\",\"url\":\"https:\\\/\\\/www.visitamalfi.info\\\/wp-content\\\/uploads\\\/2023\\\/04\\\/visit-amalfi-logo-web.png\",\"contentUrl\":\"https:\\\/\\\/www.visitamalfi.info\\\/wp-content\\\/uploads\\\/2023\\\/04\\\/visit-amalfi-logo-web.png\",\"width\":800,\"height\":870,\"caption\":\"Visit Amalfi\"},\"image\":{\"@id\":\"https:\\\/\\\/www.visitamalfi.info\\\/de\\\/#\\\/schema\\\/logo\\\/image\\\/\"},\"sameAs\":[\"https:\\\/\\\/www.facebook.com\\\/visitamalfiofficial\",\"https:\\\/\\\/www.instagram.com\\\/visitamalfiofficial\\\/\"]}]}<\/script>\n<!-- \/ Yoast SEO plugin. -->","yoast_head_json":{"title":"56. Ausgabe der Unterwasser-Weihnacht Conca dei Marini und Amalfik\u00fcste - Visit Amalfi","robots":{"index":"index","follow":"follow","max-snippet":"max-snippet:-1","max-image-preview":"max-image-preview:large","max-video-preview":"max-video-preview:-1"},"canonical":"https:\/\/www.visitamalfi.info\/de\/fall\/56-ausgabe-der-unterwasser-weihnacht-conca-dei-marini-und-amalfikueste\/","og_locale":"de_DE","og_type":"article","og_title":"56. Ausgabe der Unterwasser-Weihnacht Conca dei Marini und Amalfik\u00fcste - Visit Amalfi","og_description":"56. AUFLAGE DER UNTERWASSER-WEIHNACHT VON CONCA DEI MARINI UND DER AMALFIK\u00dcSTE","og_url":"https:\/\/www.visitamalfi.info\/de\/fall\/56-ausgabe-der-unterwasser-weihnacht-conca-dei-marini-und-amalfikueste\/","og_site_name":"Visit Amalfi","article_publisher":"https:\/\/www.facebook.com\/visitamalfiofficial","twitter_card":"summary_large_image","twitter_misc":{"Gesch\u00e4tzte Lesezeit":"1\u00a0Minute"},"schema":{"@context":"https:\/\/schema.org","@graph":[{"@type":"WebPage","@id":"https:\/\/www.visitamalfi.info\/de\/fall\/56-ausgabe-der-unterwasser-weihnacht-conca-dei-marini-und-amalfikueste\/","url":"https:\/\/www.visitamalfi.info\/de\/fall\/56-ausgabe-der-unterwasser-weihnacht-conca-dei-marini-und-amalfikueste\/","name":"56. Ausgabe der Unterwasser-Weihnacht Conca dei Marini und Amalfik\u00fcste - Visit Amalfi","isPartOf":{"@id":"https:\/\/www.visitamalfi.info\/de\/#website"},"datePublished":"2024-11-27T17:18:53+00:00","breadcrumb":{"@id":"https:\/\/www.visitamalfi.info\/de\/fall\/56-ausgabe-der-unterwasser-weihnacht-conca-dei-marini-und-amalfikueste\/#breadcrumb"},"inLanguage":"de","potentialAction":[{"@type":"ReadAction","target":["https:\/\/www.visitamalfi.info\/de\/fall\/56-ausgabe-der-unterwasser-weihnacht-conca-dei-marini-und-amalfikueste\/"]}]},{"@type":"BreadcrumbList","@id":"https:\/\/www.visitamalfi.info\/de\/fall\/56-ausgabe-der-unterwasser-weihnacht-conca-dei-marini-und-amalfikueste\/#breadcrumb","itemListElement":[{"@type":"ListItem","position":1,"name":"Home","item":"https:\/\/www.visitamalfi.info\/de\/"},{"@type":"ListItem","position":2,"name":"Veranstaltungen","item":"https:\/\/www.visitamalfi.info\/de\/eventi\/"},{"@type":"ListItem","position":3,"name":"56. Ausgabe der Unterwasser-Weihnacht Conca dei Marini und Amalfik\u00fcste"}]},{"@type":"WebSite","@id":"https:\/\/www.visitamalfi.info\/de\/#website","url":"https:\/\/www.visitamalfi.info\/de\/","name":"Visit Amalfi","description":"Amalfi Destination Official Website","publisher":{"@id":"https:\/\/www.visitamalfi.info\/de\/#organization"},"potentialAction":[{"@type":"SearchAction","target":{"@type":"EntryPoint","urlTemplate":"https:\/\/www.visitamalfi.info\/de\/?s={search_term_string}"},"query-input":{"@type":"PropertyValueSpecification","valueRequired":true,"valueName":"search_term_string"}}],"inLanguage":"de"},{"@type":"Organization","@id":"https:\/\/www.visitamalfi.info\/de\/#organization","name":"Visit Amalfi","url":"https:\/\/www.visitamalfi.info\/de\/","logo":{"@type":"ImageObject","inLanguage":"de","@id":"https:\/\/www.visitamalfi.info\/de\/#\/schema\/logo\/image\/","url":"https:\/\/www.visitamalfi.info\/wp-content\/uploads\/2023\/04\/visit-amalfi-logo-web.png","contentUrl":"https:\/\/www.visitamalfi.info\/wp-content\/uploads\/2023\/04\/visit-amalfi-logo-web.png","width":800,"height":870,"caption":"Visit Amalfi"},"image":{"@id":"https:\/\/www.visitamalfi.info\/de\/#\/schema\/logo\/image\/"},"sameAs":["https:\/\/www.facebook.com\/visitamalfiofficial","https:\/\/www.instagram.com\/visitamalfiofficial\/"]}]}},"_links":{"self":[{"href":"https:\/\/www.visitamalfi.info\/de\/wp-json\/wp\/v2\/tribe_events\/20290","targetHints":{"allow":["GET"]}}],"collection":[{"href":"https:\/\/www.visitamalfi.info\/de\/wp-json\/wp\/v2\/tribe_events"}],"about":[{"href":"https:\/\/www.visitamalfi.info\/de\/wp-json\/wp\/v2\/types\/tribe_events"}],"author":[{"embeddable":true,"href":"https:\/\/www.visitamalfi.info\/de\/wp-json\/wp\/v2\/users\/7"}],"version-history":[{"count":0,"href":"https:\/\/www.visitamalfi.info\/de\/wp-json\/wp\/v2\/tribe_events\/20290\/revisions"}],"wp:attachment":[{"href":"https:\/\/www.visitamalfi.info\/de\/wp-json\/wp\/v2\/media?parent=20290"}],"wp:term":[{"taxonomy":"post_tag","embeddable":true,"href":"https:\/\/www.visitamalfi.info\/de\/wp-json\/wp\/v2\/tags?post=20290"},{"taxonomy":"tribe_events_cat","embeddable":true,"href":"https:\/\/www.visitamalfi.info\/de\/wp-json\/wp\/v2\/tribe_events_cat?post=20290"}],"curies":[{"name":"wp","href":"https:\/\/api.w.org\/{rel}","templated":true}]}}

56. Ausgabe der Unterwasser-Weihnacht Conca dei Marini und Amalfiküste

<p class="p1">Wie schon seit vielen Jahren fördert die GRUPPO OPERATIVO SUBACQUEO DI SALERNO auch dieses Jahr wieder diese Veranstaltung für Sport, Tourismus, Kultur und Tradition unserer Provinz, die durch Unterwasser- und Outdoor-Fotowettbewerbe bereichert wird; und das alles vor der herrlichen Kulisse der Conca dei Marini, der Smaragdgrotte und der Amalfiküste.</p>
<p class="p1">Die logistische Basis, zu der die gesamte Organisation gehört, ist <a href="https://www.visitamalfi.info/amw-accommodation/hotel-la-bussola/">das Hotel &#8216;LA BUSSOLA</a> &#8216; in Amalfi.</p>
<p class="p1"><strong>PROGRAMM DER VERANSTALTUNG</strong></p>
<p class="p1">1. Freitag, 6. Dezember</p>
<ul class="ul1">
<li class="li1">9 Uhr: Registrierung und Beginn des spontanen Fotowettbewerbs mit dem Titel: <em>&#8220;Über und unter dem Meer der Amalfiküste</em> &#8221; mit einer Mischung aus Land- und Unterwasserbildern.</li>
<li class="li1">9 Uhr Anmeldung und Beginn des spontanen Fotowettbewerbs (im Freien) mit dem Titel: &#8221; <em>Sopra&#8230; il mare della Costa d&#8217;Amalfi</em> &#8221; <em>(Über&#8230; dem Meer der Amalfiküste</em> )</li>
<li class="li1">16.00 Uhr Preisverleihung 1. Malwettbewerb für Grundschulen:<em>&#8220;Weihnachten an der Amalfiküste</em>&#8220;.</li>
</ul>
<p class="p1">2. Samstag, 7. Dezember</p>
<ul class="ul1">
<li class="li1">9.00 Uhr Fotoübergabe des Wettbewerbs<em>&#8216;Über und unter dem Meer der Amalfiküste</em>&#8216; im Hotel La Bussola.</li>
<li class="li1">9 Uhr: Fotoübergabe des Wettbewerbs<em>&#8216;Sopra&#8230; il mare della </em><em>Costa d&#8217;Amalfi</em>&#8216; im Hotel La Bussola.</li>
<li class="li1">10 Uhr: Besuch der <strong>Grotta dello Smeraldo</strong> durch die Schüler der Grundschule Conca dei Marini.</li>
<li class="li1">16:00 Heilige Messe, zelebriert von Bruder Marcus Reichenbach auf dem Platz vor der Smaragdgrotte.</li>
<li class="li1">17.00 Uhr Beginn der historischen nächtlichen Unterwasserprozession zur Unterwasserkrippe in der Grotte unter der Leitung von GO Sub Tauchern.</li>
<li class="li1">20.00 Uhr Abschlussabend mit Abendessen, gefolgt von Projektionen der Wettbewerbsbilder, Preisverleihungen, Danksagungen und Grußworten.</li>
<li class="li1">9.30 Uhr Preis:<em>&#8216;Ein Leben für das Meer</em>&#8216;.</li>
</ul>
<p>&nbsp;</p>
<p>&nbsp;</p>

<p>56. AUFLAGE DER UNTERWASSER-WEIHNACHT VON CONCA DEI MARINI UND DER AMALFIKÜSTE</p>

<!-- This site is optimized with the Yoast SEO plugin v27.3 - https://yoast.com/product/yoast-seo-wordpress/ -->
<title>56. Ausgabe der Unterwasser-Weihnacht Conca dei Marini und Amalfiküste - Visit Amalfi</title>
<meta name="robots" content="index, follow, max-snippet:-1, max-image-preview:large, max-video-preview:-1" />
<link rel="canonical" href="https://www.visitamalfi.info/de/fall/56-ausgabe-der-unterwasser-weihnacht-conca-dei-marini-und-amalfikueste/" />
<meta property="og:locale" content="de_DE" />
<meta property="og:type" content="article" />
<meta property="og:title" content="56. Ausgabe der Unterwasser-Weihnacht Conca dei Marini und Amalfiküste - Visit Amalfi" />
<meta property="og:description" content="56. AUFLAGE DER UNTERWASSER-WEIHNACHT VON CONCA DEI MARINI UND DER AMALFIKÜSTE" />
<meta property="og:url" content="https://www.visitamalfi.info/de/fall/56-ausgabe-der-unterwasser-weihnacht-conca-dei-marini-und-amalfikueste/" />
<meta property="og:site_name" content="Visit Amalfi" />
<meta property="article:publisher" content="https://www.facebook.com/visitamalfiofficial" />
<meta name="twitter:card" content="summary_large_image" />
<meta name="twitter:label1" content="Geschätzte Lesezeit" />
	<meta name="twitter:data1" content="1 Minute" />
<script type="application/ld+json" class="yoast-schema-graph">{"@context":"https:\/\/schema.org","@graph":[{"@type":"WebPage","@id":"https:\/\/www.visitamalfi.info\/de\/fall\/56-ausgabe-der-unterwasser-weihnacht-conca-dei-marini-und-amalfikueste\/","url":"https:\/\/www.visitamalfi.info\/de\/fall\/56-ausgabe-der-unterwasser-weihnacht-conca-dei-marini-und-amalfikueste\/","name":"56. Ausgabe der Unterwasser-Weihnacht Conca dei Marini und Amalfiküste - Visit Amalfi","isPartOf":{"@id":"https:\/\/www.visitamalfi.info\/de\/#website"},"datePublished":"2024-11-27T17:18:53+00:00","breadcrumb":{"@id":"https:\/\/www.visitamalfi.info\/de\/fall\/56-ausgabe-der-unterwasser-weihnacht-conca-dei-marini-und-amalfikueste\/#breadcrumb"},"inLanguage":"de","potentialAction":[{"@type":"ReadAction","target":["https:\/\/www.visitamalfi.info\/de\/fall\/56-ausgabe-der-unterwasser-weihnacht-conca-dei-marini-und-amalfikueste\/"]}]},{"@type":"BreadcrumbList","@id":"https:\/\/www.visitamalfi.info\/de\/fall\/56-ausgabe-der-unterwasser-weihnacht-conca-dei-marini-und-amalfikueste\/#breadcrumb","itemListElement":[{"@type":"ListItem","position":1,"name":"Home","item":"https:\/\/www.visitamalfi.info\/de\/"},{"@type":"ListItem","position":2,"name":"Veranstaltungen","item":"https:\/\/www.visitamalfi.info\/de\/eventi\/"},{"@type":"ListItem","position":3,"name":"56. Ausgabe der Unterwasser-Weihnacht Conca dei Marini und Amalfiküste"}]},{"@type":"WebSite","@id":"https:\/\/www.visitamalfi.info\/de\/#website","url":"https:\/\/www.visitamalfi.info\/de\/","name":"Visit Amalfi","description":"Amalfi Destination Official Website","publisher":{"@id":"https:\/\/www.visitamalfi.info\/de\/#organization"},"potentialAction":[{"@type":"SearchAction","target":{"@type":"EntryPoint","urlTemplate":"https:\/\/www.visitamalfi.info\/de\/?s={search_term_string}"},"query-input":{"@type":"PropertyValueSpecification","valueRequired":true,"valueName":"search_term_string"}}],"inLanguage":"de"},{"@type":"Organization","@id":"https:\/\/www.visitamalfi.info\/de\/#organization","name":"Visit Amalfi","url":"https:\/\/www.visitamalfi.info\/de\/","logo":{"@type":"ImageObject","inLanguage":"de","@id":"https:\/\/www.visitamalfi.info\/de\/#\/schema\/logo\/image\/","url":"https:\/\/www.visitamalfi.info\/wp-content\/uploads\/2023\/04\/visit-amalfi-logo-web.png","contentUrl":"https:\/\/www.visitamalfi.info\/wp-content\/uploads\/2023\/04\/visit-amalfi-logo-web.png","width":800,"height":870,"caption":"Visit Amalfi"},"image":{"@id":"https:\/\/www.visitamalfi.info\/de\/#\/schema\/logo\/image\/"},"sameAs":["https:\/\/www.facebook.com\/visitamalfiofficial","https:\/\/www.instagram.com\/visitamalfiofficial\/"]}]}</script>
<!-- / Yoast SEO plugin. -->

56. Ausgabe der Unterwasser-Weihnacht Conca dei Marini und Amalfiküste - Visit Amalfi

56. AUFLAGE DER UNTERWASSER-WEIHNACHT VON CONCA DEI MARINI UND DER AMALFIKÜSTE
