{"id":20230,"date":"2024-11-12T19:16:51","date_gmt":"2024-11-12T18:16:51","guid":{"rendered":"https:\/\/www.visitamalfi.info\/evento\/das-silvester-galadinner-im-anantara-convento-di-amalfi\/"},"modified":"2024-11-12T19:16:51","modified_gmt":"2024-11-12T18:16:51","slug":"das-silvester-galadinner-im-anantara-convento-di-amalfi","status":"publish","type":"tribe_events","link":"https:\/\/www.visitamalfi.info\/de\/fall\/das-silvester-galadinner-im-anantara-convento-di-amalfi\/","title":{"rendered":"Das Silvester-Galadinner im Anantara Convento di Amalfi"},"content":{"rendered":"<p>DIENSTAG, 31. DEZEMBER 2024 Von 18.30 Uhr bis 1 Uhr morgens Lassen Sie uns das Jahr 2025 mit einem unvergesslichen Abendessen begr\u00fc\u00dfen. Erinnern Sie sich mit Ihren Liebsten bei einer Mahlzeit mit kunstvoll zubereiteten Meeresfr\u00fcchten aus der Region, gepaart mit erlesenen Weinen. Genie\u00dfen Sie s\u00fc\u00dfe K\u00f6stlichkeiten, und wenn es auf Mitternacht zugeht, k\u00f6nnen Sie auf der Terrasse einen Toast aussprechen, ein Feuerwerk veranstalten und Live-Musik h\u00f6ren.<\/p>\n<p><strong>Aperitif-Men\u00fc in der Bar Dei Cappuccini<\/strong><\/p>\n<p><em>Hummer und Kaviar Tacos<\/em><\/p>\n<p><em>Auster, gr\u00fcner Apfelgranita und Dill<\/em><\/p>\n<p><em>Rote Garnele, K\u00fcrbis und Timut-Pfeffer<\/em><\/p>\n<p><strong>Abendessen im Restaurant Dei Cappuccini<\/strong><\/p>\n<p><em>Dunkle Topinambur und Kardoncelli<\/em><\/p>\n<p><em>K\u00f6nigskrabbe, Spirulina-Algen und Wintergem\u00fcseanbau<\/em><\/p>\n<p><em>Aquarellreis, Basilikum-Pesto, Hummer und B\u00fcffel-Kefir<\/em><\/p>\n<p><em>Cannoncino vom Rind, Steinpilzragout und schwarzer Tr\u00fcffel<\/em><\/p>\n<p><em>Gegrillter Wolfsbarsch, Paprika und Kapern<\/em><\/p>\n<p><em>Granatapfel-Sorbet<\/em><\/p>\n<p><em>Cremige Mascarpone, Orange, Schokolade und Pekann\u00fcsse<\/em><\/p>\n<p><em>Die letzte Verw\u00f6hnung<\/em><\/p>\n<p><em>Mitternachtstoast, gefolgt von den traditionellen Linsen<\/em><\/p>\n<p>EUR 369 PRO PERSON, MIT BEGLEITENDEN WEINEN F\u00dcR INFORMATIONEN UND BUCHUNG:<\/p>\n<p><a href=\"https:\/\/www.visitamalfi.info\/amw-accommodation\/anantara-convento-di-amalfi\/\">Anantara Convento di Amalfi Grand Hotel<\/a><\/p>\n","protected":false},"excerpt":{"rendered":"<p>Lassen Sie uns das Jahr 2025 mit einem unvergesslichen Abendessen begr\u00fc\u00dfen. Erinnern Sie sich mit Ihren Liebsten bei einer Mahlzeit mit kunstvoll zubereiteten Meeresfr\u00fcchten aus der Region, gepaart mit erlesenen Weinen. Genie\u00dfen Sie s\u00fc\u00dfe K\u00f6stlichkeiten, und wenn es auf Mitternacht zugeht, k\u00f6nnen Sie auf der Terrasse einen Toast, ein Feuerwerk und Live-Musik genie\u00dfen.  <\/p>\n","protected":false},"author":7,"featured_media":0,"template":"","meta":{"inline_featured_image":false,"_tribe_events_status":"","_tribe_events_status_reason":"","footnotes":""},"tags":[],"tribe_events_cat":[],"class_list":["post-20230","tribe_events","type-tribe_events","status-publish","hentry"],"yoast_head":"<!-- This site is optimized with the Yoast SEO plugin v27.3 - https:\/\/yoast.com\/product\/yoast-seo-wordpress\/ -->\n<title>Das Silvester-Galadinner im Anantara Convento di Amalfi - Visit Amalfi<\/title>\n<meta name=\"robots\" content=\"index, follow, max-snippet:-1, max-image-preview:large, max-video-preview:-1\" \/>\n<link rel=\"canonical\" href=\"https:\/\/www.visitamalfi.info\/de\/fall\/das-silvester-galadinner-im-anantara-convento-di-amalfi\/\" \/>\n<meta property=\"og:locale\" content=\"de_DE\" \/>\n<meta property=\"og:type\" content=\"article\" \/>\n<meta property=\"og:title\" content=\"Das Silvester-Galadinner im Anantara Convento di Amalfi - Visit Amalfi\" \/>\n<meta property=\"og:description\" content=\"Lassen Sie uns das Jahr 2025 mit einem unvergesslichen Abendessen begr\u00fc\u00dfen. Erinnern Sie sich mit Ihren Liebsten bei einer Mahlzeit mit kunstvoll zubereiteten Meeresfr\u00fcchten aus der Region, gepaart mit erlesenen Weinen. Genie\u00dfen Sie s\u00fc\u00dfe K\u00f6stlichkeiten, und wenn es auf Mitternacht zugeht, k\u00f6nnen Sie auf der Terrasse einen Toast, ein Feuerwerk und Live-Musik genie\u00dfen.\" \/>\n<meta property=\"og:url\" content=\"https:\/\/www.visitamalfi.info\/de\/fall\/das-silvester-galadinner-im-anantara-convento-di-amalfi\/\" \/>\n<meta property=\"og:site_name\" content=\"Visit Amalfi\" \/>\n<meta property=\"article:publisher\" content=\"https:\/\/www.facebook.com\/visitamalfiofficial\" \/>\n<meta name=\"twitter:card\" content=\"summary_large_image\" \/>\n<meta name=\"twitter:label1\" content=\"Gesch\u00e4tzte Lesezeit\" \/>\n\t<meta name=\"twitter:data1\" content=\"1\u00a0Minute\" \/>\n<script type=\"application\/ld+json\" class=\"yoast-schema-graph\">{\"@context\":\"https:\\\/\\\/schema.org\",\"@graph\":[{\"@type\":\"WebPage\",\"@id\":\"https:\\\/\\\/www.visitamalfi.info\\\/de\\\/fall\\\/das-silvester-galadinner-im-anantara-convento-di-amalfi\\\/\",\"url\":\"https:\\\/\\\/www.visitamalfi.info\\\/de\\\/fall\\\/das-silvester-galadinner-im-anantara-convento-di-amalfi\\\/\",\"name\":\"Das Silvester-Galadinner im Anantara Convento di Amalfi - Visit Amalfi\",\"isPartOf\":{\"@id\":\"https:\\\/\\\/www.visitamalfi.info\\\/de\\\/#website\"},\"datePublished\":\"2024-11-12T18:16:51+00:00\",\"breadcrumb\":{\"@id\":\"https:\\\/\\\/www.visitamalfi.info\\\/de\\\/fall\\\/das-silvester-galadinner-im-anantara-convento-di-amalfi\\\/#breadcrumb\"},\"inLanguage\":\"de\",\"potentialAction\":[{\"@type\":\"ReadAction\",\"target\":[\"https:\\\/\\\/www.visitamalfi.info\\\/de\\\/fall\\\/das-silvester-galadinner-im-anantara-convento-di-amalfi\\\/\"]}]},{\"@type\":\"BreadcrumbList\",\"@id\":\"https:\\\/\\\/www.visitamalfi.info\\\/de\\\/fall\\\/das-silvester-galadinner-im-anantara-convento-di-amalfi\\\/#breadcrumb\",\"itemListElement\":[{\"@type\":\"ListItem\",\"position\":1,\"name\":\"Home\",\"item\":\"https:\\\/\\\/www.visitamalfi.info\\\/de\\\/\"},{\"@type\":\"ListItem\",\"position\":2,\"name\":\"Veranstaltungen\",\"item\":\"https:\\\/\\\/www.visitamalfi.info\\\/de\\\/eventi\\\/\"},{\"@type\":\"ListItem\",\"position\":3,\"name\":\"Das Silvester-Galadinner im Anantara Convento di Amalfi\"}]},{\"@type\":\"WebSite\",\"@id\":\"https:\\\/\\\/www.visitamalfi.info\\\/de\\\/#website\",\"url\":\"https:\\\/\\\/www.visitamalfi.info\\\/de\\\/\",\"name\":\"Visit Amalfi\",\"description\":\"Amalfi Destination Official Website\",\"publisher\":{\"@id\":\"https:\\\/\\\/www.visitamalfi.info\\\/de\\\/#organization\"},\"potentialAction\":[{\"@type\":\"SearchAction\",\"target\":{\"@type\":\"EntryPoint\",\"urlTemplate\":\"https:\\\/\\\/www.visitamalfi.info\\\/de\\\/?s={search_term_string}\"},\"query-input\":{\"@type\":\"PropertyValueSpecification\",\"valueRequired\":true,\"valueName\":\"search_term_string\"}}],\"inLanguage\":\"de\"},{\"@type\":\"Organization\",\"@id\":\"https:\\\/\\\/www.visitamalfi.info\\\/de\\\/#organization\",\"name\":\"Visit Amalfi\",\"url\":\"https:\\\/\\\/www.visitamalfi.info\\\/de\\\/\",\"logo\":{\"@type\":\"ImageObject\",\"inLanguage\":\"de\",\"@id\":\"https:\\\/\\\/www.visitamalfi.info\\\/de\\\/#\\\/schema\\\/logo\\\/image\\\/\",\"url\":\"https:\\\/\\\/www.visitamalfi.info\\\/wp-content\\\/uploads\\\/2023\\\/04\\\/visit-amalfi-logo-web.png\",\"contentUrl\":\"https:\\\/\\\/www.visitamalfi.info\\\/wp-content\\\/uploads\\\/2023\\\/04\\\/visit-amalfi-logo-web.png\",\"width\":800,\"height\":870,\"caption\":\"Visit Amalfi\"},\"image\":{\"@id\":\"https:\\\/\\\/www.visitamalfi.info\\\/de\\\/#\\\/schema\\\/logo\\\/image\\\/\"},\"sameAs\":[\"https:\\\/\\\/www.facebook.com\\\/visitamalfiofficial\",\"https:\\\/\\\/www.instagram.com\\\/visitamalfiofficial\\\/\"]}]}<\/script>\n<!-- \/ Yoast SEO plugin. -->","yoast_head_json":{"title":"Das Silvester-Galadinner im Anantara Convento di Amalfi - Visit Amalfi","robots":{"index":"index","follow":"follow","max-snippet":"max-snippet:-1","max-image-preview":"max-image-preview:large","max-video-preview":"max-video-preview:-1"},"canonical":"https:\/\/www.visitamalfi.info\/de\/fall\/das-silvester-galadinner-im-anantara-convento-di-amalfi\/","og_locale":"de_DE","og_type":"article","og_title":"Das Silvester-Galadinner im Anantara Convento di Amalfi - Visit Amalfi","og_description":"Lassen Sie uns das Jahr 2025 mit einem unvergesslichen Abendessen begr\u00fc\u00dfen. Erinnern Sie sich mit Ihren Liebsten bei einer Mahlzeit mit kunstvoll zubereiteten Meeresfr\u00fcchten aus der Region, gepaart mit erlesenen Weinen. Genie\u00dfen Sie s\u00fc\u00dfe K\u00f6stlichkeiten, und wenn es auf Mitternacht zugeht, k\u00f6nnen Sie auf der Terrasse einen Toast, ein Feuerwerk und Live-Musik genie\u00dfen.","og_url":"https:\/\/www.visitamalfi.info\/de\/fall\/das-silvester-galadinner-im-anantara-convento-di-amalfi\/","og_site_name":"Visit Amalfi","article_publisher":"https:\/\/www.facebook.com\/visitamalfiofficial","twitter_card":"summary_large_image","twitter_misc":{"Gesch\u00e4tzte Lesezeit":"1\u00a0Minute"},"schema":{"@context":"https:\/\/schema.org","@graph":[{"@type":"WebPage","@id":"https:\/\/www.visitamalfi.info\/de\/fall\/das-silvester-galadinner-im-anantara-convento-di-amalfi\/","url":"https:\/\/www.visitamalfi.info\/de\/fall\/das-silvester-galadinner-im-anantara-convento-di-amalfi\/","name":"Das Silvester-Galadinner im Anantara Convento di Amalfi - Visit Amalfi","isPartOf":{"@id":"https:\/\/www.visitamalfi.info\/de\/#website"},"datePublished":"2024-11-12T18:16:51+00:00","breadcrumb":{"@id":"https:\/\/www.visitamalfi.info\/de\/fall\/das-silvester-galadinner-im-anantara-convento-di-amalfi\/#breadcrumb"},"inLanguage":"de","potentialAction":[{"@type":"ReadAction","target":["https:\/\/www.visitamalfi.info\/de\/fall\/das-silvester-galadinner-im-anantara-convento-di-amalfi\/"]}]},{"@type":"BreadcrumbList","@id":"https:\/\/www.visitamalfi.info\/de\/fall\/das-silvester-galadinner-im-anantara-convento-di-amalfi\/#breadcrumb","itemListElement":[{"@type":"ListItem","position":1,"name":"Home","item":"https:\/\/www.visitamalfi.info\/de\/"},{"@type":"ListItem","position":2,"name":"Veranstaltungen","item":"https:\/\/www.visitamalfi.info\/de\/eventi\/"},{"@type":"ListItem","position":3,"name":"Das Silvester-Galadinner im Anantara Convento di Amalfi"}]},{"@type":"WebSite","@id":"https:\/\/www.visitamalfi.info\/de\/#website","url":"https:\/\/www.visitamalfi.info\/de\/","name":"Visit Amalfi","description":"Amalfi Destination Official Website","publisher":{"@id":"https:\/\/www.visitamalfi.info\/de\/#organization"},"potentialAction":[{"@type":"SearchAction","target":{"@type":"EntryPoint","urlTemplate":"https:\/\/www.visitamalfi.info\/de\/?s={search_term_string}"},"query-input":{"@type":"PropertyValueSpecification","valueRequired":true,"valueName":"search_term_string"}}],"inLanguage":"de"},{"@type":"Organization","@id":"https:\/\/www.visitamalfi.info\/de\/#organization","name":"Visit Amalfi","url":"https:\/\/www.visitamalfi.info\/de\/","logo":{"@type":"ImageObject","inLanguage":"de","@id":"https:\/\/www.visitamalfi.info\/de\/#\/schema\/logo\/image\/","url":"https:\/\/www.visitamalfi.info\/wp-content\/uploads\/2023\/04\/visit-amalfi-logo-web.png","contentUrl":"https:\/\/www.visitamalfi.info\/wp-content\/uploads\/2023\/04\/visit-amalfi-logo-web.png","width":800,"height":870,"caption":"Visit Amalfi"},"image":{"@id":"https:\/\/www.visitamalfi.info\/de\/#\/schema\/logo\/image\/"},"sameAs":["https:\/\/www.facebook.com\/visitamalfiofficial","https:\/\/www.instagram.com\/visitamalfiofficial\/"]}]}},"_links":{"self":[{"href":"https:\/\/www.visitamalfi.info\/de\/wp-json\/wp\/v2\/tribe_events\/20230","targetHints":{"allow":["GET"]}}],"collection":[{"href":"https:\/\/www.visitamalfi.info\/de\/wp-json\/wp\/v2\/tribe_events"}],"about":[{"href":"https:\/\/www.visitamalfi.info\/de\/wp-json\/wp\/v2\/types\/tribe_events"}],"author":[{"embeddable":true,"href":"https:\/\/www.visitamalfi.info\/de\/wp-json\/wp\/v2\/users\/7"}],"version-history":[{"count":0,"href":"https:\/\/www.visitamalfi.info\/de\/wp-json\/wp\/v2\/tribe_events\/20230\/revisions"}],"wp:attachment":[{"href":"https:\/\/www.visitamalfi.info\/de\/wp-json\/wp\/v2\/media?parent=20230"}],"wp:term":[{"taxonomy":"post_tag","embeddable":true,"href":"https:\/\/www.visitamalfi.info\/de\/wp-json\/wp\/v2\/tags?post=20230"},{"taxonomy":"tribe_events_cat","embeddable":true,"href":"https:\/\/www.visitamalfi.info\/de\/wp-json\/wp\/v2\/tribe_events_cat?post=20230"}],"curies":[{"name":"wp","href":"https:\/\/api.w.org\/{rel}","templated":true}]}}

<p>DIENSTAG, 31. DEZEMBER 2024 Von 18.30 Uhr bis 1 Uhr morgens Lassen Sie uns das Jahr 2025 mit einem unvergesslichen Abendessen begrüßen. Erinnern Sie sich mit Ihren Liebsten bei einer Mahlzeit mit kunstvoll zubereiteten Meeresfrüchten aus der Region, gepaart mit erlesenen Weinen. Genießen Sie süße Köstlichkeiten, und wenn es auf Mitternacht zugeht, können Sie auf der Terrasse einen Toast aussprechen, ein Feuerwerk veranstalten und Live-Musik hören.</p>
<p><strong>Aperitif-Menü in der Bar Dei Cappuccini</strong></p>
<p><em>Hummer und Kaviar Tacos</em></p>
<p><em>Auster, grüner Apfelgranita und Dill</em></p>
<p><em>Rote Garnele, Kürbis und Timut-Pfeffer</em></p>
<p><strong>Abendessen im Restaurant Dei Cappuccini</strong></p>
<p><em>Dunkle Topinambur und Kardoncelli</em></p>
<p><em>Königskrabbe, Spirulina-Algen und Wintergemüseanbau</em></p>
<p><em>Aquarellreis, Basilikum-Pesto, Hummer und Büffel-Kefir</em></p>
<p><em>Cannoncino vom Rind, Steinpilzragout und schwarzer Trüffel</em></p>
<p><em>Gegrillter Wolfsbarsch, Paprika und Kapern</em></p>
<p><em>Granatapfel-Sorbet</em></p>
<p><em>Cremige Mascarpone, Orange, Schokolade und Pekannüsse</em></p>
<p><em>Die letzte Verwöhnung</em></p>
<p><em>Mitternachtstoast, gefolgt von den traditionellen Linsen</em></p>
<p>EUR 369 PRO PERSON, MIT BEGLEITENDEN WEINEN FÜR INFORMATIONEN UND BUCHUNG:</p>
<p><a href="https://www.visitamalfi.info/amw-accommodation/anantara-convento-di-amalfi/">Anantara Convento di Amalfi Grand Hotel</a></p>

<p>Lassen Sie uns das Jahr 2025 mit einem unvergesslichen Abendessen begrüßen. Erinnern Sie sich mit Ihren Liebsten bei einer Mahlzeit mit kunstvoll zubereiteten Meeresfrüchten aus der Region, gepaart mit erlesenen Weinen. Genießen Sie süße Köstlichkeiten, und wenn es auf Mitternacht zugeht, können Sie auf der Terrasse einen Toast, ein Feuerwerk und Live-Musik genießen.  </p>

<!-- This site is optimized with the Yoast SEO plugin v27.3 - https://yoast.com/product/yoast-seo-wordpress/ -->
<title>Das Silvester-Galadinner im Anantara Convento di Amalfi - Visit Amalfi</title>
<meta name="robots" content="index, follow, max-snippet:-1, max-image-preview:large, max-video-preview:-1" />
<link rel="canonical" href="https://www.visitamalfi.info/de/fall/das-silvester-galadinner-im-anantara-convento-di-amalfi/" />
<meta property="og:locale" content="de_DE" />
<meta property="og:type" content="article" />
<meta property="og:title" content="Das Silvester-Galadinner im Anantara Convento di Amalfi - Visit Amalfi" />
<meta property="og:description" content="Lassen Sie uns das Jahr 2025 mit einem unvergesslichen Abendessen begrüßen. Erinnern Sie sich mit Ihren Liebsten bei einer Mahlzeit mit kunstvoll zubereiteten Meeresfrüchten aus der Region, gepaart mit erlesenen Weinen. Genießen Sie süße Köstlichkeiten, und wenn es auf Mitternacht zugeht, können Sie auf der Terrasse einen Toast, ein Feuerwerk und Live-Musik genießen." />
<meta property="og:url" content="https://www.visitamalfi.info/de/fall/das-silvester-galadinner-im-anantara-convento-di-amalfi/" />
<meta property="og:site_name" content="Visit Amalfi" />
<meta property="article:publisher" content="https://www.facebook.com/visitamalfiofficial" />
<meta name="twitter:card" content="summary_large_image" />
<meta name="twitter:label1" content="Geschätzte Lesezeit" />
	<meta name="twitter:data1" content="1 Minute" />
<script type="application/ld+json" class="yoast-schema-graph">{"@context":"https:\/\/schema.org","@graph":[{"@type":"WebPage","@id":"https:\/\/www.visitamalfi.info\/de\/fall\/das-silvester-galadinner-im-anantara-convento-di-amalfi\/","url":"https:\/\/www.visitamalfi.info\/de\/fall\/das-silvester-galadinner-im-anantara-convento-di-amalfi\/","name":"Das Silvester-Galadinner im Anantara Convento di Amalfi - Visit Amalfi","isPartOf":{"@id":"https:\/\/www.visitamalfi.info\/de\/#website"},"datePublished":"2024-11-12T18:16:51+00:00","breadcrumb":{"@id":"https:\/\/www.visitamalfi.info\/de\/fall\/das-silvester-galadinner-im-anantara-convento-di-amalfi\/#breadcrumb"},"inLanguage":"de","potentialAction":[{"@type":"ReadAction","target":["https:\/\/www.visitamalfi.info\/de\/fall\/das-silvester-galadinner-im-anantara-convento-di-amalfi\/"]}]},{"@type":"BreadcrumbList","@id":"https:\/\/www.visitamalfi.info\/de\/fall\/das-silvester-galadinner-im-anantara-convento-di-amalfi\/#breadcrumb","itemListElement":[{"@type":"ListItem","position":1,"name":"Home","item":"https:\/\/www.visitamalfi.info\/de\/"},{"@type":"ListItem","position":2,"name":"Veranstaltungen","item":"https:\/\/www.visitamalfi.info\/de\/eventi\/"},{"@type":"ListItem","position":3,"name":"Das Silvester-Galadinner im Anantara Convento di Amalfi"}]},{"@type":"WebSite","@id":"https:\/\/www.visitamalfi.info\/de\/#website","url":"https:\/\/www.visitamalfi.info\/de\/","name":"Visit Amalfi","description":"Amalfi Destination Official Website","publisher":{"@id":"https:\/\/www.visitamalfi.info\/de\/#organization"},"potentialAction":[{"@type":"SearchAction","target":{"@type":"EntryPoint","urlTemplate":"https:\/\/www.visitamalfi.info\/de\/?s={search_term_string}"},"query-input":{"@type":"PropertyValueSpecification","valueRequired":true,"valueName":"search_term_string"}}],"inLanguage":"de"},{"@type":"Organization","@id":"https:\/\/www.visitamalfi.info\/de\/#organization","name":"Visit Amalfi","url":"https:\/\/www.visitamalfi.info\/de\/","logo":{"@type":"ImageObject","inLanguage":"de","@id":"https:\/\/www.visitamalfi.info\/de\/#\/schema\/logo\/image\/","url":"https:\/\/www.visitamalfi.info\/wp-content\/uploads\/2023\/04\/visit-amalfi-logo-web.png","contentUrl":"https:\/\/www.visitamalfi.info\/wp-content\/uploads\/2023\/04\/visit-amalfi-logo-web.png","width":800,"height":870,"caption":"Visit Amalfi"},"image":{"@id":"https:\/\/www.visitamalfi.info\/de\/#\/schema\/logo\/image\/"},"sameAs":["https:\/\/www.facebook.com\/visitamalfiofficial","https:\/\/www.instagram.com\/visitamalfiofficial\/"]}]}</script>
<!-- / Yoast SEO plugin. -->

Lassen Sie uns das Jahr 2025 mit einem unvergesslichen Abendessen begrüßen. Erinnern Sie sich mit Ihren Liebsten bei einer Mahlzeit mit kunstvoll zubereiteten Meeresfrüchten aus der Region, gepaart mit erlesenen Weinen. Genießen Sie süße Köstlichkeiten, und wenn es auf Mitternacht zugeht, können Sie auf der Terrasse einen Toast, ein Feuerwerk und Live-Musik genießen.
