{"id":19921,"date":"2024-08-31T13:07:16","date_gmt":"2024-08-31T11:07:16","guid":{"rendered":"https:\/\/www.visitamalfi.info\/evento\/aufraeumtag-malfis-engel-in-aktion\/"},"modified":"2024-08-31T13:07:16","modified_gmt":"2024-08-31T11:07:16","slug":"aufraeumtag-malfis-engel-in-aktion","status":"publish","type":"tribe_events","link":"https:\/\/www.visitamalfi.info\/de\/fall\/aufraeumtag-malfis-engel-in-aktion\/","title":{"rendered":"Aufr\u00e4umtag &#8211; Malfis Engel in Aktion!"},"content":{"rendered":"<p><em><strong>&#8220;Keep Calm  Keep Clean<\/strong>&#8220;<\/em> B\u00fcrger und Touristen, aufgeteilt in Teams, laufen \u00fcber die wichtigsten Pl\u00e4tze, Str\u00e4nde und Gassen der Alten Seerepublik und tragen zur Sauberkeit und zum Anstand in ihren Nervenzentren bei. Werden Sie in unserem Team sein? Wir warten auf Sie   <span class=\"OYPEnA font-feature-liga-off font-feature-clig-off font-feature-calt-off text-decoration-none text-strikethrough-none\">Freitag, 6. September 2024<\/span><\/p>\n<p class=\"cvGsUA direction-ltr align-center para-style-body\"><span class=\"OYPEnA font-feature-liga-off font-feature-clig-off font-feature-calt-off text-decoration-none text-strikethrough-none\">-Treffpunkt-<\/span><\/p>\n<p class=\"cvGsUA direction-ltr align-center para-style-body\"><span class=\"OYPEnA font-feature-liga-off font-feature-clig-off font-feature-calt-off text-decoration-none text-strikethrough-none\">Piazza della Bussola | Amalfi<\/span><\/p>\n<p class=\"cvGsUA direction-ltr align-center para-style-body\"><span class=\"OYPEnA font-feature-liga-off font-feature-clig-off font-feature-calt-off text-decoration-none text-strikethrough-none\">18.30 Uhr.<\/span><\/p>\n","protected":false},"excerpt":{"rendered":"<p>Verb\u00e4nde und die Stadtverwaltung f\u00fchren gemeinsam Reinigungsaktionen im historischen Zentrum und an den Str\u00e4nden durch. Die Initiative ist Teil von Aktionen, die das Bewusstsein f\u00fcr den Respekt vor der Umwelt und den B\u00fcrgersinn st\u00e4rken sollen. <\/p>\n","protected":false},"author":7,"featured_media":0,"template":"","meta":{"inline_featured_image":false,"_tribe_events_status":"","_tribe_events_status_reason":"","footnotes":""},"tags":[],"tribe_events_cat":[],"class_list":["post-19921","tribe_events","type-tribe_events","status-publish","hentry"],"yoast_head":"<!-- This site is optimized with the Yoast SEO plugin v27.3 - https:\/\/yoast.com\/product\/yoast-seo-wordpress\/ -->\n<title>Aufr\u00e4umtag - Malfis Engel in Aktion! - Visit Amalfi<\/title>\n<meta name=\"robots\" content=\"index, follow, max-snippet:-1, max-image-preview:large, max-video-preview:-1\" \/>\n<link rel=\"canonical\" href=\"https:\/\/www.visitamalfi.info\/de\/fall\/aufraeumtag-malfis-engel-in-aktion\/\" \/>\n<meta property=\"og:locale\" content=\"de_DE\" \/>\n<meta property=\"og:type\" content=\"article\" \/>\n<meta property=\"og:title\" content=\"Aufr\u00e4umtag - Malfis Engel in Aktion! - Visit Amalfi\" \/>\n<meta property=\"og:description\" content=\"Verb\u00e4nde und die Stadtverwaltung f\u00fchren gemeinsam Reinigungsaktionen im historischen Zentrum und an den Str\u00e4nden durch. Die Initiative ist Teil von Aktionen, die das Bewusstsein f\u00fcr den Respekt vor der Umwelt und den B\u00fcrgersinn st\u00e4rken sollen.\" \/>\n<meta property=\"og:url\" content=\"https:\/\/www.visitamalfi.info\/de\/fall\/aufraeumtag-malfis-engel-in-aktion\/\" \/>\n<meta property=\"og:site_name\" content=\"Visit Amalfi\" \/>\n<meta property=\"article:publisher\" content=\"https:\/\/www.facebook.com\/visitamalfiofficial\" \/>\n<meta name=\"twitter:card\" content=\"summary_large_image\" \/>\n<script type=\"application\/ld+json\" class=\"yoast-schema-graph\">{\"@context\":\"https:\\\/\\\/schema.org\",\"@graph\":[{\"@type\":\"WebPage\",\"@id\":\"https:\\\/\\\/www.visitamalfi.info\\\/de\\\/fall\\\/aufraeumtag-malfis-engel-in-aktion\\\/\",\"url\":\"https:\\\/\\\/www.visitamalfi.info\\\/de\\\/fall\\\/aufraeumtag-malfis-engel-in-aktion\\\/\",\"name\":\"Aufr\u00e4umtag - Malfis Engel in Aktion! - Visit Amalfi\",\"isPartOf\":{\"@id\":\"https:\\\/\\\/www.visitamalfi.info\\\/de\\\/#website\"},\"datePublished\":\"2024-08-31T11:07:16+00:00\",\"breadcrumb\":{\"@id\":\"https:\\\/\\\/www.visitamalfi.info\\\/de\\\/fall\\\/aufraeumtag-malfis-engel-in-aktion\\\/#breadcrumb\"},\"inLanguage\":\"de\",\"potentialAction\":[{\"@type\":\"ReadAction\",\"target\":[\"https:\\\/\\\/www.visitamalfi.info\\\/de\\\/fall\\\/aufraeumtag-malfis-engel-in-aktion\\\/\"]}]},{\"@type\":\"BreadcrumbList\",\"@id\":\"https:\\\/\\\/www.visitamalfi.info\\\/de\\\/fall\\\/aufraeumtag-malfis-engel-in-aktion\\\/#breadcrumb\",\"itemListElement\":[{\"@type\":\"ListItem\",\"position\":1,\"name\":\"Home\",\"item\":\"https:\\\/\\\/www.visitamalfi.info\\\/de\\\/\"},{\"@type\":\"ListItem\",\"position\":2,\"name\":\"Veranstaltungen\",\"item\":\"https:\\\/\\\/www.visitamalfi.info\\\/de\\\/eventi\\\/\"},{\"@type\":\"ListItem\",\"position\":3,\"name\":\"Aufr\u00e4umtag &#8211; Malfis Engel in Aktion!\"}]},{\"@type\":\"WebSite\",\"@id\":\"https:\\\/\\\/www.visitamalfi.info\\\/de\\\/#website\",\"url\":\"https:\\\/\\\/www.visitamalfi.info\\\/de\\\/\",\"name\":\"Visit Amalfi\",\"description\":\"Amalfi Destination Official Website\",\"publisher\":{\"@id\":\"https:\\\/\\\/www.visitamalfi.info\\\/de\\\/#organization\"},\"potentialAction\":[{\"@type\":\"SearchAction\",\"target\":{\"@type\":\"EntryPoint\",\"urlTemplate\":\"https:\\\/\\\/www.visitamalfi.info\\\/de\\\/?s={search_term_string}\"},\"query-input\":{\"@type\":\"PropertyValueSpecification\",\"valueRequired\":true,\"valueName\":\"search_term_string\"}}],\"inLanguage\":\"de\"},{\"@type\":\"Organization\",\"@id\":\"https:\\\/\\\/www.visitamalfi.info\\\/de\\\/#organization\",\"name\":\"Visit Amalfi\",\"url\":\"https:\\\/\\\/www.visitamalfi.info\\\/de\\\/\",\"logo\":{\"@type\":\"ImageObject\",\"inLanguage\":\"de\",\"@id\":\"https:\\\/\\\/www.visitamalfi.info\\\/de\\\/#\\\/schema\\\/logo\\\/image\\\/\",\"url\":\"https:\\\/\\\/www.visitamalfi.info\\\/wp-content\\\/uploads\\\/2023\\\/04\\\/visit-amalfi-logo-web.png\",\"contentUrl\":\"https:\\\/\\\/www.visitamalfi.info\\\/wp-content\\\/uploads\\\/2023\\\/04\\\/visit-amalfi-logo-web.png\",\"width\":800,\"height\":870,\"caption\":\"Visit Amalfi\"},\"image\":{\"@id\":\"https:\\\/\\\/www.visitamalfi.info\\\/de\\\/#\\\/schema\\\/logo\\\/image\\\/\"},\"sameAs\":[\"https:\\\/\\\/www.facebook.com\\\/visitamalfiofficial\",\"https:\\\/\\\/www.instagram.com\\\/visitamalfiofficial\\\/\"]}]}<\/script>\n<!-- \/ Yoast SEO plugin. -->","yoast_head_json":{"title":"Aufr\u00e4umtag - Malfis Engel in Aktion! - Visit Amalfi","robots":{"index":"index","follow":"follow","max-snippet":"max-snippet:-1","max-image-preview":"max-image-preview:large","max-video-preview":"max-video-preview:-1"},"canonical":"https:\/\/www.visitamalfi.info\/de\/fall\/aufraeumtag-malfis-engel-in-aktion\/","og_locale":"de_DE","og_type":"article","og_title":"Aufr\u00e4umtag - Malfis Engel in Aktion! - Visit Amalfi","og_description":"Verb\u00e4nde und die Stadtverwaltung f\u00fchren gemeinsam Reinigungsaktionen im historischen Zentrum und an den Str\u00e4nden durch. Die Initiative ist Teil von Aktionen, die das Bewusstsein f\u00fcr den Respekt vor der Umwelt und den B\u00fcrgersinn st\u00e4rken sollen.","og_url":"https:\/\/www.visitamalfi.info\/de\/fall\/aufraeumtag-malfis-engel-in-aktion\/","og_site_name":"Visit Amalfi","article_publisher":"https:\/\/www.facebook.com\/visitamalfiofficial","twitter_card":"summary_large_image","schema":{"@context":"https:\/\/schema.org","@graph":[{"@type":"WebPage","@id":"https:\/\/www.visitamalfi.info\/de\/fall\/aufraeumtag-malfis-engel-in-aktion\/","url":"https:\/\/www.visitamalfi.info\/de\/fall\/aufraeumtag-malfis-engel-in-aktion\/","name":"Aufr\u00e4umtag - Malfis Engel in Aktion! - Visit Amalfi","isPartOf":{"@id":"https:\/\/www.visitamalfi.info\/de\/#website"},"datePublished":"2024-08-31T11:07:16+00:00","breadcrumb":{"@id":"https:\/\/www.visitamalfi.info\/de\/fall\/aufraeumtag-malfis-engel-in-aktion\/#breadcrumb"},"inLanguage":"de","potentialAction":[{"@type":"ReadAction","target":["https:\/\/www.visitamalfi.info\/de\/fall\/aufraeumtag-malfis-engel-in-aktion\/"]}]},{"@type":"BreadcrumbList","@id":"https:\/\/www.visitamalfi.info\/de\/fall\/aufraeumtag-malfis-engel-in-aktion\/#breadcrumb","itemListElement":[{"@type":"ListItem","position":1,"name":"Home","item":"https:\/\/www.visitamalfi.info\/de\/"},{"@type":"ListItem","position":2,"name":"Veranstaltungen","item":"https:\/\/www.visitamalfi.info\/de\/eventi\/"},{"@type":"ListItem","position":3,"name":"Aufr\u00e4umtag &#8211; Malfis Engel in Aktion!"}]},{"@type":"WebSite","@id":"https:\/\/www.visitamalfi.info\/de\/#website","url":"https:\/\/www.visitamalfi.info\/de\/","name":"Visit Amalfi","description":"Amalfi Destination Official Website","publisher":{"@id":"https:\/\/www.visitamalfi.info\/de\/#organization"},"potentialAction":[{"@type":"SearchAction","target":{"@type":"EntryPoint","urlTemplate":"https:\/\/www.visitamalfi.info\/de\/?s={search_term_string}"},"query-input":{"@type":"PropertyValueSpecification","valueRequired":true,"valueName":"search_term_string"}}],"inLanguage":"de"},{"@type":"Organization","@id":"https:\/\/www.visitamalfi.info\/de\/#organization","name":"Visit Amalfi","url":"https:\/\/www.visitamalfi.info\/de\/","logo":{"@type":"ImageObject","inLanguage":"de","@id":"https:\/\/www.visitamalfi.info\/de\/#\/schema\/logo\/image\/","url":"https:\/\/www.visitamalfi.info\/wp-content\/uploads\/2023\/04\/visit-amalfi-logo-web.png","contentUrl":"https:\/\/www.visitamalfi.info\/wp-content\/uploads\/2023\/04\/visit-amalfi-logo-web.png","width":800,"height":870,"caption":"Visit Amalfi"},"image":{"@id":"https:\/\/www.visitamalfi.info\/de\/#\/schema\/logo\/image\/"},"sameAs":["https:\/\/www.facebook.com\/visitamalfiofficial","https:\/\/www.instagram.com\/visitamalfiofficial\/"]}]}},"_links":{"self":[{"href":"https:\/\/www.visitamalfi.info\/de\/wp-json\/wp\/v2\/tribe_events\/19921","targetHints":{"allow":["GET"]}}],"collection":[{"href":"https:\/\/www.visitamalfi.info\/de\/wp-json\/wp\/v2\/tribe_events"}],"about":[{"href":"https:\/\/www.visitamalfi.info\/de\/wp-json\/wp\/v2\/types\/tribe_events"}],"author":[{"embeddable":true,"href":"https:\/\/www.visitamalfi.info\/de\/wp-json\/wp\/v2\/users\/7"}],"version-history":[{"count":0,"href":"https:\/\/www.visitamalfi.info\/de\/wp-json\/wp\/v2\/tribe_events\/19921\/revisions"}],"wp:attachment":[{"href":"https:\/\/www.visitamalfi.info\/de\/wp-json\/wp\/v2\/media?parent=19921"}],"wp:term":[{"taxonomy":"post_tag","embeddable":true,"href":"https:\/\/www.visitamalfi.info\/de\/wp-json\/wp\/v2\/tags?post=19921"},{"taxonomy":"tribe_events_cat","embeddable":true,"href":"https:\/\/www.visitamalfi.info\/de\/wp-json\/wp\/v2\/tribe_events_cat?post=19921"}],"curies":[{"name":"wp","href":"https:\/\/api.w.org\/{rel}","templated":true}]}}

Aufräumtag &#8211; Malfis Engel in Aktion!

<p><em><strong>&#8220;Keep Calm  Keep Clean</strong>&#8220;</em> Bürger und Touristen, aufgeteilt in Teams, laufen über die wichtigsten Plätze, Strände und Gassen der Alten Seerepublik und tragen zur Sauberkeit und zum Anstand in ihren Nervenzentren bei. Werden Sie in unserem Team sein? Wir warten auf Sie   <span class="OYPEnA font-feature-liga-off font-feature-clig-off font-feature-calt-off text-decoration-none text-strikethrough-none">Freitag, 6. September 2024</span></p>
<p class="cvGsUA direction-ltr align-center para-style-body"><span class="OYPEnA font-feature-liga-off font-feature-clig-off font-feature-calt-off text-decoration-none text-strikethrough-none">-Treffpunkt-</span></p>
<p class="cvGsUA direction-ltr align-center para-style-body"><span class="OYPEnA font-feature-liga-off font-feature-clig-off font-feature-calt-off text-decoration-none text-strikethrough-none">Piazza della Bussola | Amalfi</span></p>
<p class="cvGsUA direction-ltr align-center para-style-body"><span class="OYPEnA font-feature-liga-off font-feature-clig-off font-feature-calt-off text-decoration-none text-strikethrough-none">18.30 Uhr.</span></p>

<p>Verbände und die Stadtverwaltung führen gemeinsam Reinigungsaktionen im historischen Zentrum und an den Stränden durch. Die Initiative ist Teil von Aktionen, die das Bewusstsein für den Respekt vor der Umwelt und den Bürgersinn stärken sollen. </p>

<!-- This site is optimized with the Yoast SEO plugin v27.3 - https://yoast.com/product/yoast-seo-wordpress/ -->
<title>Aufräumtag - Malfis Engel in Aktion! - Visit Amalfi</title>
<meta name="robots" content="index, follow, max-snippet:-1, max-image-preview:large, max-video-preview:-1" />
<link rel="canonical" href="https://www.visitamalfi.info/de/fall/aufraeumtag-malfis-engel-in-aktion/" />
<meta property="og:locale" content="de_DE" />
<meta property="og:type" content="article" />
<meta property="og:title" content="Aufräumtag - Malfis Engel in Aktion! - Visit Amalfi" />
<meta property="og:description" content="Verbände und die Stadtverwaltung führen gemeinsam Reinigungsaktionen im historischen Zentrum und an den Stränden durch. Die Initiative ist Teil von Aktionen, die das Bewusstsein für den Respekt vor der Umwelt und den Bürgersinn stärken sollen." />
<meta property="og:url" content="https://www.visitamalfi.info/de/fall/aufraeumtag-malfis-engel-in-aktion/" />
<meta property="og:site_name" content="Visit Amalfi" />
<meta property="article:publisher" content="https://www.facebook.com/visitamalfiofficial" />
<meta name="twitter:card" content="summary_large_image" />
<script type="application/ld+json" class="yoast-schema-graph">{"@context":"https:\/\/schema.org","@graph":[{"@type":"WebPage","@id":"https:\/\/www.visitamalfi.info\/de\/fall\/aufraeumtag-malfis-engel-in-aktion\/","url":"https:\/\/www.visitamalfi.info\/de\/fall\/aufraeumtag-malfis-engel-in-aktion\/","name":"Aufräumtag - Malfis Engel in Aktion! - Visit Amalfi","isPartOf":{"@id":"https:\/\/www.visitamalfi.info\/de\/#website"},"datePublished":"2024-08-31T11:07:16+00:00","breadcrumb":{"@id":"https:\/\/www.visitamalfi.info\/de\/fall\/aufraeumtag-malfis-engel-in-aktion\/#breadcrumb"},"inLanguage":"de","potentialAction":[{"@type":"ReadAction","target":["https:\/\/www.visitamalfi.info\/de\/fall\/aufraeumtag-malfis-engel-in-aktion\/"]}]},{"@type":"BreadcrumbList","@id":"https:\/\/www.visitamalfi.info\/de\/fall\/aufraeumtag-malfis-engel-in-aktion\/#breadcrumb","itemListElement":[{"@type":"ListItem","position":1,"name":"Home","item":"https:\/\/www.visitamalfi.info\/de\/"},{"@type":"ListItem","position":2,"name":"Veranstaltungen","item":"https:\/\/www.visitamalfi.info\/de\/eventi\/"},{"@type":"ListItem","position":3,"name":"Aufräumtag &#8211; Malfis Engel in Aktion!"}]},{"@type":"WebSite","@id":"https:\/\/www.visitamalfi.info\/de\/#website","url":"https:\/\/www.visitamalfi.info\/de\/","name":"Visit Amalfi","description":"Amalfi Destination Official Website","publisher":{"@id":"https:\/\/www.visitamalfi.info\/de\/#organization"},"potentialAction":[{"@type":"SearchAction","target":{"@type":"EntryPoint","urlTemplate":"https:\/\/www.visitamalfi.info\/de\/?s={search_term_string}"},"query-input":{"@type":"PropertyValueSpecification","valueRequired":true,"valueName":"search_term_string"}}],"inLanguage":"de"},{"@type":"Organization","@id":"https:\/\/www.visitamalfi.info\/de\/#organization","name":"Visit Amalfi","url":"https:\/\/www.visitamalfi.info\/de\/","logo":{"@type":"ImageObject","inLanguage":"de","@id":"https:\/\/www.visitamalfi.info\/de\/#\/schema\/logo\/image\/","url":"https:\/\/www.visitamalfi.info\/wp-content\/uploads\/2023\/04\/visit-amalfi-logo-web.png","contentUrl":"https:\/\/www.visitamalfi.info\/wp-content\/uploads\/2023\/04\/visit-amalfi-logo-web.png","width":800,"height":870,"caption":"Visit Amalfi"},"image":{"@id":"https:\/\/www.visitamalfi.info\/de\/#\/schema\/logo\/image\/"},"sameAs":["https:\/\/www.facebook.com\/visitamalfiofficial","https:\/\/www.instagram.com\/visitamalfiofficial\/"]}]}</script>
<!-- / Yoast SEO plugin. -->

Aufräumtag - Malfis Engel in Aktion! - Visit Amalfi

Verbände und die Stadtverwaltung führen gemeinsam Reinigungsaktionen im historischen Zentrum und an den Stränden durch. Die Initiative ist Teil von Aktionen, die das Bewusstsein für den Respekt vor der Umwelt und den Bürgersinn stärken sollen.
