{"id":19904,"date":"2024-08-26T16:05:12","date_gmt":"2024-08-26T14:05:12","guid":{"rendered":"https:\/\/www.visitamalfi.info\/evento\/arisa-im-konzert\/"},"modified":"2024-08-26T16:05:12","modified_gmt":"2024-08-26T14:05:12","slug":"arisa-im-konzert","status":"publish","type":"tribe_events","link":"https:\/\/www.visitamalfi.info\/de\/fall\/arisa-im-konzert\/","title":{"rendered":"Arisa im Konzert"},"content":{"rendered":"<p>Ein gro\u00dfes Finale f\u00fcr die <a href=\"https:\/\/www.visitamalfi.info\/evento\/capodanno-bizantino\/\">byzantinische Silvesternacht<\/a> 2024, Arisa im Konzert auf der Piazza Duomo in Amalfi, das f\u00fcr 21.30 Uhr geplant ist. Zu diesem Anlass wird die K\u00fcnstlerin eine noch nie dagewesene Show auff\u00fchren, die nur aus Gesang und Klavier besteht: Emotionen garantiert! Talent, gute Musik und eine traumhafte Kulisse, die Stadt Amalfi, werden diesen Abend einzigartig machen! Die au\u00dfergew\u00f6hnliche K\u00fcnstlerin, S\u00e4ngerin und TV-Pers\u00f6nlichkeit wird ein akustisches Klavier- und Gesangsset in einer einzigartigen Atmosph\u00e4re auff\u00fchren. &#8220;Arisa, eine anspruchsvolle K\u00fcnstlerin, kehrt diesen Sommer mit der Single -Baciami Stupido- zur\u00fcck. Ein Lied mit sommerlichen und mitrei\u00dfenden Kl\u00e4ngen, das die universelle Liebe in all ihren Formen feiern will: In der Tat steckt darin die ganze Symbolik der zeitlosen Geste des K\u00fcssens, die f\u00fcr Arisa zu einem kraftvollen Symbol des Einverst\u00e4ndnisses wird, einem Moment der Verletzlichkeit und Intimit\u00e4t, in dem zwei Liebende freiwillig einen tiefen Ausdruck der Zuneigung teilen&#8221;.      &nbsp;<\/p>\n","protected":false},"excerpt":{"rendered":"<p>Ein gro\u00dfes Finale f\u00fcr die byzantinische Silvesternacht 2024, Arisa im Konzert auf der Piazza Duomo in Amalfi, geplant um 21:30 &#8211; Eintritt frei<\/p>\n","protected":false},"author":7,"featured_media":0,"template":"","meta":{"inline_featured_image":false,"_tribe_events_status":"","_tribe_events_status_reason":"","footnotes":""},"tags":[1838,1837,712,1339],"tribe_events_cat":[557,361,638],"class_list":["post-19904","tribe_events","type-tribe_events","status-publish","hentry","tag-amalfisommerfest","tag-arisa-de","tag-byzantinisches-neujahr","tag-konzert","tribe_events_cat-italienische-musik","tribe_events_cat-musica-dal-vivo-de","tribe_events_cat-musik","cat_italienische-musik","cat_musica-dal-vivo-de","cat_musik"],"yoast_head":"<!-- This site is optimized with the Yoast SEO plugin v27.3 - https:\/\/yoast.com\/product\/yoast-seo-wordpress\/ -->\n<title>Arisa im Konzert - Visit Amalfi<\/title>\n<meta name=\"robots\" content=\"index, follow, max-snippet:-1, max-image-preview:large, max-video-preview:-1\" \/>\n<link rel=\"canonical\" href=\"https:\/\/www.visitamalfi.info\/de\/fall\/arisa-im-konzert\/\" \/>\n<meta property=\"og:locale\" content=\"de_DE\" \/>\n<meta property=\"og:type\" content=\"article\" \/>\n<meta property=\"og:title\" content=\"Arisa im Konzert - Visit Amalfi\" \/>\n<meta property=\"og:description\" content=\"Ein gro\u00dfes Finale f\u00fcr die byzantinische Silvesternacht 2024, Arisa im Konzert auf der Piazza Duomo in Amalfi, geplant um 21:30 - Eintritt frei\" \/>\n<meta property=\"og:url\" content=\"https:\/\/www.visitamalfi.info\/de\/fall\/arisa-im-konzert\/\" \/>\n<meta property=\"og:site_name\" content=\"Visit Amalfi\" \/>\n<meta property=\"article:publisher\" content=\"https:\/\/www.facebook.com\/visitamalfiofficial\" \/>\n<meta name=\"twitter:card\" content=\"summary_large_image\" \/>\n<meta name=\"twitter:label1\" content=\"Gesch\u00e4tzte Lesezeit\" \/>\n\t<meta name=\"twitter:data1\" content=\"1\u00a0Minute\" \/>\n<script type=\"application\/ld+json\" class=\"yoast-schema-graph\">{\"@context\":\"https:\\\/\\\/schema.org\",\"@graph\":[{\"@type\":\"WebPage\",\"@id\":\"https:\\\/\\\/www.visitamalfi.info\\\/de\\\/fall\\\/arisa-im-konzert\\\/\",\"url\":\"https:\\\/\\\/www.visitamalfi.info\\\/de\\\/fall\\\/arisa-im-konzert\\\/\",\"name\":\"Arisa im Konzert - Visit Amalfi\",\"isPartOf\":{\"@id\":\"https:\\\/\\\/www.visitamalfi.info\\\/de\\\/#website\"},\"datePublished\":\"2024-08-26T14:05:12+00:00\",\"breadcrumb\":{\"@id\":\"https:\\\/\\\/www.visitamalfi.info\\\/de\\\/fall\\\/arisa-im-konzert\\\/#breadcrumb\"},\"inLanguage\":\"de\",\"potentialAction\":[{\"@type\":\"ReadAction\",\"target\":[\"https:\\\/\\\/www.visitamalfi.info\\\/de\\\/fall\\\/arisa-im-konzert\\\/\"]}]},{\"@type\":\"BreadcrumbList\",\"@id\":\"https:\\\/\\\/www.visitamalfi.info\\\/de\\\/fall\\\/arisa-im-konzert\\\/#breadcrumb\",\"itemListElement\":[{\"@type\":\"ListItem\",\"position\":1,\"name\":\"Home\",\"item\":\"https:\\\/\\\/www.visitamalfi.info\\\/de\\\/\"},{\"@type\":\"ListItem\",\"position\":2,\"name\":\"Veranstaltungen\",\"item\":\"https:\\\/\\\/www.visitamalfi.info\\\/de\\\/eventi\\\/\"},{\"@type\":\"ListItem\",\"position\":3,\"name\":\"Arisa im Konzert\"}]},{\"@type\":\"WebSite\",\"@id\":\"https:\\\/\\\/www.visitamalfi.info\\\/de\\\/#website\",\"url\":\"https:\\\/\\\/www.visitamalfi.info\\\/de\\\/\",\"name\":\"Visit Amalfi\",\"description\":\"Amalfi Destination Official Website\",\"publisher\":{\"@id\":\"https:\\\/\\\/www.visitamalfi.info\\\/de\\\/#organization\"},\"potentialAction\":[{\"@type\":\"SearchAction\",\"target\":{\"@type\":\"EntryPoint\",\"urlTemplate\":\"https:\\\/\\\/www.visitamalfi.info\\\/de\\\/?s={search_term_string}\"},\"query-input\":{\"@type\":\"PropertyValueSpecification\",\"valueRequired\":true,\"valueName\":\"search_term_string\"}}],\"inLanguage\":\"de\"},{\"@type\":\"Organization\",\"@id\":\"https:\\\/\\\/www.visitamalfi.info\\\/de\\\/#organization\",\"name\":\"Visit Amalfi\",\"url\":\"https:\\\/\\\/www.visitamalfi.info\\\/de\\\/\",\"logo\":{\"@type\":\"ImageObject\",\"inLanguage\":\"de\",\"@id\":\"https:\\\/\\\/www.visitamalfi.info\\\/de\\\/#\\\/schema\\\/logo\\\/image\\\/\",\"url\":\"https:\\\/\\\/www.visitamalfi.info\\\/wp-content\\\/uploads\\\/2023\\\/04\\\/visit-amalfi-logo-web.png\",\"contentUrl\":\"https:\\\/\\\/www.visitamalfi.info\\\/wp-content\\\/uploads\\\/2023\\\/04\\\/visit-amalfi-logo-web.png\",\"width\":800,\"height\":870,\"caption\":\"Visit Amalfi\"},\"image\":{\"@id\":\"https:\\\/\\\/www.visitamalfi.info\\\/de\\\/#\\\/schema\\\/logo\\\/image\\\/\"},\"sameAs\":[\"https:\\\/\\\/www.facebook.com\\\/visitamalfiofficial\",\"https:\\\/\\\/www.instagram.com\\\/visitamalfiofficial\\\/\"]}]}<\/script>\n<!-- \/ Yoast SEO plugin. -->","yoast_head_json":{"title":"Arisa im Konzert - Visit Amalfi","robots":{"index":"index","follow":"follow","max-snippet":"max-snippet:-1","max-image-preview":"max-image-preview:large","max-video-preview":"max-video-preview:-1"},"canonical":"https:\/\/www.visitamalfi.info\/de\/fall\/arisa-im-konzert\/","og_locale":"de_DE","og_type":"article","og_title":"Arisa im Konzert - Visit Amalfi","og_description":"Ein gro\u00dfes Finale f\u00fcr die byzantinische Silvesternacht 2024, Arisa im Konzert auf der Piazza Duomo in Amalfi, geplant um 21:30 - Eintritt frei","og_url":"https:\/\/www.visitamalfi.info\/de\/fall\/arisa-im-konzert\/","og_site_name":"Visit Amalfi","article_publisher":"https:\/\/www.facebook.com\/visitamalfiofficial","twitter_card":"summary_large_image","twitter_misc":{"Gesch\u00e4tzte Lesezeit":"1\u00a0Minute"},"schema":{"@context":"https:\/\/schema.org","@graph":[{"@type":"WebPage","@id":"https:\/\/www.visitamalfi.info\/de\/fall\/arisa-im-konzert\/","url":"https:\/\/www.visitamalfi.info\/de\/fall\/arisa-im-konzert\/","name":"Arisa im Konzert - Visit Amalfi","isPartOf":{"@id":"https:\/\/www.visitamalfi.info\/de\/#website"},"datePublished":"2024-08-26T14:05:12+00:00","breadcrumb":{"@id":"https:\/\/www.visitamalfi.info\/de\/fall\/arisa-im-konzert\/#breadcrumb"},"inLanguage":"de","potentialAction":[{"@type":"ReadAction","target":["https:\/\/www.visitamalfi.info\/de\/fall\/arisa-im-konzert\/"]}]},{"@type":"BreadcrumbList","@id":"https:\/\/www.visitamalfi.info\/de\/fall\/arisa-im-konzert\/#breadcrumb","itemListElement":[{"@type":"ListItem","position":1,"name":"Home","item":"https:\/\/www.visitamalfi.info\/de\/"},{"@type":"ListItem","position":2,"name":"Veranstaltungen","item":"https:\/\/www.visitamalfi.info\/de\/eventi\/"},{"@type":"ListItem","position":3,"name":"Arisa im Konzert"}]},{"@type":"WebSite","@id":"https:\/\/www.visitamalfi.info\/de\/#website","url":"https:\/\/www.visitamalfi.info\/de\/","name":"Visit Amalfi","description":"Amalfi Destination Official Website","publisher":{"@id":"https:\/\/www.visitamalfi.info\/de\/#organization"},"potentialAction":[{"@type":"SearchAction","target":{"@type":"EntryPoint","urlTemplate":"https:\/\/www.visitamalfi.info\/de\/?s={search_term_string}"},"query-input":{"@type":"PropertyValueSpecification","valueRequired":true,"valueName":"search_term_string"}}],"inLanguage":"de"},{"@type":"Organization","@id":"https:\/\/www.visitamalfi.info\/de\/#organization","name":"Visit Amalfi","url":"https:\/\/www.visitamalfi.info\/de\/","logo":{"@type":"ImageObject","inLanguage":"de","@id":"https:\/\/www.visitamalfi.info\/de\/#\/schema\/logo\/image\/","url":"https:\/\/www.visitamalfi.info\/wp-content\/uploads\/2023\/04\/visit-amalfi-logo-web.png","contentUrl":"https:\/\/www.visitamalfi.info\/wp-content\/uploads\/2023\/04\/visit-amalfi-logo-web.png","width":800,"height":870,"caption":"Visit Amalfi"},"image":{"@id":"https:\/\/www.visitamalfi.info\/de\/#\/schema\/logo\/image\/"},"sameAs":["https:\/\/www.facebook.com\/visitamalfiofficial","https:\/\/www.instagram.com\/visitamalfiofficial\/"]}]}},"_links":{"self":[{"href":"https:\/\/www.visitamalfi.info\/de\/wp-json\/wp\/v2\/tribe_events\/19904","targetHints":{"allow":["GET"]}}],"collection":[{"href":"https:\/\/www.visitamalfi.info\/de\/wp-json\/wp\/v2\/tribe_events"}],"about":[{"href":"https:\/\/www.visitamalfi.info\/de\/wp-json\/wp\/v2\/types\/tribe_events"}],"author":[{"embeddable":true,"href":"https:\/\/www.visitamalfi.info\/de\/wp-json\/wp\/v2\/users\/7"}],"version-history":[{"count":0,"href":"https:\/\/www.visitamalfi.info\/de\/wp-json\/wp\/v2\/tribe_events\/19904\/revisions"}],"wp:attachment":[{"href":"https:\/\/www.visitamalfi.info\/de\/wp-json\/wp\/v2\/media?parent=19904"}],"wp:term":[{"taxonomy":"post_tag","embeddable":true,"href":"https:\/\/www.visitamalfi.info\/de\/wp-json\/wp\/v2\/tags?post=19904"},{"taxonomy":"tribe_events_cat","embeddable":true,"href":"https:\/\/www.visitamalfi.info\/de\/wp-json\/wp\/v2\/tribe_events_cat?post=19904"}],"curies":[{"name":"wp","href":"https:\/\/api.w.org\/{rel}","templated":true}]}}

<p>Ein großes Finale für die <a href="https://www.visitamalfi.info/evento/capodanno-bizantino/">byzantinische Silvesternacht</a> 2024, Arisa im Konzert auf der Piazza Duomo in Amalfi, das für 21.30 Uhr geplant ist. Zu diesem Anlass wird die Künstlerin eine noch nie dagewesene Show aufführen, die nur aus Gesang und Klavier besteht: Emotionen garantiert! Talent, gute Musik und eine traumhafte Kulisse, die Stadt Amalfi, werden diesen Abend einzigartig machen! Die außergewöhnliche Künstlerin, Sängerin und TV-Persönlichkeit wird ein akustisches Klavier- und Gesangsset in einer einzigartigen Atmosphäre aufführen. &#8220;Arisa, eine anspruchsvolle Künstlerin, kehrt diesen Sommer mit der Single -Baciami Stupido- zurück. Ein Lied mit sommerlichen und mitreißenden Klängen, das die universelle Liebe in all ihren Formen feiern will: In der Tat steckt darin die ganze Symbolik der zeitlosen Geste des Küssens, die für Arisa zu einem kraftvollen Symbol des Einverständnisses wird, einem Moment der Verletzlichkeit und Intimität, in dem zwei Liebende freiwillig einen tiefen Ausdruck der Zuneigung teilen&#8221;.      &nbsp;</p>

<p>Ein großes Finale für die byzantinische Silvesternacht 2024, Arisa im Konzert auf der Piazza Duomo in Amalfi, geplant um 21:30 &#8211; Eintritt frei</p>

<!-- This site is optimized with the Yoast SEO plugin v27.3 - https://yoast.com/product/yoast-seo-wordpress/ -->
<title>Arisa im Konzert - Visit Amalfi</title>
<meta name="robots" content="index, follow, max-snippet:-1, max-image-preview:large, max-video-preview:-1" />
<link rel="canonical" href="https://www.visitamalfi.info/de/fall/arisa-im-konzert/" />
<meta property="og:locale" content="de_DE" />
<meta property="og:type" content="article" />
<meta property="og:title" content="Arisa im Konzert - Visit Amalfi" />
<meta property="og:description" content="Ein großes Finale für die byzantinische Silvesternacht 2024, Arisa im Konzert auf der Piazza Duomo in Amalfi, geplant um 21:30 - Eintritt frei" />
<meta property="og:url" content="https://www.visitamalfi.info/de/fall/arisa-im-konzert/" />
<meta property="og:site_name" content="Visit Amalfi" />
<meta property="article:publisher" content="https://www.facebook.com/visitamalfiofficial" />
<meta name="twitter:card" content="summary_large_image" />
<meta name="twitter:label1" content="Geschätzte Lesezeit" />
	<meta name="twitter:data1" content="1 Minute" />
<script type="application/ld+json" class="yoast-schema-graph">{"@context":"https:\/\/schema.org","@graph":[{"@type":"WebPage","@id":"https:\/\/www.visitamalfi.info\/de\/fall\/arisa-im-konzert\/","url":"https:\/\/www.visitamalfi.info\/de\/fall\/arisa-im-konzert\/","name":"Arisa im Konzert - Visit Amalfi","isPartOf":{"@id":"https:\/\/www.visitamalfi.info\/de\/#website"},"datePublished":"2024-08-26T14:05:12+00:00","breadcrumb":{"@id":"https:\/\/www.visitamalfi.info\/de\/fall\/arisa-im-konzert\/#breadcrumb"},"inLanguage":"de","potentialAction":[{"@type":"ReadAction","target":["https:\/\/www.visitamalfi.info\/de\/fall\/arisa-im-konzert\/"]}]},{"@type":"BreadcrumbList","@id":"https:\/\/www.visitamalfi.info\/de\/fall\/arisa-im-konzert\/#breadcrumb","itemListElement":[{"@type":"ListItem","position":1,"name":"Home","item":"https:\/\/www.visitamalfi.info\/de\/"},{"@type":"ListItem","position":2,"name":"Veranstaltungen","item":"https:\/\/www.visitamalfi.info\/de\/eventi\/"},{"@type":"ListItem","position":3,"name":"Arisa im Konzert"}]},{"@type":"WebSite","@id":"https:\/\/www.visitamalfi.info\/de\/#website","url":"https:\/\/www.visitamalfi.info\/de\/","name":"Visit Amalfi","description":"Amalfi Destination Official Website","publisher":{"@id":"https:\/\/www.visitamalfi.info\/de\/#organization"},"potentialAction":[{"@type":"SearchAction","target":{"@type":"EntryPoint","urlTemplate":"https:\/\/www.visitamalfi.info\/de\/?s={search_term_string}"},"query-input":{"@type":"PropertyValueSpecification","valueRequired":true,"valueName":"search_term_string"}}],"inLanguage":"de"},{"@type":"Organization","@id":"https:\/\/www.visitamalfi.info\/de\/#organization","name":"Visit Amalfi","url":"https:\/\/www.visitamalfi.info\/de\/","logo":{"@type":"ImageObject","inLanguage":"de","@id":"https:\/\/www.visitamalfi.info\/de\/#\/schema\/logo\/image\/","url":"https:\/\/www.visitamalfi.info\/wp-content\/uploads\/2023\/04\/visit-amalfi-logo-web.png","contentUrl":"https:\/\/www.visitamalfi.info\/wp-content\/uploads\/2023\/04\/visit-amalfi-logo-web.png","width":800,"height":870,"caption":"Visit Amalfi"},"image":{"@id":"https:\/\/www.visitamalfi.info\/de\/#\/schema\/logo\/image\/"},"sameAs":["https:\/\/www.facebook.com\/visitamalfiofficial","https:\/\/www.instagram.com\/visitamalfiofficial\/"]}]}</script>
<!-- / Yoast SEO plugin. -->

Ein großes Finale für die byzantinische Silvesternacht 2024, Arisa im Konzert auf der Piazza Duomo in Amalfi, geplant um 21:30 - Eintritt frei
