{"id":19330,"date":"2024-06-19T10:00:11","date_gmt":"2024-06-19T08:00:11","guid":{"rendered":"https:\/\/www.visitamalfi.info\/evento\/gelbe-nacht-im-anantara-convento-di-amalfi-grand-hotel\/"},"modified":"2024-06-19T10:00:11","modified_gmt":"2024-06-19T08:00:11","slug":"gelbe-nacht-im-anantara-convento-di-amalfi-grand-hotel","status":"publish","type":"tribe_events","link":"https:\/\/www.visitamalfi.info\/de\/fall\/gelbe-nacht-im-anantara-convento-di-amalfi-grand-hotel\/","title":{"rendered":"Gelbe Nacht im Anantara Convento di Amalfi Grand Hotel"},"content":{"rendered":"<p>Eine Hommage an die Farbe des Goldes der K\u00fcste, die typische Zitrone Sfusato Amalfitano, ein einzigartiger Abend mit Spa\u00df und Musik. Showkochen mit Gino Sorbillo, charakteristische Cocktails, Musik und lokale Spezialit\u00e4ten. Eine Reise durch die Geschm\u00e4cker und Farben der Amalfik\u00fcste.<\/p>\n<p>Kleiderordnung: gelb<\/p>\n<p>Die Veranstaltung ist sowohl f\u00fcr interne als auch f\u00fcr externe G\u00e4ste zug\u00e4nglich. Eine Reservierung ist erforderlich.<\/p>\n<p><a href=\"https:\/\/www.visitamalfi.info\/amw-accommodation\/anantara-convento-di-amalfi\/\">Anantara Convento di Amalfi Grand Hotel<\/a><\/p>\n","protected":false},"excerpt":{"rendered":"<p>Gelbe Nacht im Anantara Convento di Amalfi Grand Hotel: eine Hommage an die Farbe des Goldes der K\u00fcste, die typische Zitrone Sfusato Amalfitano.<\/p>\n","protected":false},"author":7,"featured_media":0,"template":"","meta":{"inline_featured_image":false,"_tribe_events_status":"","_tribe_events_status_reason":"","footnotes":""},"tags":[1753,1750,1752,767],"tribe_events_cat":[1755,638,1757],"class_list":["post-19330","tribe_events","type-tribe_events","status-publish","hentry","tag-anantara-convento-di-amalfi-grand-hotel-de","tag-gino-sorbillo-de","tag-pizza-de","tag-sfusato-amalfitano-de","tribe_events_cat-kochkurs","tribe_events_cat-musik","tribe_events_cat-themenabend","cat_kochkurs","cat_musik","cat_themenabend"],"yoast_head":"<!-- This site is optimized with the Yoast SEO plugin v27.3 - https:\/\/yoast.com\/product\/yoast-seo-wordpress\/ -->\n<title>Gelbe Nacht im Anantara Convento di Amalfi Grand Hotel - Visit Amalfi<\/title>\n<meta name=\"robots\" content=\"index, follow, max-snippet:-1, max-image-preview:large, max-video-preview:-1\" \/>\n<link rel=\"canonical\" href=\"https:\/\/www.visitamalfi.info\/de\/fall\/gelbe-nacht-im-anantara-convento-di-amalfi-grand-hotel\/\" \/>\n<meta property=\"og:locale\" content=\"de_DE\" \/>\n<meta property=\"og:type\" content=\"article\" \/>\n<meta property=\"og:title\" content=\"Gelbe Nacht im Anantara Convento di Amalfi Grand Hotel - Visit Amalfi\" \/>\n<meta property=\"og:description\" content=\"Gelbe Nacht im Anantara Convento di Amalfi Grand Hotel: eine Hommage an die Farbe des Goldes der K\u00fcste, die typische Zitrone Sfusato Amalfitano.\" \/>\n<meta property=\"og:url\" content=\"https:\/\/www.visitamalfi.info\/de\/fall\/gelbe-nacht-im-anantara-convento-di-amalfi-grand-hotel\/\" \/>\n<meta property=\"og:site_name\" content=\"Visit Amalfi\" \/>\n<meta property=\"article:publisher\" content=\"https:\/\/www.facebook.com\/visitamalfiofficial\" \/>\n<meta name=\"twitter:card\" content=\"summary_large_image\" \/>\n<script type=\"application\/ld+json\" class=\"yoast-schema-graph\">{\"@context\":\"https:\\\/\\\/schema.org\",\"@graph\":[{\"@type\":\"WebPage\",\"@id\":\"https:\\\/\\\/www.visitamalfi.info\\\/de\\\/fall\\\/gelbe-nacht-im-anantara-convento-di-amalfi-grand-hotel\\\/\",\"url\":\"https:\\\/\\\/www.visitamalfi.info\\\/de\\\/fall\\\/gelbe-nacht-im-anantara-convento-di-amalfi-grand-hotel\\\/\",\"name\":\"Gelbe Nacht im Anantara Convento di Amalfi Grand Hotel - Visit Amalfi\",\"isPartOf\":{\"@id\":\"https:\\\/\\\/www.visitamalfi.info\\\/de\\\/#website\"},\"datePublished\":\"2024-06-19T08:00:11+00:00\",\"breadcrumb\":{\"@id\":\"https:\\\/\\\/www.visitamalfi.info\\\/de\\\/fall\\\/gelbe-nacht-im-anantara-convento-di-amalfi-grand-hotel\\\/#breadcrumb\"},\"inLanguage\":\"de\",\"potentialAction\":[{\"@type\":\"ReadAction\",\"target\":[\"https:\\\/\\\/www.visitamalfi.info\\\/de\\\/fall\\\/gelbe-nacht-im-anantara-convento-di-amalfi-grand-hotel\\\/\"]}]},{\"@type\":\"BreadcrumbList\",\"@id\":\"https:\\\/\\\/www.visitamalfi.info\\\/de\\\/fall\\\/gelbe-nacht-im-anantara-convento-di-amalfi-grand-hotel\\\/#breadcrumb\",\"itemListElement\":[{\"@type\":\"ListItem\",\"position\":1,\"name\":\"Home\",\"item\":\"https:\\\/\\\/www.visitamalfi.info\\\/de\\\/\"},{\"@type\":\"ListItem\",\"position\":2,\"name\":\"Veranstaltungen\",\"item\":\"https:\\\/\\\/www.visitamalfi.info\\\/de\\\/eventi\\\/\"},{\"@type\":\"ListItem\",\"position\":3,\"name\":\"Gelbe Nacht im Anantara Convento di Amalfi Grand Hotel\"}]},{\"@type\":\"WebSite\",\"@id\":\"https:\\\/\\\/www.visitamalfi.info\\\/de\\\/#website\",\"url\":\"https:\\\/\\\/www.visitamalfi.info\\\/de\\\/\",\"name\":\"Visit Amalfi\",\"description\":\"Amalfi Destination Official Website\",\"publisher\":{\"@id\":\"https:\\\/\\\/www.visitamalfi.info\\\/de\\\/#organization\"},\"potentialAction\":[{\"@type\":\"SearchAction\",\"target\":{\"@type\":\"EntryPoint\",\"urlTemplate\":\"https:\\\/\\\/www.visitamalfi.info\\\/de\\\/?s={search_term_string}\"},\"query-input\":{\"@type\":\"PropertyValueSpecification\",\"valueRequired\":true,\"valueName\":\"search_term_string\"}}],\"inLanguage\":\"de\"},{\"@type\":\"Organization\",\"@id\":\"https:\\\/\\\/www.visitamalfi.info\\\/de\\\/#organization\",\"name\":\"Visit Amalfi\",\"url\":\"https:\\\/\\\/www.visitamalfi.info\\\/de\\\/\",\"logo\":{\"@type\":\"ImageObject\",\"inLanguage\":\"de\",\"@id\":\"https:\\\/\\\/www.visitamalfi.info\\\/de\\\/#\\\/schema\\\/logo\\\/image\\\/\",\"url\":\"https:\\\/\\\/www.visitamalfi.info\\\/wp-content\\\/uploads\\\/2023\\\/04\\\/visit-amalfi-logo-web.png\",\"contentUrl\":\"https:\\\/\\\/www.visitamalfi.info\\\/wp-content\\\/uploads\\\/2023\\\/04\\\/visit-amalfi-logo-web.png\",\"width\":800,\"height\":870,\"caption\":\"Visit Amalfi\"},\"image\":{\"@id\":\"https:\\\/\\\/www.visitamalfi.info\\\/de\\\/#\\\/schema\\\/logo\\\/image\\\/\"},\"sameAs\":[\"https:\\\/\\\/www.facebook.com\\\/visitamalfiofficial\",\"https:\\\/\\\/www.instagram.com\\\/visitamalfiofficial\\\/\"]}]}<\/script>\n<!-- \/ Yoast SEO plugin. -->","yoast_head_json":{"title":"Gelbe Nacht im Anantara Convento di Amalfi Grand Hotel - Visit Amalfi","robots":{"index":"index","follow":"follow","max-snippet":"max-snippet:-1","max-image-preview":"max-image-preview:large","max-video-preview":"max-video-preview:-1"},"canonical":"https:\/\/www.visitamalfi.info\/de\/fall\/gelbe-nacht-im-anantara-convento-di-amalfi-grand-hotel\/","og_locale":"de_DE","og_type":"article","og_title":"Gelbe Nacht im Anantara Convento di Amalfi Grand Hotel - Visit Amalfi","og_description":"Gelbe Nacht im Anantara Convento di Amalfi Grand Hotel: eine Hommage an die Farbe des Goldes der K\u00fcste, die typische Zitrone Sfusato Amalfitano.","og_url":"https:\/\/www.visitamalfi.info\/de\/fall\/gelbe-nacht-im-anantara-convento-di-amalfi-grand-hotel\/","og_site_name":"Visit Amalfi","article_publisher":"https:\/\/www.facebook.com\/visitamalfiofficial","twitter_card":"summary_large_image","schema":{"@context":"https:\/\/schema.org","@graph":[{"@type":"WebPage","@id":"https:\/\/www.visitamalfi.info\/de\/fall\/gelbe-nacht-im-anantara-convento-di-amalfi-grand-hotel\/","url":"https:\/\/www.visitamalfi.info\/de\/fall\/gelbe-nacht-im-anantara-convento-di-amalfi-grand-hotel\/","name":"Gelbe Nacht im Anantara Convento di Amalfi Grand Hotel - Visit Amalfi","isPartOf":{"@id":"https:\/\/www.visitamalfi.info\/de\/#website"},"datePublished":"2024-06-19T08:00:11+00:00","breadcrumb":{"@id":"https:\/\/www.visitamalfi.info\/de\/fall\/gelbe-nacht-im-anantara-convento-di-amalfi-grand-hotel\/#breadcrumb"},"inLanguage":"de","potentialAction":[{"@type":"ReadAction","target":["https:\/\/www.visitamalfi.info\/de\/fall\/gelbe-nacht-im-anantara-convento-di-amalfi-grand-hotel\/"]}]},{"@type":"BreadcrumbList","@id":"https:\/\/www.visitamalfi.info\/de\/fall\/gelbe-nacht-im-anantara-convento-di-amalfi-grand-hotel\/#breadcrumb","itemListElement":[{"@type":"ListItem","position":1,"name":"Home","item":"https:\/\/www.visitamalfi.info\/de\/"},{"@type":"ListItem","position":2,"name":"Veranstaltungen","item":"https:\/\/www.visitamalfi.info\/de\/eventi\/"},{"@type":"ListItem","position":3,"name":"Gelbe Nacht im Anantara Convento di Amalfi Grand Hotel"}]},{"@type":"WebSite","@id":"https:\/\/www.visitamalfi.info\/de\/#website","url":"https:\/\/www.visitamalfi.info\/de\/","name":"Visit Amalfi","description":"Amalfi Destination Official Website","publisher":{"@id":"https:\/\/www.visitamalfi.info\/de\/#organization"},"potentialAction":[{"@type":"SearchAction","target":{"@type":"EntryPoint","urlTemplate":"https:\/\/www.visitamalfi.info\/de\/?s={search_term_string}"},"query-input":{"@type":"PropertyValueSpecification","valueRequired":true,"valueName":"search_term_string"}}],"inLanguage":"de"},{"@type":"Organization","@id":"https:\/\/www.visitamalfi.info\/de\/#organization","name":"Visit Amalfi","url":"https:\/\/www.visitamalfi.info\/de\/","logo":{"@type":"ImageObject","inLanguage":"de","@id":"https:\/\/www.visitamalfi.info\/de\/#\/schema\/logo\/image\/","url":"https:\/\/www.visitamalfi.info\/wp-content\/uploads\/2023\/04\/visit-amalfi-logo-web.png","contentUrl":"https:\/\/www.visitamalfi.info\/wp-content\/uploads\/2023\/04\/visit-amalfi-logo-web.png","width":800,"height":870,"caption":"Visit Amalfi"},"image":{"@id":"https:\/\/www.visitamalfi.info\/de\/#\/schema\/logo\/image\/"},"sameAs":["https:\/\/www.facebook.com\/visitamalfiofficial","https:\/\/www.instagram.com\/visitamalfiofficial\/"]}]}},"_links":{"self":[{"href":"https:\/\/www.visitamalfi.info\/de\/wp-json\/wp\/v2\/tribe_events\/19330","targetHints":{"allow":["GET"]}}],"collection":[{"href":"https:\/\/www.visitamalfi.info\/de\/wp-json\/wp\/v2\/tribe_events"}],"about":[{"href":"https:\/\/www.visitamalfi.info\/de\/wp-json\/wp\/v2\/types\/tribe_events"}],"author":[{"embeddable":true,"href":"https:\/\/www.visitamalfi.info\/de\/wp-json\/wp\/v2\/users\/7"}],"version-history":[{"count":0,"href":"https:\/\/www.visitamalfi.info\/de\/wp-json\/wp\/v2\/tribe_events\/19330\/revisions"}],"wp:attachment":[{"href":"https:\/\/www.visitamalfi.info\/de\/wp-json\/wp\/v2\/media?parent=19330"}],"wp:term":[{"taxonomy":"post_tag","embeddable":true,"href":"https:\/\/www.visitamalfi.info\/de\/wp-json\/wp\/v2\/tags?post=19330"},{"taxonomy":"tribe_events_cat","embeddable":true,"href":"https:\/\/www.visitamalfi.info\/de\/wp-json\/wp\/v2\/tribe_events_cat?post=19330"}],"curies":[{"name":"wp","href":"https:\/\/api.w.org\/{rel}","templated":true}]}}

<p>Eine Hommage an die Farbe des Goldes der Küste, die typische Zitrone Sfusato Amalfitano, ein einzigartiger Abend mit Spaß und Musik. Showkochen mit Gino Sorbillo, charakteristische Cocktails, Musik und lokale Spezialitäten. Eine Reise durch die Geschmäcker und Farben der Amalfiküste.</p>
<p>Kleiderordnung: gelb</p>
<p>Die Veranstaltung ist sowohl für interne als auch für externe Gäste zugänglich. Eine Reservierung ist erforderlich.</p>
<p><a href="https://www.visitamalfi.info/amw-accommodation/anantara-convento-di-amalfi/">Anantara Convento di Amalfi Grand Hotel</a></p>

<p>Gelbe Nacht im Anantara Convento di Amalfi Grand Hotel: eine Hommage an die Farbe des Goldes der Küste, die typische Zitrone Sfusato Amalfitano.</p>

<!-- This site is optimized with the Yoast SEO plugin v27.3 - https://yoast.com/product/yoast-seo-wordpress/ -->
<title>Gelbe Nacht im Anantara Convento di Amalfi Grand Hotel - Visit Amalfi</title>
<meta name="robots" content="index, follow, max-snippet:-1, max-image-preview:large, max-video-preview:-1" />
<link rel="canonical" href="https://www.visitamalfi.info/de/fall/gelbe-nacht-im-anantara-convento-di-amalfi-grand-hotel/" />
<meta property="og:locale" content="de_DE" />
<meta property="og:type" content="article" />
<meta property="og:title" content="Gelbe Nacht im Anantara Convento di Amalfi Grand Hotel - Visit Amalfi" />
<meta property="og:description" content="Gelbe Nacht im Anantara Convento di Amalfi Grand Hotel: eine Hommage an die Farbe des Goldes der Küste, die typische Zitrone Sfusato Amalfitano." />
<meta property="og:url" content="https://www.visitamalfi.info/de/fall/gelbe-nacht-im-anantara-convento-di-amalfi-grand-hotel/" />
<meta property="og:site_name" content="Visit Amalfi" />
<meta property="article:publisher" content="https://www.facebook.com/visitamalfiofficial" />
<meta name="twitter:card" content="summary_large_image" />
<script type="application/ld+json" class="yoast-schema-graph">{"@context":"https:\/\/schema.org","@graph":[{"@type":"WebPage","@id":"https:\/\/www.visitamalfi.info\/de\/fall\/gelbe-nacht-im-anantara-convento-di-amalfi-grand-hotel\/","url":"https:\/\/www.visitamalfi.info\/de\/fall\/gelbe-nacht-im-anantara-convento-di-amalfi-grand-hotel\/","name":"Gelbe Nacht im Anantara Convento di Amalfi Grand Hotel - Visit Amalfi","isPartOf":{"@id":"https:\/\/www.visitamalfi.info\/de\/#website"},"datePublished":"2024-06-19T08:00:11+00:00","breadcrumb":{"@id":"https:\/\/www.visitamalfi.info\/de\/fall\/gelbe-nacht-im-anantara-convento-di-amalfi-grand-hotel\/#breadcrumb"},"inLanguage":"de","potentialAction":[{"@type":"ReadAction","target":["https:\/\/www.visitamalfi.info\/de\/fall\/gelbe-nacht-im-anantara-convento-di-amalfi-grand-hotel\/"]}]},{"@type":"BreadcrumbList","@id":"https:\/\/www.visitamalfi.info\/de\/fall\/gelbe-nacht-im-anantara-convento-di-amalfi-grand-hotel\/#breadcrumb","itemListElement":[{"@type":"ListItem","position":1,"name":"Home","item":"https:\/\/www.visitamalfi.info\/de\/"},{"@type":"ListItem","position":2,"name":"Veranstaltungen","item":"https:\/\/www.visitamalfi.info\/de\/eventi\/"},{"@type":"ListItem","position":3,"name":"Gelbe Nacht im Anantara Convento di Amalfi Grand Hotel"}]},{"@type":"WebSite","@id":"https:\/\/www.visitamalfi.info\/de\/#website","url":"https:\/\/www.visitamalfi.info\/de\/","name":"Visit Amalfi","description":"Amalfi Destination Official Website","publisher":{"@id":"https:\/\/www.visitamalfi.info\/de\/#organization"},"potentialAction":[{"@type":"SearchAction","target":{"@type":"EntryPoint","urlTemplate":"https:\/\/www.visitamalfi.info\/de\/?s={search_term_string}"},"query-input":{"@type":"PropertyValueSpecification","valueRequired":true,"valueName":"search_term_string"}}],"inLanguage":"de"},{"@type":"Organization","@id":"https:\/\/www.visitamalfi.info\/de\/#organization","name":"Visit Amalfi","url":"https:\/\/www.visitamalfi.info\/de\/","logo":{"@type":"ImageObject","inLanguage":"de","@id":"https:\/\/www.visitamalfi.info\/de\/#\/schema\/logo\/image\/","url":"https:\/\/www.visitamalfi.info\/wp-content\/uploads\/2023\/04\/visit-amalfi-logo-web.png","contentUrl":"https:\/\/www.visitamalfi.info\/wp-content\/uploads\/2023\/04\/visit-amalfi-logo-web.png","width":800,"height":870,"caption":"Visit Amalfi"},"image":{"@id":"https:\/\/www.visitamalfi.info\/de\/#\/schema\/logo\/image\/"},"sameAs":["https:\/\/www.facebook.com\/visitamalfiofficial","https:\/\/www.instagram.com\/visitamalfiofficial\/"]}]}</script>
<!-- / Yoast SEO plugin. -->

Gelbe Nacht im Anantara Convento di Amalfi Grand Hotel: eine Hommage an die Farbe des Goldes der Küste, die typische Zitrone Sfusato Amalfitano.
