{"id":19139,"date":"2024-06-07T17:30:37","date_gmt":"2024-06-07T15:30:37","guid":{"rendered":"https:\/\/www.visitamalfi.info\/evento\/byzantinisches-neujahr\/"},"modified":"2024-08-26T16:12:18","modified_gmt":"2024-08-26T14:12:18","slug":"byzantinisches-neujahr","status":"publish","type":"tribe_events","link":"https:\/\/www.visitamalfi.info\/de\/fall\/byzantinisches-neujahr\/","title":{"rendered":"Byzantinisches Neujahr 2024"},"content":{"rendered":"<p class=\" text-justify\"><strong>SAMSTAG, 31. AUGUST 2024.<\/strong> Gli eventi saranno inaugurati dall\u2019intervista pubblica al Magister Franco Nuschese, nel corso della quale l\u2019imprenditore, tra gli italiani pi\u00f9 influenti negli States, racconter\u00e0 alla cittadinanza la sua vita: dalla giovinezza vissuta a Minori, al distacco dai luoghi perfetti dell\u2019infanzia lontano dai quali ha costruito le sue fortune. Nuschese, infatti, vive a Washington da oltre 30 anni, dove nel 1992 ha fondato il Cafe Milano, raffinato locale nel quartiere di Georgetown frequentato dai presidenti degli Stati Uniti, dalle star del cinema e dalla politica internazionale.<\/p>\n<p class=\" text-justify\">Das Interview findet um 20.30 Uhr in der Largo Duca Piccolomini Lounge in Amalfi statt und wird um 20.00 Uhr von den Initiatoren der Veranstaltung, Prof. Giovanni Camelia und Prof. Giuseppe Gargano, mit einer historischen Einf\u00fchrung eingeleitet.<\/p>\n<p class=\" text-justify\"><strong>SONNTAG, 1. SEPTEMBER 2024.<\/strong> Die historische Prozession der antiken Seerepublik wird um 18.15 Uhr auf der Piazza Duomo in Amalfi mit dem Auftritt der &#8216;Sbandieratori e Musici citt\u00e0 Regia&#8217; (Fahnenschwinger und Musiker der K\u00f6nigsstadt) er\u00f6ffnet. Um 18.30 Uhr verl\u00e4sst die Prozession die Kathedrale Sant&#8217;Andrea und erreicht die Kirche San Salvatore de&#8217; Birecto in Atrani, wo um 19.30 Uhr in Anwesenheit des Erzbischofs die Einsetzungszeremonie des Magisters der Amalfitanischen Zivilisation in Anlehnung an den faszinierenden mittelalterlichen Ritus der Kr\u00f6nung der Herz\u00f6ge von Amalfi stattfinden wird <\/p>\n<p class=\" text-justify\">Am Ende der Zeremonie biegt die Prozession von Atrani in Richtung Amalfi ab, um sich um 21.00 Uhr in ihrer ganzen Pracht auf der monumentalen Treppe der Kathedrale von St. Andreas aufzustellen, wo der Magister der Civilt\u00e0 Amalfitana die B\u00fcrger begr\u00fc\u00dfen wird. Um 21.15 Uhr folgt dann die eindrucksvolle Feuershow der belgischen Gruppe Pyronix auf der monumentalen Treppe des Doms. <\/p>\n<p class=\" text-justify\"><strong>MONTAG, 2. SEPTEMBER 2024.<\/strong> Das gro\u00dfe Finale ist die Musik, ein eleganter Abend mit der au\u00dfergew\u00f6hnlichen Teilnahme von <a href=\"https:\/\/www.visitamalfi.info\/evento\/arisa-in-concerto\/\">Arisa<\/a> auf der Piazza Duomo in Amalfi, der f\u00fcr 21.30 Uhr angesetzt ist und zu diesem Anlass eine noch nie dagewesene Show nur aus Gesang und Klavier vorschl\u00e4gt.<\/p>\n<p class=\" text-justify\"><strong>VERKEHRSBEHINDERUNGEN, MOBILIT\u00c4TSINFORMATIONEN UND PARKEN<\/strong><\/p>\n<p class=\" text-justify\">Am 1. September 2024 wird es zu Verkehrsbeschr\u00e4nkungen kommen, damit die Veranstaltung, der historische Umzug und die nachfolgenden Veranstaltungen stattfinden k\u00f6nnen.<\/p>\n<p class=\" text-justify\">Vor\u00fcbergehende Sperrung der Staatsstra\u00dfe SS163 zwischen Amalfi und Atrani f\u00fcr den Verkehr<\/p>\n<ul class=\"list-wrapper\">\n<li>von 18:15 bis 19:15<\/li>\n<li>von 20:00 bis 21:00<\/li>\n<\/ul>\n<p class=\" text-justify\">Das historische Zentrum von Amalfi wird f\u00fcr den Verkehr gesperrt sein:<\/p>\n<ul class=\"list-wrapper\">\n<li>von 18:00 bis 19:00<\/li>\n<li>von 20:00 bis 22:00<\/li>\n<\/ul>\n<p class=\" text-justify\">Anl\u00e4sslich des byzantinischen Neujahrsfestes wird Tra.Vel.Mar. am Sonntag, den 1. und Montag, den 2. September 2024 au\u00dfergew\u00f6hnliche Seeverbindungen anbieten: <\/p>\n<ul class=\"list-wrapper\">\n<li>von Salerno nach Amalfi (mit Halt in Cetara und Minori) um 20.30 Uhr.<\/li>\n<li>von Amalfi nach Salerno (mit Halt in Minori und Cetara) um Mitternacht<\/li>\n<\/ul>\n<p class=\" text-justify\">Informationen und Buchungen finden Sie auf der Website von Tra.Vel.Mar.<\/p>\n<p class=\" text-justify\">F\u00fcr diejenigen, die Amalfi mit dem Auto erreichen m\u00f6chten, bietet die Gemeinde Amalfi die M\u00f6glichkeit, die Verf\u00fcgbarkeit von Parkpl\u00e4tzen auf \u00f6ffentlichen Parkpl\u00e4tzen in Echtzeit \u00fcber die Anwendung<a title=\"Link zu Info-Parkplatz Amalfi\" href=\"https:\/\/www.infoparkingamalfi.com\/tabs\/tab2\">&#8220;Info Parking Amalfi&#8221;<\/a> zu verfolgen.<\/p>\n","protected":false},"excerpt":{"rendered":"<p>Das lang erwartete byzantinische Neujahr kehrt zur\u00fcck, voll von Ereignissen, Aufregung und Traditionen. <\/p>\n","protected":false},"author":7,"featured_media":0,"template":"","meta":{"inline_featured_image":false,"_tribe_events_status":"","_tribe_events_status_reason":"","footnotes":""},"tags":[],"tribe_events_cat":[715,557,361,638,558],"class_list":["post-19139","tribe_events","type-tribe_events","status-publish","hentry","tribe_events_cat-historische-wiederauffuhrung","tribe_events_cat-italienische-musik","tribe_events_cat-musica-dal-vivo-de","tribe_events_cat-musik","tribe_events_cat-tradition","cat_historische-wiederauffuhrung","cat_italienische-musik","cat_musica-dal-vivo-de","cat_musik","cat_tradition"],"yoast_head":"<!-- This site is optimized with the Yoast SEO plugin v27.3 - https:\/\/yoast.com\/product\/yoast-seo-wordpress\/ -->\n<title>Byzantinisches Neujahr 2024 - Visit Amalfi<\/title>\n<meta name=\"robots\" content=\"index, follow, max-snippet:-1, max-image-preview:large, max-video-preview:-1\" \/>\n<link rel=\"canonical\" href=\"https:\/\/www.visitamalfi.info\/de\/fall\/byzantinisches-neujahr\/\" \/>\n<meta property=\"og:locale\" content=\"de_DE\" \/>\n<meta property=\"og:type\" content=\"article\" \/>\n<meta property=\"og:title\" content=\"Byzantinisches Neujahr 2024 - Visit Amalfi\" \/>\n<meta property=\"og:description\" content=\"Das lang erwartete byzantinische Neujahr kehrt zur\u00fcck, voll von Ereignissen, Aufregung und Traditionen.\" \/>\n<meta property=\"og:url\" content=\"https:\/\/www.visitamalfi.info\/de\/fall\/byzantinisches-neujahr\/\" \/>\n<meta property=\"og:site_name\" content=\"Visit Amalfi\" \/>\n<meta property=\"article:publisher\" content=\"https:\/\/www.facebook.com\/visitamalfiofficial\" \/>\n<meta property=\"article:modified_time\" content=\"2024-08-26T14:12:18+00:00\" \/>\n<meta name=\"twitter:card\" content=\"summary_large_image\" \/>\n<meta name=\"twitter:label1\" content=\"Gesch\u00e4tzte Lesezeit\" \/>\n\t<meta name=\"twitter:data1\" content=\"2\u00a0Minuten\" \/>\n<script type=\"application\/ld+json\" class=\"yoast-schema-graph\">{\"@context\":\"https:\\\/\\\/schema.org\",\"@graph\":[{\"@type\":\"WebPage\",\"@id\":\"https:\\\/\\\/www.visitamalfi.info\\\/de\\\/fall\\\/byzantinisches-neujahr\\\/\",\"url\":\"https:\\\/\\\/www.visitamalfi.info\\\/de\\\/fall\\\/byzantinisches-neujahr\\\/\",\"name\":\"Byzantinisches Neujahr 2024 - Visit Amalfi\",\"isPartOf\":{\"@id\":\"https:\\\/\\\/www.visitamalfi.info\\\/de\\\/#website\"},\"datePublished\":\"2024-06-07T15:30:37+00:00\",\"dateModified\":\"2024-08-26T14:12:18+00:00\",\"breadcrumb\":{\"@id\":\"https:\\\/\\\/www.visitamalfi.info\\\/de\\\/fall\\\/byzantinisches-neujahr\\\/#breadcrumb\"},\"inLanguage\":\"de\",\"potentialAction\":[{\"@type\":\"ReadAction\",\"target\":[\"https:\\\/\\\/www.visitamalfi.info\\\/de\\\/fall\\\/byzantinisches-neujahr\\\/\"]}]},{\"@type\":\"BreadcrumbList\",\"@id\":\"https:\\\/\\\/www.visitamalfi.info\\\/de\\\/fall\\\/byzantinisches-neujahr\\\/#breadcrumb\",\"itemListElement\":[{\"@type\":\"ListItem\",\"position\":1,\"name\":\"Home\",\"item\":\"https:\\\/\\\/www.visitamalfi.info\\\/de\\\/\"},{\"@type\":\"ListItem\",\"position\":2,\"name\":\"Veranstaltungen\",\"item\":\"https:\\\/\\\/www.visitamalfi.info\\\/de\\\/eventi\\\/\"},{\"@type\":\"ListItem\",\"position\":3,\"name\":\"Byzantinisches Neujahr 2024\"}]},{\"@type\":\"WebSite\",\"@id\":\"https:\\\/\\\/www.visitamalfi.info\\\/de\\\/#website\",\"url\":\"https:\\\/\\\/www.visitamalfi.info\\\/de\\\/\",\"name\":\"Visit Amalfi\",\"description\":\"Amalfi Destination Official Website\",\"publisher\":{\"@id\":\"https:\\\/\\\/www.visitamalfi.info\\\/de\\\/#organization\"},\"potentialAction\":[{\"@type\":\"SearchAction\",\"target\":{\"@type\":\"EntryPoint\",\"urlTemplate\":\"https:\\\/\\\/www.visitamalfi.info\\\/de\\\/?s={search_term_string}\"},\"query-input\":{\"@type\":\"PropertyValueSpecification\",\"valueRequired\":true,\"valueName\":\"search_term_string\"}}],\"inLanguage\":\"de\"},{\"@type\":\"Organization\",\"@id\":\"https:\\\/\\\/www.visitamalfi.info\\\/de\\\/#organization\",\"name\":\"Visit Amalfi\",\"url\":\"https:\\\/\\\/www.visitamalfi.info\\\/de\\\/\",\"logo\":{\"@type\":\"ImageObject\",\"inLanguage\":\"de\",\"@id\":\"https:\\\/\\\/www.visitamalfi.info\\\/de\\\/#\\\/schema\\\/logo\\\/image\\\/\",\"url\":\"https:\\\/\\\/www.visitamalfi.info\\\/wp-content\\\/uploads\\\/2023\\\/04\\\/visit-amalfi-logo-web.png\",\"contentUrl\":\"https:\\\/\\\/www.visitamalfi.info\\\/wp-content\\\/uploads\\\/2023\\\/04\\\/visit-amalfi-logo-web.png\",\"width\":800,\"height\":870,\"caption\":\"Visit Amalfi\"},\"image\":{\"@id\":\"https:\\\/\\\/www.visitamalfi.info\\\/de\\\/#\\\/schema\\\/logo\\\/image\\\/\"},\"sameAs\":[\"https:\\\/\\\/www.facebook.com\\\/visitamalfiofficial\",\"https:\\\/\\\/www.instagram.com\\\/visitamalfiofficial\\\/\"]}]}<\/script>\n<!-- \/ Yoast SEO plugin. -->","yoast_head_json":{"title":"Byzantinisches Neujahr 2024 - Visit Amalfi","robots":{"index":"index","follow":"follow","max-snippet":"max-snippet:-1","max-image-preview":"max-image-preview:large","max-video-preview":"max-video-preview:-1"},"canonical":"https:\/\/www.visitamalfi.info\/de\/fall\/byzantinisches-neujahr\/","og_locale":"de_DE","og_type":"article","og_title":"Byzantinisches Neujahr 2024 - Visit Amalfi","og_description":"Das lang erwartete byzantinische Neujahr kehrt zur\u00fcck, voll von Ereignissen, Aufregung und Traditionen.","og_url":"https:\/\/www.visitamalfi.info\/de\/fall\/byzantinisches-neujahr\/","og_site_name":"Visit Amalfi","article_publisher":"https:\/\/www.facebook.com\/visitamalfiofficial","article_modified_time":"2024-08-26T14:12:18+00:00","twitter_card":"summary_large_image","twitter_misc":{"Gesch\u00e4tzte Lesezeit":"2\u00a0Minuten"},"schema":{"@context":"https:\/\/schema.org","@graph":[{"@type":"WebPage","@id":"https:\/\/www.visitamalfi.info\/de\/fall\/byzantinisches-neujahr\/","url":"https:\/\/www.visitamalfi.info\/de\/fall\/byzantinisches-neujahr\/","name":"Byzantinisches Neujahr 2024 - Visit Amalfi","isPartOf":{"@id":"https:\/\/www.visitamalfi.info\/de\/#website"},"datePublished":"2024-06-07T15:30:37+00:00","dateModified":"2024-08-26T14:12:18+00:00","breadcrumb":{"@id":"https:\/\/www.visitamalfi.info\/de\/fall\/byzantinisches-neujahr\/#breadcrumb"},"inLanguage":"de","potentialAction":[{"@type":"ReadAction","target":["https:\/\/www.visitamalfi.info\/de\/fall\/byzantinisches-neujahr\/"]}]},{"@type":"BreadcrumbList","@id":"https:\/\/www.visitamalfi.info\/de\/fall\/byzantinisches-neujahr\/#breadcrumb","itemListElement":[{"@type":"ListItem","position":1,"name":"Home","item":"https:\/\/www.visitamalfi.info\/de\/"},{"@type":"ListItem","position":2,"name":"Veranstaltungen","item":"https:\/\/www.visitamalfi.info\/de\/eventi\/"},{"@type":"ListItem","position":3,"name":"Byzantinisches Neujahr 2024"}]},{"@type":"WebSite","@id":"https:\/\/www.visitamalfi.info\/de\/#website","url":"https:\/\/www.visitamalfi.info\/de\/","name":"Visit Amalfi","description":"Amalfi Destination Official Website","publisher":{"@id":"https:\/\/www.visitamalfi.info\/de\/#organization"},"potentialAction":[{"@type":"SearchAction","target":{"@type":"EntryPoint","urlTemplate":"https:\/\/www.visitamalfi.info\/de\/?s={search_term_string}"},"query-input":{"@type":"PropertyValueSpecification","valueRequired":true,"valueName":"search_term_string"}}],"inLanguage":"de"},{"@type":"Organization","@id":"https:\/\/www.visitamalfi.info\/de\/#organization","name":"Visit Amalfi","url":"https:\/\/www.visitamalfi.info\/de\/","logo":{"@type":"ImageObject","inLanguage":"de","@id":"https:\/\/www.visitamalfi.info\/de\/#\/schema\/logo\/image\/","url":"https:\/\/www.visitamalfi.info\/wp-content\/uploads\/2023\/04\/visit-amalfi-logo-web.png","contentUrl":"https:\/\/www.visitamalfi.info\/wp-content\/uploads\/2023\/04\/visit-amalfi-logo-web.png","width":800,"height":870,"caption":"Visit Amalfi"},"image":{"@id":"https:\/\/www.visitamalfi.info\/de\/#\/schema\/logo\/image\/"},"sameAs":["https:\/\/www.facebook.com\/visitamalfiofficial","https:\/\/www.instagram.com\/visitamalfiofficial\/"]}]}},"_links":{"self":[{"href":"https:\/\/www.visitamalfi.info\/de\/wp-json\/wp\/v2\/tribe_events\/19139","targetHints":{"allow":["GET"]}}],"collection":[{"href":"https:\/\/www.visitamalfi.info\/de\/wp-json\/wp\/v2\/tribe_events"}],"about":[{"href":"https:\/\/www.visitamalfi.info\/de\/wp-json\/wp\/v2\/types\/tribe_events"}],"author":[{"embeddable":true,"href":"https:\/\/www.visitamalfi.info\/de\/wp-json\/wp\/v2\/users\/7"}],"version-history":[{"count":3,"href":"https:\/\/www.visitamalfi.info\/de\/wp-json\/wp\/v2\/tribe_events\/19139\/revisions"}],"predecessor-version":[{"id":19910,"href":"https:\/\/www.visitamalfi.info\/de\/wp-json\/wp\/v2\/tribe_events\/19139\/revisions\/19910"}],"wp:attachment":[{"href":"https:\/\/www.visitamalfi.info\/de\/wp-json\/wp\/v2\/media?parent=19139"}],"wp:term":[{"taxonomy":"post_tag","embeddable":true,"href":"https:\/\/www.visitamalfi.info\/de\/wp-json\/wp\/v2\/tags?post=19139"},{"taxonomy":"tribe_events_cat","embeddable":true,"href":"https:\/\/www.visitamalfi.info\/de\/wp-json\/wp\/v2\/tribe_events_cat?post=19139"}],"curies":[{"name":"wp","href":"https:\/\/api.w.org\/{rel}","templated":true}]}}

<p class=" text-justify"><strong>SAMSTAG, 31. AUGUST 2024.</strong> Gli eventi saranno inaugurati dall’intervista pubblica al Magister Franco Nuschese, nel corso della quale l’imprenditore, tra gli italiani più influenti negli States, racconterà alla cittadinanza la sua vita: dalla giovinezza vissuta a Minori, al distacco dai luoghi perfetti dell’infanzia lontano dai quali ha costruito le sue fortune. Nuschese, infatti, vive a Washington da oltre 30 anni, dove nel 1992 ha fondato il Cafe Milano, raffinato locale nel quartiere di Georgetown frequentato dai presidenti degli Stati Uniti, dalle star del cinema e dalla politica internazionale.</p>
<p class=" text-justify">Das Interview findet um 20.30 Uhr in der Largo Duca Piccolomini Lounge in Amalfi statt und wird um 20.00 Uhr von den Initiatoren der Veranstaltung, Prof. Giovanni Camelia und Prof. Giuseppe Gargano, mit einer historischen Einführung eingeleitet.</p>
<p class=" text-justify"><strong>SONNTAG, 1. SEPTEMBER 2024.</strong> Die historische Prozession der antiken Seerepublik wird um 18.15 Uhr auf der Piazza Duomo in Amalfi mit dem Auftritt der &#8216;Sbandieratori e Musici città Regia&#8217; (Fahnenschwinger und Musiker der Königsstadt) eröffnet. Um 18.30 Uhr verlässt die Prozession die Kathedrale Sant&#8217;Andrea und erreicht die Kirche San Salvatore de&#8217; Birecto in Atrani, wo um 19.30 Uhr in Anwesenheit des Erzbischofs die Einsetzungszeremonie des Magisters der Amalfitanischen Zivilisation in Anlehnung an den faszinierenden mittelalterlichen Ritus der Krönung der Herzöge von Amalfi stattfinden wird </p>
<p class=" text-justify">Am Ende der Zeremonie biegt die Prozession von Atrani in Richtung Amalfi ab, um sich um 21.00 Uhr in ihrer ganzen Pracht auf der monumentalen Treppe der Kathedrale von St. Andreas aufzustellen, wo der Magister der Civiltà Amalfitana die Bürger begrüßen wird. Um 21.15 Uhr folgt dann die eindrucksvolle Feuershow der belgischen Gruppe Pyronix auf der monumentalen Treppe des Doms. </p>
<p class=" text-justify"><strong>MONTAG, 2. SEPTEMBER 2024.</strong> Das große Finale ist die Musik, ein eleganter Abend mit der außergewöhnlichen Teilnahme von <a href="https://www.visitamalfi.info/evento/arisa-in-concerto/">Arisa</a> auf der Piazza Duomo in Amalfi, der für 21.30 Uhr angesetzt ist und zu diesem Anlass eine noch nie dagewesene Show nur aus Gesang und Klavier vorschlägt.</p>
<p class=" text-justify"><strong>VERKEHRSBEHINDERUNGEN, MOBILITÄTSINFORMATIONEN UND PARKEN</strong></p>
<p class=" text-justify">Am 1. September 2024 wird es zu Verkehrsbeschränkungen kommen, damit die Veranstaltung, der historische Umzug und die nachfolgenden Veranstaltungen stattfinden können.</p>
<p class=" text-justify">Vorübergehende Sperrung der Staatsstraße SS163 zwischen Amalfi und Atrani für den Verkehr</p>
<ul class="list-wrapper">
<li>von 18:15 bis 19:15</li>
<li>von 20:00 bis 21:00</li>
</ul>
<p class=" text-justify">Das historische Zentrum von Amalfi wird für den Verkehr gesperrt sein:</p>
<ul class="list-wrapper">
<li>von 18:00 bis 19:00</li>
<li>von 20:00 bis 22:00</li>
</ul>
<p class=" text-justify">Anlässlich des byzantinischen Neujahrsfestes wird Tra.Vel.Mar. am Sonntag, den 1. und Montag, den 2. September 2024 außergewöhnliche Seeverbindungen anbieten: </p>
<ul class="list-wrapper">
<li>von Salerno nach Amalfi (mit Halt in Cetara und Minori) um 20.30 Uhr.</li>
<li>von Amalfi nach Salerno (mit Halt in Minori und Cetara) um Mitternacht</li>
</ul>
<p class=" text-justify">Informationen und Buchungen finden Sie auf der Website von Tra.Vel.Mar.</p>
<p class=" text-justify">Für diejenigen, die Amalfi mit dem Auto erreichen möchten, bietet die Gemeinde Amalfi die Möglichkeit, die Verfügbarkeit von Parkplätzen auf öffentlichen Parkplätzen in Echtzeit über die Anwendung<a title="Link zu Info-Parkplatz Amalfi" href="https://www.infoparkingamalfi.com/tabs/tab2">&#8220;Info Parking Amalfi&#8221;</a> zu verfolgen.</p>

<p>Das lang erwartete byzantinische Neujahr kehrt zurück, voll von Ereignissen, Aufregung und Traditionen. </p>

<!-- This site is optimized with the Yoast SEO plugin v27.3 - https://yoast.com/product/yoast-seo-wordpress/ -->
<title>Byzantinisches Neujahr 2024 - Visit Amalfi</title>
<meta name="robots" content="index, follow, max-snippet:-1, max-image-preview:large, max-video-preview:-1" />
<link rel="canonical" href="https://www.visitamalfi.info/de/fall/byzantinisches-neujahr/" />
<meta property="og:locale" content="de_DE" />
<meta property="og:type" content="article" />
<meta property="og:title" content="Byzantinisches Neujahr 2024 - Visit Amalfi" />
<meta property="og:description" content="Das lang erwartete byzantinische Neujahr kehrt zurück, voll von Ereignissen, Aufregung und Traditionen." />
<meta property="og:url" content="https://www.visitamalfi.info/de/fall/byzantinisches-neujahr/" />
<meta property="og:site_name" content="Visit Amalfi" />
<meta property="article:publisher" content="https://www.facebook.com/visitamalfiofficial" />
<meta property="article:modified_time" content="2024-08-26T14:12:18+00:00" />
<meta name="twitter:card" content="summary_large_image" />
<meta name="twitter:label1" content="Geschätzte Lesezeit" />
	<meta name="twitter:data1" content="2 Minuten" />
<script type="application/ld+json" class="yoast-schema-graph">{"@context":"https:\/\/schema.org","@graph":[{"@type":"WebPage","@id":"https:\/\/www.visitamalfi.info\/de\/fall\/byzantinisches-neujahr\/","url":"https:\/\/www.visitamalfi.info\/de\/fall\/byzantinisches-neujahr\/","name":"Byzantinisches Neujahr 2024 - Visit Amalfi","isPartOf":{"@id":"https:\/\/www.visitamalfi.info\/de\/#website"},"datePublished":"2024-06-07T15:30:37+00:00","dateModified":"2024-08-26T14:12:18+00:00","breadcrumb":{"@id":"https:\/\/www.visitamalfi.info\/de\/fall\/byzantinisches-neujahr\/#breadcrumb"},"inLanguage":"de","potentialAction":[{"@type":"ReadAction","target":["https:\/\/www.visitamalfi.info\/de\/fall\/byzantinisches-neujahr\/"]}]},{"@type":"BreadcrumbList","@id":"https:\/\/www.visitamalfi.info\/de\/fall\/byzantinisches-neujahr\/#breadcrumb","itemListElement":[{"@type":"ListItem","position":1,"name":"Home","item":"https:\/\/www.visitamalfi.info\/de\/"},{"@type":"ListItem","position":2,"name":"Veranstaltungen","item":"https:\/\/www.visitamalfi.info\/de\/eventi\/"},{"@type":"ListItem","position":3,"name":"Byzantinisches Neujahr 2024"}]},{"@type":"WebSite","@id":"https:\/\/www.visitamalfi.info\/de\/#website","url":"https:\/\/www.visitamalfi.info\/de\/","name":"Visit Amalfi","description":"Amalfi Destination Official Website","publisher":{"@id":"https:\/\/www.visitamalfi.info\/de\/#organization"},"potentialAction":[{"@type":"SearchAction","target":{"@type":"EntryPoint","urlTemplate":"https:\/\/www.visitamalfi.info\/de\/?s={search_term_string}"},"query-input":{"@type":"PropertyValueSpecification","valueRequired":true,"valueName":"search_term_string"}}],"inLanguage":"de"},{"@type":"Organization","@id":"https:\/\/www.visitamalfi.info\/de\/#organization","name":"Visit Amalfi","url":"https:\/\/www.visitamalfi.info\/de\/","logo":{"@type":"ImageObject","inLanguage":"de","@id":"https:\/\/www.visitamalfi.info\/de\/#\/schema\/logo\/image\/","url":"https:\/\/www.visitamalfi.info\/wp-content\/uploads\/2023\/04\/visit-amalfi-logo-web.png","contentUrl":"https:\/\/www.visitamalfi.info\/wp-content\/uploads\/2023\/04\/visit-amalfi-logo-web.png","width":800,"height":870,"caption":"Visit Amalfi"},"image":{"@id":"https:\/\/www.visitamalfi.info\/de\/#\/schema\/logo\/image\/"},"sameAs":["https:\/\/www.facebook.com\/visitamalfiofficial","https:\/\/www.instagram.com\/visitamalfiofficial\/"]}]}</script>
<!-- / Yoast SEO plugin. -->

Das lang erwartete byzantinische Neujahr kehrt zurück, voll von Ereignissen, Aufregung und Traditionen.
