{"id":19131,"date":"2024-06-07T17:28:56","date_gmt":"2024-06-07T15:28:56","guid":{"rendered":"https:\/\/www.visitamalfi.info\/evento\/paolo-belli-und-die-big-band\/"},"modified":"2024-06-07T17:28:56","modified_gmt":"2024-06-07T15:28:56","slug":"paolo-belli-und-die-big-band","status":"publish","type":"tribe_events","link":"https:\/\/www.visitamalfi.info\/de\/fall\/paolo-belli-und-die-big-band\/","title":{"rendered":"Paolo Belli und die Big Band"},"content":{"rendered":"<p>Nur wenige K\u00fcnstler in Italien k\u00f6nnen sich einer solchen Karriere r\u00fchmen wie die von Paolo Belli. Ein vielseitiger und mitrei\u00dfender K\u00fcnstler, der mit seiner Band seit mehr als zwanzig Jahren mit einer einzigartigen Show auf den Pl\u00e4tzen und in den Theatern der Welt unterwegs ist. Eine unterhaltsame, sonnige Show mit einem fesselnden Rhythmus, in einem Crescendo von Noten und Emotionen, das das Publikum zum Protagonisten und zu einem integralen Bestandteil der Show selbst macht. Nicht nur ein Konzert, sondern eine echte Show, gereift dank der gro\u00dfen Fernseherfahrung von Paolo und seiner Band. Seine gr\u00f6\u00dften Hits stehen auf der Setlist, abwechselnd mit einigen Hommagen an die Meister, die seine Karriere von Anfang an beeinflusst haben, wie Carosone, Jannacci und Conte. Auf der B\u00fchne steht mit <strong>Paolo Belli <\/strong>die Big Band, die ihn schon immer im Fernsehen, im Theater und bei Stra\u00dfenkonzerten in Italien und im Ausland begleitet hat.<\/p>\n","protected":false},"excerpt":{"rendered":"<p>Ein vielseitiger und mitrei\u00dfender K\u00fcnstler, der mit seiner Band seit mehr als zwanzig Jahren mit einer einzigartigen Show auf den Pl\u00e4tzen und in den Theatern der Welt unterwegs ist.<\/p>\n","protected":false},"author":7,"featured_media":0,"template":"","meta":{"inline_featured_image":false,"_tribe_events_status":"","_tribe_events_status_reason":"","footnotes":""},"tags":[],"tribe_events_cat":[361,638],"class_list":["post-19131","tribe_events","type-tribe_events","status-publish","hentry","tribe_events_cat-musica-dal-vivo-de","tribe_events_cat-musik","cat_musica-dal-vivo-de","cat_musik"],"yoast_head":"<!-- This site is optimized with the Yoast SEO plugin v27.3 - https:\/\/yoast.com\/product\/yoast-seo-wordpress\/ -->\n<title>Paolo Belli und die Big Band - Visit Amalfi<\/title>\n<meta name=\"robots\" content=\"index, follow, max-snippet:-1, max-image-preview:large, max-video-preview:-1\" \/>\n<link rel=\"canonical\" href=\"https:\/\/www.visitamalfi.info\/de\/fall\/paolo-belli-und-die-big-band\/\" \/>\n<meta property=\"og:locale\" content=\"de_DE\" \/>\n<meta property=\"og:type\" content=\"article\" \/>\n<meta property=\"og:title\" content=\"Paolo Belli und die Big Band - Visit Amalfi\" \/>\n<meta property=\"og:description\" content=\"Ein vielseitiger und mitrei\u00dfender K\u00fcnstler, der mit seiner Band seit mehr als zwanzig Jahren mit einer einzigartigen Show auf den Pl\u00e4tzen und in den Theatern der Welt unterwegs ist.\" \/>\n<meta property=\"og:url\" content=\"https:\/\/www.visitamalfi.info\/de\/fall\/paolo-belli-und-die-big-band\/\" \/>\n<meta property=\"og:site_name\" content=\"Visit Amalfi\" \/>\n<meta property=\"article:publisher\" content=\"https:\/\/www.facebook.com\/visitamalfiofficial\" \/>\n<meta name=\"twitter:card\" content=\"summary_large_image\" \/>\n<meta name=\"twitter:label1\" content=\"Gesch\u00e4tzte Lesezeit\" \/>\n\t<meta name=\"twitter:data1\" content=\"1\u00a0Minute\" \/>\n<script type=\"application\/ld+json\" class=\"yoast-schema-graph\">{\"@context\":\"https:\\\/\\\/schema.org\",\"@graph\":[{\"@type\":\"WebPage\",\"@id\":\"https:\\\/\\\/www.visitamalfi.info\\\/de\\\/fall\\\/paolo-belli-und-die-big-band\\\/\",\"url\":\"https:\\\/\\\/www.visitamalfi.info\\\/de\\\/fall\\\/paolo-belli-und-die-big-band\\\/\",\"name\":\"Paolo Belli und die Big Band - Visit Amalfi\",\"isPartOf\":{\"@id\":\"https:\\\/\\\/www.visitamalfi.info\\\/de\\\/#website\"},\"datePublished\":\"2024-06-07T15:28:56+00:00\",\"breadcrumb\":{\"@id\":\"https:\\\/\\\/www.visitamalfi.info\\\/de\\\/fall\\\/paolo-belli-und-die-big-band\\\/#breadcrumb\"},\"inLanguage\":\"de\",\"potentialAction\":[{\"@type\":\"ReadAction\",\"target\":[\"https:\\\/\\\/www.visitamalfi.info\\\/de\\\/fall\\\/paolo-belli-und-die-big-band\\\/\"]}]},{\"@type\":\"BreadcrumbList\",\"@id\":\"https:\\\/\\\/www.visitamalfi.info\\\/de\\\/fall\\\/paolo-belli-und-die-big-band\\\/#breadcrumb\",\"itemListElement\":[{\"@type\":\"ListItem\",\"position\":1,\"name\":\"Home\",\"item\":\"https:\\\/\\\/www.visitamalfi.info\\\/de\\\/\"},{\"@type\":\"ListItem\",\"position\":2,\"name\":\"Veranstaltungen\",\"item\":\"https:\\\/\\\/www.visitamalfi.info\\\/de\\\/eventi\\\/\"},{\"@type\":\"ListItem\",\"position\":3,\"name\":\"Paolo Belli und die Big Band\"}]},{\"@type\":\"WebSite\",\"@id\":\"https:\\\/\\\/www.visitamalfi.info\\\/de\\\/#website\",\"url\":\"https:\\\/\\\/www.visitamalfi.info\\\/de\\\/\",\"name\":\"Visit Amalfi\",\"description\":\"Amalfi Destination Official Website\",\"publisher\":{\"@id\":\"https:\\\/\\\/www.visitamalfi.info\\\/de\\\/#organization\"},\"potentialAction\":[{\"@type\":\"SearchAction\",\"target\":{\"@type\":\"EntryPoint\",\"urlTemplate\":\"https:\\\/\\\/www.visitamalfi.info\\\/de\\\/?s={search_term_string}\"},\"query-input\":{\"@type\":\"PropertyValueSpecification\",\"valueRequired\":true,\"valueName\":\"search_term_string\"}}],\"inLanguage\":\"de\"},{\"@type\":\"Organization\",\"@id\":\"https:\\\/\\\/www.visitamalfi.info\\\/de\\\/#organization\",\"name\":\"Visit Amalfi\",\"url\":\"https:\\\/\\\/www.visitamalfi.info\\\/de\\\/\",\"logo\":{\"@type\":\"ImageObject\",\"inLanguage\":\"de\",\"@id\":\"https:\\\/\\\/www.visitamalfi.info\\\/de\\\/#\\\/schema\\\/logo\\\/image\\\/\",\"url\":\"https:\\\/\\\/www.visitamalfi.info\\\/wp-content\\\/uploads\\\/2023\\\/04\\\/visit-amalfi-logo-web.png\",\"contentUrl\":\"https:\\\/\\\/www.visitamalfi.info\\\/wp-content\\\/uploads\\\/2023\\\/04\\\/visit-amalfi-logo-web.png\",\"width\":800,\"height\":870,\"caption\":\"Visit Amalfi\"},\"image\":{\"@id\":\"https:\\\/\\\/www.visitamalfi.info\\\/de\\\/#\\\/schema\\\/logo\\\/image\\\/\"},\"sameAs\":[\"https:\\\/\\\/www.facebook.com\\\/visitamalfiofficial\",\"https:\\\/\\\/www.instagram.com\\\/visitamalfiofficial\\\/\"]}]}<\/script>\n<!-- \/ Yoast SEO plugin. -->","yoast_head_json":{"title":"Paolo Belli und die Big Band - Visit Amalfi","robots":{"index":"index","follow":"follow","max-snippet":"max-snippet:-1","max-image-preview":"max-image-preview:large","max-video-preview":"max-video-preview:-1"},"canonical":"https:\/\/www.visitamalfi.info\/de\/fall\/paolo-belli-und-die-big-band\/","og_locale":"de_DE","og_type":"article","og_title":"Paolo Belli und die Big Band - Visit Amalfi","og_description":"Ein vielseitiger und mitrei\u00dfender K\u00fcnstler, der mit seiner Band seit mehr als zwanzig Jahren mit einer einzigartigen Show auf den Pl\u00e4tzen und in den Theatern der Welt unterwegs ist.","og_url":"https:\/\/www.visitamalfi.info\/de\/fall\/paolo-belli-und-die-big-band\/","og_site_name":"Visit Amalfi","article_publisher":"https:\/\/www.facebook.com\/visitamalfiofficial","twitter_card":"summary_large_image","twitter_misc":{"Gesch\u00e4tzte Lesezeit":"1\u00a0Minute"},"schema":{"@context":"https:\/\/schema.org","@graph":[{"@type":"WebPage","@id":"https:\/\/www.visitamalfi.info\/de\/fall\/paolo-belli-und-die-big-band\/","url":"https:\/\/www.visitamalfi.info\/de\/fall\/paolo-belli-und-die-big-band\/","name":"Paolo Belli und die Big Band - Visit Amalfi","isPartOf":{"@id":"https:\/\/www.visitamalfi.info\/de\/#website"},"datePublished":"2024-06-07T15:28:56+00:00","breadcrumb":{"@id":"https:\/\/www.visitamalfi.info\/de\/fall\/paolo-belli-und-die-big-band\/#breadcrumb"},"inLanguage":"de","potentialAction":[{"@type":"ReadAction","target":["https:\/\/www.visitamalfi.info\/de\/fall\/paolo-belli-und-die-big-band\/"]}]},{"@type":"BreadcrumbList","@id":"https:\/\/www.visitamalfi.info\/de\/fall\/paolo-belli-und-die-big-band\/#breadcrumb","itemListElement":[{"@type":"ListItem","position":1,"name":"Home","item":"https:\/\/www.visitamalfi.info\/de\/"},{"@type":"ListItem","position":2,"name":"Veranstaltungen","item":"https:\/\/www.visitamalfi.info\/de\/eventi\/"},{"@type":"ListItem","position":3,"name":"Paolo Belli und die Big Band"}]},{"@type":"WebSite","@id":"https:\/\/www.visitamalfi.info\/de\/#website","url":"https:\/\/www.visitamalfi.info\/de\/","name":"Visit Amalfi","description":"Amalfi Destination Official Website","publisher":{"@id":"https:\/\/www.visitamalfi.info\/de\/#organization"},"potentialAction":[{"@type":"SearchAction","target":{"@type":"EntryPoint","urlTemplate":"https:\/\/www.visitamalfi.info\/de\/?s={search_term_string}"},"query-input":{"@type":"PropertyValueSpecification","valueRequired":true,"valueName":"search_term_string"}}],"inLanguage":"de"},{"@type":"Organization","@id":"https:\/\/www.visitamalfi.info\/de\/#organization","name":"Visit Amalfi","url":"https:\/\/www.visitamalfi.info\/de\/","logo":{"@type":"ImageObject","inLanguage":"de","@id":"https:\/\/www.visitamalfi.info\/de\/#\/schema\/logo\/image\/","url":"https:\/\/www.visitamalfi.info\/wp-content\/uploads\/2023\/04\/visit-amalfi-logo-web.png","contentUrl":"https:\/\/www.visitamalfi.info\/wp-content\/uploads\/2023\/04\/visit-amalfi-logo-web.png","width":800,"height":870,"caption":"Visit Amalfi"},"image":{"@id":"https:\/\/www.visitamalfi.info\/de\/#\/schema\/logo\/image\/"},"sameAs":["https:\/\/www.facebook.com\/visitamalfiofficial","https:\/\/www.instagram.com\/visitamalfiofficial\/"]}]}},"_links":{"self":[{"href":"https:\/\/www.visitamalfi.info\/de\/wp-json\/wp\/v2\/tribe_events\/19131","targetHints":{"allow":["GET"]}}],"collection":[{"href":"https:\/\/www.visitamalfi.info\/de\/wp-json\/wp\/v2\/tribe_events"}],"about":[{"href":"https:\/\/www.visitamalfi.info\/de\/wp-json\/wp\/v2\/types\/tribe_events"}],"author":[{"embeddable":true,"href":"https:\/\/www.visitamalfi.info\/de\/wp-json\/wp\/v2\/users\/7"}],"version-history":[{"count":0,"href":"https:\/\/www.visitamalfi.info\/de\/wp-json\/wp\/v2\/tribe_events\/19131\/revisions"}],"wp:attachment":[{"href":"https:\/\/www.visitamalfi.info\/de\/wp-json\/wp\/v2\/media?parent=19131"}],"wp:term":[{"taxonomy":"post_tag","embeddable":true,"href":"https:\/\/www.visitamalfi.info\/de\/wp-json\/wp\/v2\/tags?post=19131"},{"taxonomy":"tribe_events_cat","embeddable":true,"href":"https:\/\/www.visitamalfi.info\/de\/wp-json\/wp\/v2\/tribe_events_cat?post=19131"}],"curies":[{"name":"wp","href":"https:\/\/api.w.org\/{rel}","templated":true}]}}

<p>Nur wenige Künstler in Italien können sich einer solchen Karriere rühmen wie die von Paolo Belli. Ein vielseitiger und mitreißender Künstler, der mit seiner Band seit mehr als zwanzig Jahren mit einer einzigartigen Show auf den Plätzen und in den Theatern der Welt unterwegs ist. Eine unterhaltsame, sonnige Show mit einem fesselnden Rhythmus, in einem Crescendo von Noten und Emotionen, das das Publikum zum Protagonisten und zu einem integralen Bestandteil der Show selbst macht. Nicht nur ein Konzert, sondern eine echte Show, gereift dank der großen Fernseherfahrung von Paolo und seiner Band. Seine größten Hits stehen auf der Setlist, abwechselnd mit einigen Hommagen an die Meister, die seine Karriere von Anfang an beeinflusst haben, wie Carosone, Jannacci und Conte. Auf der Bühne steht mit <strong>Paolo Belli </strong>die Big Band, die ihn schon immer im Fernsehen, im Theater und bei Straßenkonzerten in Italien und im Ausland begleitet hat.</p>

<p>Ein vielseitiger und mitreißender Künstler, der mit seiner Band seit mehr als zwanzig Jahren mit einer einzigartigen Show auf den Plätzen und in den Theatern der Welt unterwegs ist.</p>

<!-- This site is optimized with the Yoast SEO plugin v27.3 - https://yoast.com/product/yoast-seo-wordpress/ -->
<title>Paolo Belli und die Big Band - Visit Amalfi</title>
<meta name="robots" content="index, follow, max-snippet:-1, max-image-preview:large, max-video-preview:-1" />
<link rel="canonical" href="https://www.visitamalfi.info/de/fall/paolo-belli-und-die-big-band/" />
<meta property="og:locale" content="de_DE" />
<meta property="og:type" content="article" />
<meta property="og:title" content="Paolo Belli und die Big Band - Visit Amalfi" />
<meta property="og:description" content="Ein vielseitiger und mitreißender Künstler, der mit seiner Band seit mehr als zwanzig Jahren mit einer einzigartigen Show auf den Plätzen und in den Theatern der Welt unterwegs ist." />
<meta property="og:url" content="https://www.visitamalfi.info/de/fall/paolo-belli-und-die-big-band/" />
<meta property="og:site_name" content="Visit Amalfi" />
<meta property="article:publisher" content="https://www.facebook.com/visitamalfiofficial" />
<meta name="twitter:card" content="summary_large_image" />
<meta name="twitter:label1" content="Geschätzte Lesezeit" />
	<meta name="twitter:data1" content="1 Minute" />
<script type="application/ld+json" class="yoast-schema-graph">{"@context":"https:\/\/schema.org","@graph":[{"@type":"WebPage","@id":"https:\/\/www.visitamalfi.info\/de\/fall\/paolo-belli-und-die-big-band\/","url":"https:\/\/www.visitamalfi.info\/de\/fall\/paolo-belli-und-die-big-band\/","name":"Paolo Belli und die Big Band - Visit Amalfi","isPartOf":{"@id":"https:\/\/www.visitamalfi.info\/de\/#website"},"datePublished":"2024-06-07T15:28:56+00:00","breadcrumb":{"@id":"https:\/\/www.visitamalfi.info\/de\/fall\/paolo-belli-und-die-big-band\/#breadcrumb"},"inLanguage":"de","potentialAction":[{"@type":"ReadAction","target":["https:\/\/www.visitamalfi.info\/de\/fall\/paolo-belli-und-die-big-band\/"]}]},{"@type":"BreadcrumbList","@id":"https:\/\/www.visitamalfi.info\/de\/fall\/paolo-belli-und-die-big-band\/#breadcrumb","itemListElement":[{"@type":"ListItem","position":1,"name":"Home","item":"https:\/\/www.visitamalfi.info\/de\/"},{"@type":"ListItem","position":2,"name":"Veranstaltungen","item":"https:\/\/www.visitamalfi.info\/de\/eventi\/"},{"@type":"ListItem","position":3,"name":"Paolo Belli und die Big Band"}]},{"@type":"WebSite","@id":"https:\/\/www.visitamalfi.info\/de\/#website","url":"https:\/\/www.visitamalfi.info\/de\/","name":"Visit Amalfi","description":"Amalfi Destination Official Website","publisher":{"@id":"https:\/\/www.visitamalfi.info\/de\/#organization"},"potentialAction":[{"@type":"SearchAction","target":{"@type":"EntryPoint","urlTemplate":"https:\/\/www.visitamalfi.info\/de\/?s={search_term_string}"},"query-input":{"@type":"PropertyValueSpecification","valueRequired":true,"valueName":"search_term_string"}}],"inLanguage":"de"},{"@type":"Organization","@id":"https:\/\/www.visitamalfi.info\/de\/#organization","name":"Visit Amalfi","url":"https:\/\/www.visitamalfi.info\/de\/","logo":{"@type":"ImageObject","inLanguage":"de","@id":"https:\/\/www.visitamalfi.info\/de\/#\/schema\/logo\/image\/","url":"https:\/\/www.visitamalfi.info\/wp-content\/uploads\/2023\/04\/visit-amalfi-logo-web.png","contentUrl":"https:\/\/www.visitamalfi.info\/wp-content\/uploads\/2023\/04\/visit-amalfi-logo-web.png","width":800,"height":870,"caption":"Visit Amalfi"},"image":{"@id":"https:\/\/www.visitamalfi.info\/de\/#\/schema\/logo\/image\/"},"sameAs":["https:\/\/www.facebook.com\/visitamalfiofficial","https:\/\/www.instagram.com\/visitamalfiofficial\/"]}]}</script>
<!-- / Yoast SEO plugin. -->

Ein vielseitiger und mitreißender Künstler, der mit seiner Band seit mehr als zwanzig Jahren mit einer einzigartigen Show auf den Plätzen und in den Theatern der Welt unterwegs ist.
