{"id":19118,"date":"2024-06-07T17:22:00","date_gmt":"2024-06-07T15:22:00","guid":{"rendered":"https:\/\/www.visitamalfi.info\/evento\/konzert-bei-sonnenuntergang\/"},"modified":"2024-06-07T17:22:00","modified_gmt":"2024-06-07T15:22:00","slug":"konzert-bei-sonnenuntergang","status":"publish","type":"tribe_events","link":"https:\/\/www.visitamalfi.info\/de\/fall\/konzert-bei-sonnenuntergang\/","title":{"rendered":"Konzert bei Sonnenuntergang"},"content":{"rendered":"<p><span style=\"font-weight: 400;\">Bei Sonnenuntergang, in einer der stimmungsvollsten Ecken der Amalfid\u00f6rfer, ein Konzert mit Gesang und Gitarre, das nur von den Farben eines magischen Sonnenuntergangs \u00fcber dem Meer der Amalfik\u00fcste beleuchtet wird. Mit der Stimme von <\/span><b>Lucy Kiely <\/b><span style=\"font-weight: 400;\">e <\/span><b>Nuccia Paolillo<\/b><span style=\"font-weight: 400;\">begleitet von<\/span><b> Cherubino Fariello<\/b><span style=\"font-weight: 400;\"> an der Gitarre, und <\/span><b>Pietro Pinto<\/b><span style=\"font-weight: 400;\"> an den Percussions.<\/span><\/p>\n","protected":false},"excerpt":{"rendered":"<p>Bei Sonnenuntergang, in einer der stimmungsvollsten Ecken der Amalfid\u00f6rfer, ein Konzert mit Gesang und Gitarre, das nur von den Farben eines magischen Sonnenuntergangs \u00fcber dem Meer der Amalfik\u00fcste beleuchtet wird. <\/p>\n","protected":false},"author":7,"featured_media":0,"template":"","meta":{"inline_featured_image":false,"_tribe_events_status":"","_tribe_events_status_reason":"","footnotes":""},"tags":[],"tribe_events_cat":[361,638,558],"class_list":["post-19118","tribe_events","type-tribe_events","status-publish","hentry","tribe_events_cat-musica-dal-vivo-de","tribe_events_cat-musik","tribe_events_cat-tradition","cat_musica-dal-vivo-de","cat_musik","cat_tradition"],"yoast_head":"<!-- This site is optimized with the Yoast SEO plugin v27.3 - https:\/\/yoast.com\/product\/yoast-seo-wordpress\/ -->\n<title>Konzert bei Sonnenuntergang - Visit Amalfi<\/title>\n<meta name=\"robots\" content=\"index, follow, max-snippet:-1, max-image-preview:large, max-video-preview:-1\" \/>\n<link rel=\"canonical\" href=\"https:\/\/www.visitamalfi.info\/de\/fall\/konzert-bei-sonnenuntergang\/\" \/>\n<meta property=\"og:locale\" content=\"de_DE\" \/>\n<meta property=\"og:type\" content=\"article\" \/>\n<meta property=\"og:title\" content=\"Konzert bei Sonnenuntergang - Visit Amalfi\" \/>\n<meta property=\"og:description\" content=\"Bei Sonnenuntergang, in einer der stimmungsvollsten Ecken der Amalfid\u00f6rfer, ein Konzert mit Gesang und Gitarre, das nur von den Farben eines magischen Sonnenuntergangs \u00fcber dem Meer der Amalfik\u00fcste beleuchtet wird.\" \/>\n<meta property=\"og:url\" content=\"https:\/\/www.visitamalfi.info\/de\/fall\/konzert-bei-sonnenuntergang\/\" \/>\n<meta property=\"og:site_name\" content=\"Visit Amalfi\" \/>\n<meta property=\"article:publisher\" content=\"https:\/\/www.facebook.com\/visitamalfiofficial\" \/>\n<meta name=\"twitter:card\" content=\"summary_large_image\" \/>\n<script type=\"application\/ld+json\" class=\"yoast-schema-graph\">{\"@context\":\"https:\\\/\\\/schema.org\",\"@graph\":[{\"@type\":\"WebPage\",\"@id\":\"https:\\\/\\\/www.visitamalfi.info\\\/de\\\/fall\\\/konzert-bei-sonnenuntergang\\\/\",\"url\":\"https:\\\/\\\/www.visitamalfi.info\\\/de\\\/fall\\\/konzert-bei-sonnenuntergang\\\/\",\"name\":\"Konzert bei Sonnenuntergang - Visit Amalfi\",\"isPartOf\":{\"@id\":\"https:\\\/\\\/www.visitamalfi.info\\\/de\\\/#website\"},\"datePublished\":\"2024-06-07T15:22:00+00:00\",\"breadcrumb\":{\"@id\":\"https:\\\/\\\/www.visitamalfi.info\\\/de\\\/fall\\\/konzert-bei-sonnenuntergang\\\/#breadcrumb\"},\"inLanguage\":\"de\",\"potentialAction\":[{\"@type\":\"ReadAction\",\"target\":[\"https:\\\/\\\/www.visitamalfi.info\\\/de\\\/fall\\\/konzert-bei-sonnenuntergang\\\/\"]}]},{\"@type\":\"BreadcrumbList\",\"@id\":\"https:\\\/\\\/www.visitamalfi.info\\\/de\\\/fall\\\/konzert-bei-sonnenuntergang\\\/#breadcrumb\",\"itemListElement\":[{\"@type\":\"ListItem\",\"position\":1,\"name\":\"Home\",\"item\":\"https:\\\/\\\/www.visitamalfi.info\\\/de\\\/\"},{\"@type\":\"ListItem\",\"position\":2,\"name\":\"Veranstaltungen\",\"item\":\"https:\\\/\\\/www.visitamalfi.info\\\/de\\\/eventi\\\/\"},{\"@type\":\"ListItem\",\"position\":3,\"name\":\"Konzert bei Sonnenuntergang\"}]},{\"@type\":\"WebSite\",\"@id\":\"https:\\\/\\\/www.visitamalfi.info\\\/de\\\/#website\",\"url\":\"https:\\\/\\\/www.visitamalfi.info\\\/de\\\/\",\"name\":\"Visit Amalfi\",\"description\":\"Amalfi Destination Official Website\",\"publisher\":{\"@id\":\"https:\\\/\\\/www.visitamalfi.info\\\/de\\\/#organization\"},\"potentialAction\":[{\"@type\":\"SearchAction\",\"target\":{\"@type\":\"EntryPoint\",\"urlTemplate\":\"https:\\\/\\\/www.visitamalfi.info\\\/de\\\/?s={search_term_string}\"},\"query-input\":{\"@type\":\"PropertyValueSpecification\",\"valueRequired\":true,\"valueName\":\"search_term_string\"}}],\"inLanguage\":\"de\"},{\"@type\":\"Organization\",\"@id\":\"https:\\\/\\\/www.visitamalfi.info\\\/de\\\/#organization\",\"name\":\"Visit Amalfi\",\"url\":\"https:\\\/\\\/www.visitamalfi.info\\\/de\\\/\",\"logo\":{\"@type\":\"ImageObject\",\"inLanguage\":\"de\",\"@id\":\"https:\\\/\\\/www.visitamalfi.info\\\/de\\\/#\\\/schema\\\/logo\\\/image\\\/\",\"url\":\"https:\\\/\\\/www.visitamalfi.info\\\/wp-content\\\/uploads\\\/2023\\\/04\\\/visit-amalfi-logo-web.png\",\"contentUrl\":\"https:\\\/\\\/www.visitamalfi.info\\\/wp-content\\\/uploads\\\/2023\\\/04\\\/visit-amalfi-logo-web.png\",\"width\":800,\"height\":870,\"caption\":\"Visit Amalfi\"},\"image\":{\"@id\":\"https:\\\/\\\/www.visitamalfi.info\\\/de\\\/#\\\/schema\\\/logo\\\/image\\\/\"},\"sameAs\":[\"https:\\\/\\\/www.facebook.com\\\/visitamalfiofficial\",\"https:\\\/\\\/www.instagram.com\\\/visitamalfiofficial\\\/\"]}]}<\/script>\n<!-- \/ Yoast SEO plugin. -->","yoast_head_json":{"title":"Konzert bei Sonnenuntergang - Visit Amalfi","robots":{"index":"index","follow":"follow","max-snippet":"max-snippet:-1","max-image-preview":"max-image-preview:large","max-video-preview":"max-video-preview:-1"},"canonical":"https:\/\/www.visitamalfi.info\/de\/fall\/konzert-bei-sonnenuntergang\/","og_locale":"de_DE","og_type":"article","og_title":"Konzert bei Sonnenuntergang - Visit Amalfi","og_description":"Bei Sonnenuntergang, in einer der stimmungsvollsten Ecken der Amalfid\u00f6rfer, ein Konzert mit Gesang und Gitarre, das nur von den Farben eines magischen Sonnenuntergangs \u00fcber dem Meer der Amalfik\u00fcste beleuchtet wird.","og_url":"https:\/\/www.visitamalfi.info\/de\/fall\/konzert-bei-sonnenuntergang\/","og_site_name":"Visit Amalfi","article_publisher":"https:\/\/www.facebook.com\/visitamalfiofficial","twitter_card":"summary_large_image","schema":{"@context":"https:\/\/schema.org","@graph":[{"@type":"WebPage","@id":"https:\/\/www.visitamalfi.info\/de\/fall\/konzert-bei-sonnenuntergang\/","url":"https:\/\/www.visitamalfi.info\/de\/fall\/konzert-bei-sonnenuntergang\/","name":"Konzert bei Sonnenuntergang - Visit Amalfi","isPartOf":{"@id":"https:\/\/www.visitamalfi.info\/de\/#website"},"datePublished":"2024-06-07T15:22:00+00:00","breadcrumb":{"@id":"https:\/\/www.visitamalfi.info\/de\/fall\/konzert-bei-sonnenuntergang\/#breadcrumb"},"inLanguage":"de","potentialAction":[{"@type":"ReadAction","target":["https:\/\/www.visitamalfi.info\/de\/fall\/konzert-bei-sonnenuntergang\/"]}]},{"@type":"BreadcrumbList","@id":"https:\/\/www.visitamalfi.info\/de\/fall\/konzert-bei-sonnenuntergang\/#breadcrumb","itemListElement":[{"@type":"ListItem","position":1,"name":"Home","item":"https:\/\/www.visitamalfi.info\/de\/"},{"@type":"ListItem","position":2,"name":"Veranstaltungen","item":"https:\/\/www.visitamalfi.info\/de\/eventi\/"},{"@type":"ListItem","position":3,"name":"Konzert bei Sonnenuntergang"}]},{"@type":"WebSite","@id":"https:\/\/www.visitamalfi.info\/de\/#website","url":"https:\/\/www.visitamalfi.info\/de\/","name":"Visit Amalfi","description":"Amalfi Destination Official Website","publisher":{"@id":"https:\/\/www.visitamalfi.info\/de\/#organization"},"potentialAction":[{"@type":"SearchAction","target":{"@type":"EntryPoint","urlTemplate":"https:\/\/www.visitamalfi.info\/de\/?s={search_term_string}"},"query-input":{"@type":"PropertyValueSpecification","valueRequired":true,"valueName":"search_term_string"}}],"inLanguage":"de"},{"@type":"Organization","@id":"https:\/\/www.visitamalfi.info\/de\/#organization","name":"Visit Amalfi","url":"https:\/\/www.visitamalfi.info\/de\/","logo":{"@type":"ImageObject","inLanguage":"de","@id":"https:\/\/www.visitamalfi.info\/de\/#\/schema\/logo\/image\/","url":"https:\/\/www.visitamalfi.info\/wp-content\/uploads\/2023\/04\/visit-amalfi-logo-web.png","contentUrl":"https:\/\/www.visitamalfi.info\/wp-content\/uploads\/2023\/04\/visit-amalfi-logo-web.png","width":800,"height":870,"caption":"Visit Amalfi"},"image":{"@id":"https:\/\/www.visitamalfi.info\/de\/#\/schema\/logo\/image\/"},"sameAs":["https:\/\/www.facebook.com\/visitamalfiofficial","https:\/\/www.instagram.com\/visitamalfiofficial\/"]}]}},"_links":{"self":[{"href":"https:\/\/www.visitamalfi.info\/de\/wp-json\/wp\/v2\/tribe_events\/19118","targetHints":{"allow":["GET"]}}],"collection":[{"href":"https:\/\/www.visitamalfi.info\/de\/wp-json\/wp\/v2\/tribe_events"}],"about":[{"href":"https:\/\/www.visitamalfi.info\/de\/wp-json\/wp\/v2\/types\/tribe_events"}],"author":[{"embeddable":true,"href":"https:\/\/www.visitamalfi.info\/de\/wp-json\/wp\/v2\/users\/7"}],"version-history":[{"count":0,"href":"https:\/\/www.visitamalfi.info\/de\/wp-json\/wp\/v2\/tribe_events\/19118\/revisions"}],"wp:attachment":[{"href":"https:\/\/www.visitamalfi.info\/de\/wp-json\/wp\/v2\/media?parent=19118"}],"wp:term":[{"taxonomy":"post_tag","embeddable":true,"href":"https:\/\/www.visitamalfi.info\/de\/wp-json\/wp\/v2\/tags?post=19118"},{"taxonomy":"tribe_events_cat","embeddable":true,"href":"https:\/\/www.visitamalfi.info\/de\/wp-json\/wp\/v2\/tribe_events_cat?post=19118"}],"curies":[{"name":"wp","href":"https:\/\/api.w.org\/{rel}","templated":true}]}}

<p><span style="font-weight: 400;">Bei Sonnenuntergang, in einer der stimmungsvollsten Ecken der Amalfidörfer, ein Konzert mit Gesang und Gitarre, das nur von den Farben eines magischen Sonnenuntergangs über dem Meer der Amalfiküste beleuchtet wird. Mit der Stimme von </span><b>Lucy Kiely </b><span style="font-weight: 400;">e </span><b>Nuccia Paolillo</b><span style="font-weight: 400;">begleitet von</span><b> Cherubino Fariello</b><span style="font-weight: 400;"> an der Gitarre, und </span><b>Pietro Pinto</b><span style="font-weight: 400;"> an den Percussions.</span></p>

<p>Bei Sonnenuntergang, in einer der stimmungsvollsten Ecken der Amalfidörfer, ein Konzert mit Gesang und Gitarre, das nur von den Farben eines magischen Sonnenuntergangs über dem Meer der Amalfiküste beleuchtet wird. </p>

<!-- This site is optimized with the Yoast SEO plugin v27.3 - https://yoast.com/product/yoast-seo-wordpress/ -->
<title>Konzert bei Sonnenuntergang - Visit Amalfi</title>
<meta name="robots" content="index, follow, max-snippet:-1, max-image-preview:large, max-video-preview:-1" />
<link rel="canonical" href="https://www.visitamalfi.info/de/fall/konzert-bei-sonnenuntergang/" />
<meta property="og:locale" content="de_DE" />
<meta property="og:type" content="article" />
<meta property="og:title" content="Konzert bei Sonnenuntergang - Visit Amalfi" />
<meta property="og:description" content="Bei Sonnenuntergang, in einer der stimmungsvollsten Ecken der Amalfidörfer, ein Konzert mit Gesang und Gitarre, das nur von den Farben eines magischen Sonnenuntergangs über dem Meer der Amalfiküste beleuchtet wird." />
<meta property="og:url" content="https://www.visitamalfi.info/de/fall/konzert-bei-sonnenuntergang/" />
<meta property="og:site_name" content="Visit Amalfi" />
<meta property="article:publisher" content="https://www.facebook.com/visitamalfiofficial" />
<meta name="twitter:card" content="summary_large_image" />
<script type="application/ld+json" class="yoast-schema-graph">{"@context":"https:\/\/schema.org","@graph":[{"@type":"WebPage","@id":"https:\/\/www.visitamalfi.info\/de\/fall\/konzert-bei-sonnenuntergang\/","url":"https:\/\/www.visitamalfi.info\/de\/fall\/konzert-bei-sonnenuntergang\/","name":"Konzert bei Sonnenuntergang - Visit Amalfi","isPartOf":{"@id":"https:\/\/www.visitamalfi.info\/de\/#website"},"datePublished":"2024-06-07T15:22:00+00:00","breadcrumb":{"@id":"https:\/\/www.visitamalfi.info\/de\/fall\/konzert-bei-sonnenuntergang\/#breadcrumb"},"inLanguage":"de","potentialAction":[{"@type":"ReadAction","target":["https:\/\/www.visitamalfi.info\/de\/fall\/konzert-bei-sonnenuntergang\/"]}]},{"@type":"BreadcrumbList","@id":"https:\/\/www.visitamalfi.info\/de\/fall\/konzert-bei-sonnenuntergang\/#breadcrumb","itemListElement":[{"@type":"ListItem","position":1,"name":"Home","item":"https:\/\/www.visitamalfi.info\/de\/"},{"@type":"ListItem","position":2,"name":"Veranstaltungen","item":"https:\/\/www.visitamalfi.info\/de\/eventi\/"},{"@type":"ListItem","position":3,"name":"Konzert bei Sonnenuntergang"}]},{"@type":"WebSite","@id":"https:\/\/www.visitamalfi.info\/de\/#website","url":"https:\/\/www.visitamalfi.info\/de\/","name":"Visit Amalfi","description":"Amalfi Destination Official Website","publisher":{"@id":"https:\/\/www.visitamalfi.info\/de\/#organization"},"potentialAction":[{"@type":"SearchAction","target":{"@type":"EntryPoint","urlTemplate":"https:\/\/www.visitamalfi.info\/de\/?s={search_term_string}"},"query-input":{"@type":"PropertyValueSpecification","valueRequired":true,"valueName":"search_term_string"}}],"inLanguage":"de"},{"@type":"Organization","@id":"https:\/\/www.visitamalfi.info\/de\/#organization","name":"Visit Amalfi","url":"https:\/\/www.visitamalfi.info\/de\/","logo":{"@type":"ImageObject","inLanguage":"de","@id":"https:\/\/www.visitamalfi.info\/de\/#\/schema\/logo\/image\/","url":"https:\/\/www.visitamalfi.info\/wp-content\/uploads\/2023\/04\/visit-amalfi-logo-web.png","contentUrl":"https:\/\/www.visitamalfi.info\/wp-content\/uploads\/2023\/04\/visit-amalfi-logo-web.png","width":800,"height":870,"caption":"Visit Amalfi"},"image":{"@id":"https:\/\/www.visitamalfi.info\/de\/#\/schema\/logo\/image\/"},"sameAs":["https:\/\/www.facebook.com\/visitamalfiofficial","https:\/\/www.instagram.com\/visitamalfiofficial\/"]}]}</script>
<!-- / Yoast SEO plugin. -->

Bei Sonnenuntergang, in einer der stimmungsvollsten Ecken der Amalfidörfer, ein Konzert mit Gesang und Gitarre, das nur von den Farben eines magischen Sonnenuntergangs über dem Meer der Amalfiküste beleuchtet wird.
