{"id":19021,"date":"2024-06-07T17:17:22","date_gmt":"2024-06-07T15:17:22","guid":{"rendered":"https:\/\/www.visitamalfi.info\/evento\/amalfi-im-jazz-simona-molinari-im-konzert\/"},"modified":"2024-06-07T17:17:22","modified_gmt":"2024-06-07T15:17:22","slug":"amalfi-im-jazz-simona-molinari-im-konzert","status":"publish","type":"tribe_events","link":"https:\/\/www.visitamalfi.info\/de\/fall\/amalfi-im-jazz-simona-molinari-im-konzert\/","title":{"rendered":"Amalfi im Jazz &#8211; Simona Molinari im Konzert"},"content":{"rendered":"<p>Das Konzert ist eine Reise, bei der <strong>Simona Molinari<\/strong> das Publikum an die Hand nimmt und es durch ihre Lieder und Musik in die dichten Zeiten des Lebens f\u00fchrt, vom Verlieben bis zur Ern\u00fcchterung. Die neue Version des Konzerts enth\u00e4lt einige der Titel aus seinem letzten Album, <strong><em>Hasta Siempre Mercedes<\/em><\/strong>eine leidenschaftliche Hommage an Mercedes Sosa. Mit <strong>Simona Molinari<\/strong> am Gesang, <strong>Egidio Marchitelli <\/strong>an der Gitarre, <strong>Nicola Di Camillo<\/strong> am E-Bass, <strong>Fabio Colella<\/strong> am Schlagzeug und an der Gitarre.<\/p>\n","protected":false},"excerpt":{"rendered":"<p>Das Konzert ist eine Reise, bei der Simona Molinari das Publikum an die Hand nimmt und es durch ihre Lieder und Musik in die dichten Zeiten des Lebens f\u00fchrt, vom Verlieben bis zur Ern\u00fcchterung. <\/p>\n","protected":false},"author":7,"featured_media":0,"template":"","meta":{"inline_featured_image":false,"_tribe_events_status":"","_tribe_events_status_reason":"","footnotes":""},"tags":[],"tribe_events_cat":[362,361,638],"class_list":["post-19021","tribe_events","type-tribe_events","status-publish","hentry","tribe_events_cat-jazz-de","tribe_events_cat-musica-dal-vivo-de","tribe_events_cat-musik","cat_jazz-de","cat_musica-dal-vivo-de","cat_musik"],"yoast_head":"<!-- This site is optimized with the Yoast SEO plugin v27.3 - https:\/\/yoast.com\/product\/yoast-seo-wordpress\/ -->\n<title>Amalfi im Jazz - Simona Molinari im Konzert - Visit Amalfi<\/title>\n<meta name=\"robots\" content=\"index, follow, max-snippet:-1, max-image-preview:large, max-video-preview:-1\" \/>\n<link rel=\"canonical\" href=\"https:\/\/www.visitamalfi.info\/de\/fall\/amalfi-im-jazz-simona-molinari-im-konzert\/\" \/>\n<meta property=\"og:locale\" content=\"de_DE\" \/>\n<meta property=\"og:type\" content=\"article\" \/>\n<meta property=\"og:title\" content=\"Amalfi im Jazz - Simona Molinari im Konzert - Visit Amalfi\" \/>\n<meta property=\"og:description\" content=\"Das Konzert ist eine Reise, bei der Simona Molinari das Publikum an die Hand nimmt und es durch ihre Lieder und Musik in die dichten Zeiten des Lebens f\u00fchrt, vom Verlieben bis zur Ern\u00fcchterung.\" \/>\n<meta property=\"og:url\" content=\"https:\/\/www.visitamalfi.info\/de\/fall\/amalfi-im-jazz-simona-molinari-im-konzert\/\" \/>\n<meta property=\"og:site_name\" content=\"Visit Amalfi\" \/>\n<meta property=\"article:publisher\" content=\"https:\/\/www.facebook.com\/visitamalfiofficial\" \/>\n<meta name=\"twitter:card\" content=\"summary_large_image\" \/>\n<script type=\"application\/ld+json\" class=\"yoast-schema-graph\">{\"@context\":\"https:\\\/\\\/schema.org\",\"@graph\":[{\"@type\":\"WebPage\",\"@id\":\"https:\\\/\\\/www.visitamalfi.info\\\/de\\\/fall\\\/amalfi-im-jazz-simona-molinari-im-konzert\\\/\",\"url\":\"https:\\\/\\\/www.visitamalfi.info\\\/de\\\/fall\\\/amalfi-im-jazz-simona-molinari-im-konzert\\\/\",\"name\":\"Amalfi im Jazz - Simona Molinari im Konzert - Visit Amalfi\",\"isPartOf\":{\"@id\":\"https:\\\/\\\/www.visitamalfi.info\\\/de\\\/#website\"},\"datePublished\":\"2024-06-07T15:17:22+00:00\",\"breadcrumb\":{\"@id\":\"https:\\\/\\\/www.visitamalfi.info\\\/de\\\/fall\\\/amalfi-im-jazz-simona-molinari-im-konzert\\\/#breadcrumb\"},\"inLanguage\":\"de\",\"potentialAction\":[{\"@type\":\"ReadAction\",\"target\":[\"https:\\\/\\\/www.visitamalfi.info\\\/de\\\/fall\\\/amalfi-im-jazz-simona-molinari-im-konzert\\\/\"]}]},{\"@type\":\"BreadcrumbList\",\"@id\":\"https:\\\/\\\/www.visitamalfi.info\\\/de\\\/fall\\\/amalfi-im-jazz-simona-molinari-im-konzert\\\/#breadcrumb\",\"itemListElement\":[{\"@type\":\"ListItem\",\"position\":1,\"name\":\"Home\",\"item\":\"https:\\\/\\\/www.visitamalfi.info\\\/de\\\/\"},{\"@type\":\"ListItem\",\"position\":2,\"name\":\"Veranstaltungen\",\"item\":\"https:\\\/\\\/www.visitamalfi.info\\\/de\\\/eventi\\\/\"},{\"@type\":\"ListItem\",\"position\":3,\"name\":\"Amalfi im Jazz &#8211; Simona Molinari im Konzert\"}]},{\"@type\":\"WebSite\",\"@id\":\"https:\\\/\\\/www.visitamalfi.info\\\/de\\\/#website\",\"url\":\"https:\\\/\\\/www.visitamalfi.info\\\/de\\\/\",\"name\":\"Visit Amalfi\",\"description\":\"Amalfi Destination Official Website\",\"publisher\":{\"@id\":\"https:\\\/\\\/www.visitamalfi.info\\\/de\\\/#organization\"},\"potentialAction\":[{\"@type\":\"SearchAction\",\"target\":{\"@type\":\"EntryPoint\",\"urlTemplate\":\"https:\\\/\\\/www.visitamalfi.info\\\/de\\\/?s={search_term_string}\"},\"query-input\":{\"@type\":\"PropertyValueSpecification\",\"valueRequired\":true,\"valueName\":\"search_term_string\"}}],\"inLanguage\":\"de\"},{\"@type\":\"Organization\",\"@id\":\"https:\\\/\\\/www.visitamalfi.info\\\/de\\\/#organization\",\"name\":\"Visit Amalfi\",\"url\":\"https:\\\/\\\/www.visitamalfi.info\\\/de\\\/\",\"logo\":{\"@type\":\"ImageObject\",\"inLanguage\":\"de\",\"@id\":\"https:\\\/\\\/www.visitamalfi.info\\\/de\\\/#\\\/schema\\\/logo\\\/image\\\/\",\"url\":\"https:\\\/\\\/www.visitamalfi.info\\\/wp-content\\\/uploads\\\/2023\\\/04\\\/visit-amalfi-logo-web.png\",\"contentUrl\":\"https:\\\/\\\/www.visitamalfi.info\\\/wp-content\\\/uploads\\\/2023\\\/04\\\/visit-amalfi-logo-web.png\",\"width\":800,\"height\":870,\"caption\":\"Visit Amalfi\"},\"image\":{\"@id\":\"https:\\\/\\\/www.visitamalfi.info\\\/de\\\/#\\\/schema\\\/logo\\\/image\\\/\"},\"sameAs\":[\"https:\\\/\\\/www.facebook.com\\\/visitamalfiofficial\",\"https:\\\/\\\/www.instagram.com\\\/visitamalfiofficial\\\/\"]}]}<\/script>\n<!-- \/ Yoast SEO plugin. -->","yoast_head_json":{"title":"Amalfi im Jazz - Simona Molinari im Konzert - Visit Amalfi","robots":{"index":"index","follow":"follow","max-snippet":"max-snippet:-1","max-image-preview":"max-image-preview:large","max-video-preview":"max-video-preview:-1"},"canonical":"https:\/\/www.visitamalfi.info\/de\/fall\/amalfi-im-jazz-simona-molinari-im-konzert\/","og_locale":"de_DE","og_type":"article","og_title":"Amalfi im Jazz - Simona Molinari im Konzert - Visit Amalfi","og_description":"Das Konzert ist eine Reise, bei der Simona Molinari das Publikum an die Hand nimmt und es durch ihre Lieder und Musik in die dichten Zeiten des Lebens f\u00fchrt, vom Verlieben bis zur Ern\u00fcchterung.","og_url":"https:\/\/www.visitamalfi.info\/de\/fall\/amalfi-im-jazz-simona-molinari-im-konzert\/","og_site_name":"Visit Amalfi","article_publisher":"https:\/\/www.facebook.com\/visitamalfiofficial","twitter_card":"summary_large_image","schema":{"@context":"https:\/\/schema.org","@graph":[{"@type":"WebPage","@id":"https:\/\/www.visitamalfi.info\/de\/fall\/amalfi-im-jazz-simona-molinari-im-konzert\/","url":"https:\/\/www.visitamalfi.info\/de\/fall\/amalfi-im-jazz-simona-molinari-im-konzert\/","name":"Amalfi im Jazz - Simona Molinari im Konzert - Visit Amalfi","isPartOf":{"@id":"https:\/\/www.visitamalfi.info\/de\/#website"},"datePublished":"2024-06-07T15:17:22+00:00","breadcrumb":{"@id":"https:\/\/www.visitamalfi.info\/de\/fall\/amalfi-im-jazz-simona-molinari-im-konzert\/#breadcrumb"},"inLanguage":"de","potentialAction":[{"@type":"ReadAction","target":["https:\/\/www.visitamalfi.info\/de\/fall\/amalfi-im-jazz-simona-molinari-im-konzert\/"]}]},{"@type":"BreadcrumbList","@id":"https:\/\/www.visitamalfi.info\/de\/fall\/amalfi-im-jazz-simona-molinari-im-konzert\/#breadcrumb","itemListElement":[{"@type":"ListItem","position":1,"name":"Home","item":"https:\/\/www.visitamalfi.info\/de\/"},{"@type":"ListItem","position":2,"name":"Veranstaltungen","item":"https:\/\/www.visitamalfi.info\/de\/eventi\/"},{"@type":"ListItem","position":3,"name":"Amalfi im Jazz &#8211; Simona Molinari im Konzert"}]},{"@type":"WebSite","@id":"https:\/\/www.visitamalfi.info\/de\/#website","url":"https:\/\/www.visitamalfi.info\/de\/","name":"Visit Amalfi","description":"Amalfi Destination Official Website","publisher":{"@id":"https:\/\/www.visitamalfi.info\/de\/#organization"},"potentialAction":[{"@type":"SearchAction","target":{"@type":"EntryPoint","urlTemplate":"https:\/\/www.visitamalfi.info\/de\/?s={search_term_string}"},"query-input":{"@type":"PropertyValueSpecification","valueRequired":true,"valueName":"search_term_string"}}],"inLanguage":"de"},{"@type":"Organization","@id":"https:\/\/www.visitamalfi.info\/de\/#organization","name":"Visit Amalfi","url":"https:\/\/www.visitamalfi.info\/de\/","logo":{"@type":"ImageObject","inLanguage":"de","@id":"https:\/\/www.visitamalfi.info\/de\/#\/schema\/logo\/image\/","url":"https:\/\/www.visitamalfi.info\/wp-content\/uploads\/2023\/04\/visit-amalfi-logo-web.png","contentUrl":"https:\/\/www.visitamalfi.info\/wp-content\/uploads\/2023\/04\/visit-amalfi-logo-web.png","width":800,"height":870,"caption":"Visit Amalfi"},"image":{"@id":"https:\/\/www.visitamalfi.info\/de\/#\/schema\/logo\/image\/"},"sameAs":["https:\/\/www.facebook.com\/visitamalfiofficial","https:\/\/www.instagram.com\/visitamalfiofficial\/"]}]}},"_links":{"self":[{"href":"https:\/\/www.visitamalfi.info\/de\/wp-json\/wp\/v2\/tribe_events\/19021","targetHints":{"allow":["GET"]}}],"collection":[{"href":"https:\/\/www.visitamalfi.info\/de\/wp-json\/wp\/v2\/tribe_events"}],"about":[{"href":"https:\/\/www.visitamalfi.info\/de\/wp-json\/wp\/v2\/types\/tribe_events"}],"author":[{"embeddable":true,"href":"https:\/\/www.visitamalfi.info\/de\/wp-json\/wp\/v2\/users\/7"}],"version-history":[{"count":0,"href":"https:\/\/www.visitamalfi.info\/de\/wp-json\/wp\/v2\/tribe_events\/19021\/revisions"}],"wp:attachment":[{"href":"https:\/\/www.visitamalfi.info\/de\/wp-json\/wp\/v2\/media?parent=19021"}],"wp:term":[{"taxonomy":"post_tag","embeddable":true,"href":"https:\/\/www.visitamalfi.info\/de\/wp-json\/wp\/v2\/tags?post=19021"},{"taxonomy":"tribe_events_cat","embeddable":true,"href":"https:\/\/www.visitamalfi.info\/de\/wp-json\/wp\/v2\/tribe_events_cat?post=19021"}],"curies":[{"name":"wp","href":"https:\/\/api.w.org\/{rel}","templated":true}]}}

<p>Das Konzert ist eine Reise, bei der <strong>Simona Molinari</strong> das Publikum an die Hand nimmt und es durch ihre Lieder und Musik in die dichten Zeiten des Lebens führt, vom Verlieben bis zur Ernüchterung. Die neue Version des Konzerts enthält einige der Titel aus seinem letzten Album, <strong><em>Hasta Siempre Mercedes</em></strong>eine leidenschaftliche Hommage an Mercedes Sosa. Mit <strong>Simona Molinari</strong> am Gesang, <strong>Egidio Marchitelli </strong>an der Gitarre, <strong>Nicola Di Camillo</strong> am E-Bass, <strong>Fabio Colella</strong> am Schlagzeug und an der Gitarre.</p>

<p>Das Konzert ist eine Reise, bei der Simona Molinari das Publikum an die Hand nimmt und es durch ihre Lieder und Musik in die dichten Zeiten des Lebens führt, vom Verlieben bis zur Ernüchterung. </p>

<!-- This site is optimized with the Yoast SEO plugin v27.3 - https://yoast.com/product/yoast-seo-wordpress/ -->
<title>Amalfi im Jazz - Simona Molinari im Konzert - Visit Amalfi</title>
<meta name="robots" content="index, follow, max-snippet:-1, max-image-preview:large, max-video-preview:-1" />
<link rel="canonical" href="https://www.visitamalfi.info/de/fall/amalfi-im-jazz-simona-molinari-im-konzert/" />
<meta property="og:locale" content="de_DE" />
<meta property="og:type" content="article" />
<meta property="og:title" content="Amalfi im Jazz - Simona Molinari im Konzert - Visit Amalfi" />
<meta property="og:description" content="Das Konzert ist eine Reise, bei der Simona Molinari das Publikum an die Hand nimmt und es durch ihre Lieder und Musik in die dichten Zeiten des Lebens führt, vom Verlieben bis zur Ernüchterung." />
<meta property="og:url" content="https://www.visitamalfi.info/de/fall/amalfi-im-jazz-simona-molinari-im-konzert/" />
<meta property="og:site_name" content="Visit Amalfi" />
<meta property="article:publisher" content="https://www.facebook.com/visitamalfiofficial" />
<meta name="twitter:card" content="summary_large_image" />
<script type="application/ld+json" class="yoast-schema-graph">{"@context":"https:\/\/schema.org","@graph":[{"@type":"WebPage","@id":"https:\/\/www.visitamalfi.info\/de\/fall\/amalfi-im-jazz-simona-molinari-im-konzert\/","url":"https:\/\/www.visitamalfi.info\/de\/fall\/amalfi-im-jazz-simona-molinari-im-konzert\/","name":"Amalfi im Jazz - Simona Molinari im Konzert - Visit Amalfi","isPartOf":{"@id":"https:\/\/www.visitamalfi.info\/de\/#website"},"datePublished":"2024-06-07T15:17:22+00:00","breadcrumb":{"@id":"https:\/\/www.visitamalfi.info\/de\/fall\/amalfi-im-jazz-simona-molinari-im-konzert\/#breadcrumb"},"inLanguage":"de","potentialAction":[{"@type":"ReadAction","target":["https:\/\/www.visitamalfi.info\/de\/fall\/amalfi-im-jazz-simona-molinari-im-konzert\/"]}]},{"@type":"BreadcrumbList","@id":"https:\/\/www.visitamalfi.info\/de\/fall\/amalfi-im-jazz-simona-molinari-im-konzert\/#breadcrumb","itemListElement":[{"@type":"ListItem","position":1,"name":"Home","item":"https:\/\/www.visitamalfi.info\/de\/"},{"@type":"ListItem","position":2,"name":"Veranstaltungen","item":"https:\/\/www.visitamalfi.info\/de\/eventi\/"},{"@type":"ListItem","position":3,"name":"Amalfi im Jazz &#8211; Simona Molinari im Konzert"}]},{"@type":"WebSite","@id":"https:\/\/www.visitamalfi.info\/de\/#website","url":"https:\/\/www.visitamalfi.info\/de\/","name":"Visit Amalfi","description":"Amalfi Destination Official Website","publisher":{"@id":"https:\/\/www.visitamalfi.info\/de\/#organization"},"potentialAction":[{"@type":"SearchAction","target":{"@type":"EntryPoint","urlTemplate":"https:\/\/www.visitamalfi.info\/de\/?s={search_term_string}"},"query-input":{"@type":"PropertyValueSpecification","valueRequired":true,"valueName":"search_term_string"}}],"inLanguage":"de"},{"@type":"Organization","@id":"https:\/\/www.visitamalfi.info\/de\/#organization","name":"Visit Amalfi","url":"https:\/\/www.visitamalfi.info\/de\/","logo":{"@type":"ImageObject","inLanguage":"de","@id":"https:\/\/www.visitamalfi.info\/de\/#\/schema\/logo\/image\/","url":"https:\/\/www.visitamalfi.info\/wp-content\/uploads\/2023\/04\/visit-amalfi-logo-web.png","contentUrl":"https:\/\/www.visitamalfi.info\/wp-content\/uploads\/2023\/04\/visit-amalfi-logo-web.png","width":800,"height":870,"caption":"Visit Amalfi"},"image":{"@id":"https:\/\/www.visitamalfi.info\/de\/#\/schema\/logo\/image\/"},"sameAs":["https:\/\/www.facebook.com\/visitamalfiofficial","https:\/\/www.instagram.com\/visitamalfiofficial\/"]}]}</script>
<!-- / Yoast SEO plugin. -->

Das Konzert ist eine Reise, bei der Simona Molinari das Publikum an die Hand nimmt und es durch ihre Lieder und Musik in die dichten Zeiten des Lebens führt, vom Verlieben bis zur Ernüchterung.
