{"id":13346,"date":"2023-12-09T19:13:50","date_gmt":"2023-12-09T18:13:50","guid":{"rendered":"https:\/\/www.visitamalfi.info\/evento\/praesentation-des-buches-durch-domenico-camardo-und-mario-notomista\/"},"modified":"2023-12-09T19:13:50","modified_gmt":"2023-12-09T18:13:50","slug":"praesentation-des-buches-durch-domenico-camardo-und-mario-notomista","status":"publish","type":"tribe_events","link":"https:\/\/www.visitamalfi.info\/de\/fall\/praesentation-des-buches-durch-domenico-camardo-und-mario-notomista\/","title":{"rendered":"Pr\u00e4sentation des Buches durch Domenico Camardo und Mario Notomista"},"content":{"rendered":"<p>Pr\u00e4sentation des Buches von Domenico Camardo und Mario Notomista, mit einem geoarch\u00e4ologischen Beitrag von Aldo Cinque, Carta del Potenziale Archeologico del territorio del Comune di Pompei. Treffen und Debatte zum Thema Wissen und Schutz des arch\u00e4ologischen Erbes in der Region: zwischen Pompeji, Salerno und der Amalfik\u00fcste.<\/p>\n<p>Herausgegeben vom Zentrum f\u00fcr amalfitanische Kultur und Geschichte<\/p>\n","protected":false},"excerpt":{"rendered":"<p>Pr\u00e4sentation des Buches durch Domenico Camardo und Mario Notomista<\/p>\n","protected":false},"author":7,"featured_media":0,"template":"","meta":{"inline_featured_image":false,"_tribe_events_status":"","_tribe_events_status_reason":"","footnotes":""},"tags":[262,1301,1299,1300,1248,1249,1166],"tribe_events_cat":[],"class_list":["post-13346","tribe_events","type-tribe_events","status-publish","hentry","tag-amalfi-de","tag-debatte","tag-domenico-camardo-de","tag-mario-notomista-de","tag-prasentation","tag-veranstaltung","tag-weihnachten"],"yoast_head":"<!-- This site is optimized with the Yoast SEO plugin v27.3 - https:\/\/yoast.com\/product\/yoast-seo-wordpress\/ -->\n<title>Pr\u00e4sentation des Buches durch Domenico Camardo und Mario Notomista - Visit Amalfi<\/title>\n<meta name=\"robots\" content=\"index, follow, max-snippet:-1, max-image-preview:large, max-video-preview:-1\" \/>\n<link rel=\"canonical\" href=\"https:\/\/www.visitamalfi.info\/de\/fall\/praesentation-des-buches-durch-domenico-camardo-und-mario-notomista\/\" \/>\n<meta property=\"og:locale\" content=\"de_DE\" \/>\n<meta property=\"og:type\" content=\"article\" \/>\n<meta property=\"og:title\" content=\"Pr\u00e4sentation des Buches durch Domenico Camardo und Mario Notomista - Visit Amalfi\" \/>\n<meta property=\"og:description\" content=\"Pr\u00e4sentation des Buches durch Domenico Camardo und Mario Notomista\" \/>\n<meta property=\"og:url\" content=\"https:\/\/www.visitamalfi.info\/de\/fall\/praesentation-des-buches-durch-domenico-camardo-und-mario-notomista\/\" \/>\n<meta property=\"og:site_name\" content=\"Visit Amalfi\" \/>\n<meta property=\"article:publisher\" content=\"https:\/\/www.facebook.com\/visitamalfiofficial\" \/>\n<meta name=\"twitter:card\" content=\"summary_large_image\" \/>\n<script type=\"application\/ld+json\" class=\"yoast-schema-graph\">{\"@context\":\"https:\\\/\\\/schema.org\",\"@graph\":[{\"@type\":\"WebPage\",\"@id\":\"https:\\\/\\\/www.visitamalfi.info\\\/de\\\/fall\\\/praesentation-des-buches-durch-domenico-camardo-und-mario-notomista\\\/\",\"url\":\"https:\\\/\\\/www.visitamalfi.info\\\/de\\\/fall\\\/praesentation-des-buches-durch-domenico-camardo-und-mario-notomista\\\/\",\"name\":\"Pr\u00e4sentation des Buches durch Domenico Camardo und Mario Notomista - Visit Amalfi\",\"isPartOf\":{\"@id\":\"https:\\\/\\\/www.visitamalfi.info\\\/de\\\/#website\"},\"datePublished\":\"2023-12-09T18:13:50+00:00\",\"breadcrumb\":{\"@id\":\"https:\\\/\\\/www.visitamalfi.info\\\/de\\\/fall\\\/praesentation-des-buches-durch-domenico-camardo-und-mario-notomista\\\/#breadcrumb\"},\"inLanguage\":\"de\",\"potentialAction\":[{\"@type\":\"ReadAction\",\"target\":[\"https:\\\/\\\/www.visitamalfi.info\\\/de\\\/fall\\\/praesentation-des-buches-durch-domenico-camardo-und-mario-notomista\\\/\"]}]},{\"@type\":\"BreadcrumbList\",\"@id\":\"https:\\\/\\\/www.visitamalfi.info\\\/de\\\/fall\\\/praesentation-des-buches-durch-domenico-camardo-und-mario-notomista\\\/#breadcrumb\",\"itemListElement\":[{\"@type\":\"ListItem\",\"position\":1,\"name\":\"Home\",\"item\":\"https:\\\/\\\/www.visitamalfi.info\\\/de\\\/\"},{\"@type\":\"ListItem\",\"position\":2,\"name\":\"Veranstaltungen\",\"item\":\"https:\\\/\\\/www.visitamalfi.info\\\/de\\\/eventi\\\/\"},{\"@type\":\"ListItem\",\"position\":3,\"name\":\"Pr\u00e4sentation des Buches durch Domenico Camardo und Mario Notomista\"}]},{\"@type\":\"WebSite\",\"@id\":\"https:\\\/\\\/www.visitamalfi.info\\\/de\\\/#website\",\"url\":\"https:\\\/\\\/www.visitamalfi.info\\\/de\\\/\",\"name\":\"Visit Amalfi\",\"description\":\"Amalfi Destination Official Website\",\"publisher\":{\"@id\":\"https:\\\/\\\/www.visitamalfi.info\\\/de\\\/#organization\"},\"potentialAction\":[{\"@type\":\"SearchAction\",\"target\":{\"@type\":\"EntryPoint\",\"urlTemplate\":\"https:\\\/\\\/www.visitamalfi.info\\\/de\\\/?s={search_term_string}\"},\"query-input\":{\"@type\":\"PropertyValueSpecification\",\"valueRequired\":true,\"valueName\":\"search_term_string\"}}],\"inLanguage\":\"de\"},{\"@type\":\"Organization\",\"@id\":\"https:\\\/\\\/www.visitamalfi.info\\\/de\\\/#organization\",\"name\":\"Visit Amalfi\",\"url\":\"https:\\\/\\\/www.visitamalfi.info\\\/de\\\/\",\"logo\":{\"@type\":\"ImageObject\",\"inLanguage\":\"de\",\"@id\":\"https:\\\/\\\/www.visitamalfi.info\\\/de\\\/#\\\/schema\\\/logo\\\/image\\\/\",\"url\":\"https:\\\/\\\/www.visitamalfi.info\\\/wp-content\\\/uploads\\\/2023\\\/04\\\/visit-amalfi-logo-web.png\",\"contentUrl\":\"https:\\\/\\\/www.visitamalfi.info\\\/wp-content\\\/uploads\\\/2023\\\/04\\\/visit-amalfi-logo-web.png\",\"width\":800,\"height\":870,\"caption\":\"Visit Amalfi\"},\"image\":{\"@id\":\"https:\\\/\\\/www.visitamalfi.info\\\/de\\\/#\\\/schema\\\/logo\\\/image\\\/\"},\"sameAs\":[\"https:\\\/\\\/www.facebook.com\\\/visitamalfiofficial\",\"https:\\\/\\\/www.instagram.com\\\/visitamalfiofficial\\\/\"]}]}<\/script>\n<!-- \/ Yoast SEO plugin. -->","yoast_head_json":{"title":"Pr\u00e4sentation des Buches durch Domenico Camardo und Mario Notomista - Visit Amalfi","robots":{"index":"index","follow":"follow","max-snippet":"max-snippet:-1","max-image-preview":"max-image-preview:large","max-video-preview":"max-video-preview:-1"},"canonical":"https:\/\/www.visitamalfi.info\/de\/fall\/praesentation-des-buches-durch-domenico-camardo-und-mario-notomista\/","og_locale":"de_DE","og_type":"article","og_title":"Pr\u00e4sentation des Buches durch Domenico Camardo und Mario Notomista - Visit Amalfi","og_description":"Pr\u00e4sentation des Buches durch Domenico Camardo und Mario Notomista","og_url":"https:\/\/www.visitamalfi.info\/de\/fall\/praesentation-des-buches-durch-domenico-camardo-und-mario-notomista\/","og_site_name":"Visit Amalfi","article_publisher":"https:\/\/www.facebook.com\/visitamalfiofficial","twitter_card":"summary_large_image","schema":{"@context":"https:\/\/schema.org","@graph":[{"@type":"WebPage","@id":"https:\/\/www.visitamalfi.info\/de\/fall\/praesentation-des-buches-durch-domenico-camardo-und-mario-notomista\/","url":"https:\/\/www.visitamalfi.info\/de\/fall\/praesentation-des-buches-durch-domenico-camardo-und-mario-notomista\/","name":"Pr\u00e4sentation des Buches durch Domenico Camardo und Mario Notomista - Visit Amalfi","isPartOf":{"@id":"https:\/\/www.visitamalfi.info\/de\/#website"},"datePublished":"2023-12-09T18:13:50+00:00","breadcrumb":{"@id":"https:\/\/www.visitamalfi.info\/de\/fall\/praesentation-des-buches-durch-domenico-camardo-und-mario-notomista\/#breadcrumb"},"inLanguage":"de","potentialAction":[{"@type":"ReadAction","target":["https:\/\/www.visitamalfi.info\/de\/fall\/praesentation-des-buches-durch-domenico-camardo-und-mario-notomista\/"]}]},{"@type":"BreadcrumbList","@id":"https:\/\/www.visitamalfi.info\/de\/fall\/praesentation-des-buches-durch-domenico-camardo-und-mario-notomista\/#breadcrumb","itemListElement":[{"@type":"ListItem","position":1,"name":"Home","item":"https:\/\/www.visitamalfi.info\/de\/"},{"@type":"ListItem","position":2,"name":"Veranstaltungen","item":"https:\/\/www.visitamalfi.info\/de\/eventi\/"},{"@type":"ListItem","position":3,"name":"Pr\u00e4sentation des Buches durch Domenico Camardo und Mario Notomista"}]},{"@type":"WebSite","@id":"https:\/\/www.visitamalfi.info\/de\/#website","url":"https:\/\/www.visitamalfi.info\/de\/","name":"Visit Amalfi","description":"Amalfi Destination Official Website","publisher":{"@id":"https:\/\/www.visitamalfi.info\/de\/#organization"},"potentialAction":[{"@type":"SearchAction","target":{"@type":"EntryPoint","urlTemplate":"https:\/\/www.visitamalfi.info\/de\/?s={search_term_string}"},"query-input":{"@type":"PropertyValueSpecification","valueRequired":true,"valueName":"search_term_string"}}],"inLanguage":"de"},{"@type":"Organization","@id":"https:\/\/www.visitamalfi.info\/de\/#organization","name":"Visit Amalfi","url":"https:\/\/www.visitamalfi.info\/de\/","logo":{"@type":"ImageObject","inLanguage":"de","@id":"https:\/\/www.visitamalfi.info\/de\/#\/schema\/logo\/image\/","url":"https:\/\/www.visitamalfi.info\/wp-content\/uploads\/2023\/04\/visit-amalfi-logo-web.png","contentUrl":"https:\/\/www.visitamalfi.info\/wp-content\/uploads\/2023\/04\/visit-amalfi-logo-web.png","width":800,"height":870,"caption":"Visit Amalfi"},"image":{"@id":"https:\/\/www.visitamalfi.info\/de\/#\/schema\/logo\/image\/"},"sameAs":["https:\/\/www.facebook.com\/visitamalfiofficial","https:\/\/www.instagram.com\/visitamalfiofficial\/"]}]}},"_links":{"self":[{"href":"https:\/\/www.visitamalfi.info\/de\/wp-json\/wp\/v2\/tribe_events\/13346","targetHints":{"allow":["GET"]}}],"collection":[{"href":"https:\/\/www.visitamalfi.info\/de\/wp-json\/wp\/v2\/tribe_events"}],"about":[{"href":"https:\/\/www.visitamalfi.info\/de\/wp-json\/wp\/v2\/types\/tribe_events"}],"author":[{"embeddable":true,"href":"https:\/\/www.visitamalfi.info\/de\/wp-json\/wp\/v2\/users\/7"}],"version-history":[{"count":0,"href":"https:\/\/www.visitamalfi.info\/de\/wp-json\/wp\/v2\/tribe_events\/13346\/revisions"}],"wp:attachment":[{"href":"https:\/\/www.visitamalfi.info\/de\/wp-json\/wp\/v2\/media?parent=13346"}],"wp:term":[{"taxonomy":"post_tag","embeddable":true,"href":"https:\/\/www.visitamalfi.info\/de\/wp-json\/wp\/v2\/tags?post=13346"},{"taxonomy":"tribe_events_cat","embeddable":true,"href":"https:\/\/www.visitamalfi.info\/de\/wp-json\/wp\/v2\/tribe_events_cat?post=13346"}],"curies":[{"name":"wp","href":"https:\/\/api.w.org\/{rel}","templated":true}]}}

Präsentation des Buches durch Domenico Camardo und Mario Notomista

<p>Präsentation des Buches von Domenico Camardo und Mario Notomista, mit einem geoarchäologischen Beitrag von Aldo Cinque, Carta del Potenziale Archeologico del territorio del Comune di Pompei. Treffen und Debatte zum Thema Wissen und Schutz des archäologischen Erbes in der Region: zwischen Pompeji, Salerno und der Amalfiküste.</p>
<p>Herausgegeben vom Zentrum für amalfitanische Kultur und Geschichte</p>

<p>Präsentation des Buches durch Domenico Camardo und Mario Notomista</p>

<!-- This site is optimized with the Yoast SEO plugin v27.3 - https://yoast.com/product/yoast-seo-wordpress/ -->
<title>Präsentation des Buches durch Domenico Camardo und Mario Notomista - Visit Amalfi</title>
<meta name="robots" content="index, follow, max-snippet:-1, max-image-preview:large, max-video-preview:-1" />
<link rel="canonical" href="https://www.visitamalfi.info/de/fall/praesentation-des-buches-durch-domenico-camardo-und-mario-notomista/" />
<meta property="og:locale" content="de_DE" />
<meta property="og:type" content="article" />
<meta property="og:title" content="Präsentation des Buches durch Domenico Camardo und Mario Notomista - Visit Amalfi" />
<meta property="og:description" content="Präsentation des Buches durch Domenico Camardo und Mario Notomista" />
<meta property="og:url" content="https://www.visitamalfi.info/de/fall/praesentation-des-buches-durch-domenico-camardo-und-mario-notomista/" />
<meta property="og:site_name" content="Visit Amalfi" />
<meta property="article:publisher" content="https://www.facebook.com/visitamalfiofficial" />
<meta name="twitter:card" content="summary_large_image" />
<script type="application/ld+json" class="yoast-schema-graph">{"@context":"https:\/\/schema.org","@graph":[{"@type":"WebPage","@id":"https:\/\/www.visitamalfi.info\/de\/fall\/praesentation-des-buches-durch-domenico-camardo-und-mario-notomista\/","url":"https:\/\/www.visitamalfi.info\/de\/fall\/praesentation-des-buches-durch-domenico-camardo-und-mario-notomista\/","name":"Präsentation des Buches durch Domenico Camardo und Mario Notomista - Visit Amalfi","isPartOf":{"@id":"https:\/\/www.visitamalfi.info\/de\/#website"},"datePublished":"2023-12-09T18:13:50+00:00","breadcrumb":{"@id":"https:\/\/www.visitamalfi.info\/de\/fall\/praesentation-des-buches-durch-domenico-camardo-und-mario-notomista\/#breadcrumb"},"inLanguage":"de","potentialAction":[{"@type":"ReadAction","target":["https:\/\/www.visitamalfi.info\/de\/fall\/praesentation-des-buches-durch-domenico-camardo-und-mario-notomista\/"]}]},{"@type":"BreadcrumbList","@id":"https:\/\/www.visitamalfi.info\/de\/fall\/praesentation-des-buches-durch-domenico-camardo-und-mario-notomista\/#breadcrumb","itemListElement":[{"@type":"ListItem","position":1,"name":"Home","item":"https:\/\/www.visitamalfi.info\/de\/"},{"@type":"ListItem","position":2,"name":"Veranstaltungen","item":"https:\/\/www.visitamalfi.info\/de\/eventi\/"},{"@type":"ListItem","position":3,"name":"Präsentation des Buches durch Domenico Camardo und Mario Notomista"}]},{"@type":"WebSite","@id":"https:\/\/www.visitamalfi.info\/de\/#website","url":"https:\/\/www.visitamalfi.info\/de\/","name":"Visit Amalfi","description":"Amalfi Destination Official Website","publisher":{"@id":"https:\/\/www.visitamalfi.info\/de\/#organization"},"potentialAction":[{"@type":"SearchAction","target":{"@type":"EntryPoint","urlTemplate":"https:\/\/www.visitamalfi.info\/de\/?s={search_term_string}"},"query-input":{"@type":"PropertyValueSpecification","valueRequired":true,"valueName":"search_term_string"}}],"inLanguage":"de"},{"@type":"Organization","@id":"https:\/\/www.visitamalfi.info\/de\/#organization","name":"Visit Amalfi","url":"https:\/\/www.visitamalfi.info\/de\/","logo":{"@type":"ImageObject","inLanguage":"de","@id":"https:\/\/www.visitamalfi.info\/de\/#\/schema\/logo\/image\/","url":"https:\/\/www.visitamalfi.info\/wp-content\/uploads\/2023\/04\/visit-amalfi-logo-web.png","contentUrl":"https:\/\/www.visitamalfi.info\/wp-content\/uploads\/2023\/04\/visit-amalfi-logo-web.png","width":800,"height":870,"caption":"Visit Amalfi"},"image":{"@id":"https:\/\/www.visitamalfi.info\/de\/#\/schema\/logo\/image\/"},"sameAs":["https:\/\/www.facebook.com\/visitamalfiofficial","https:\/\/www.instagram.com\/visitamalfiofficial\/"]}]}</script>
<!-- / Yoast SEO plugin. -->

Präsentation des Buches durch Domenico Camardo und Mario Notomista - Visit Amalfi
