{"id":13336,"date":"2023-12-09T19:10:39","date_gmt":"2023-12-09T18:10:39","guid":{"rendered":"https:\/\/www.visitamalfi.info\/evento\/eroeffnung-der-ikonographisch-dokumentarischen-ausstellung-silvestr-scedrin-der-maler-des-lichts-zwischen-amalfi-und-sorrent\/"},"modified":"2023-12-09T19:10:39","modified_gmt":"2023-12-09T18:10:39","slug":"eroeffnung-der-ikonographisch-dokumentarischen-ausstellung-silvestr-scedrin-der-maler-des-lichts-zwischen-amalfi-und-sorrent","status":"publish","type":"tribe_events","link":"https:\/\/www.visitamalfi.info\/de\/fall\/eroeffnung-der-ikonographisch-dokumentarischen-ausstellung-silvestr-scedrin-der-maler-des-lichts-zwischen-amalfi-und-sorrent\/","title":{"rendered":"Er\u00f6ffnung der ikonographisch-dokumentarischen Ausstellung Silvestr \u0160\u010dedrin: der &#8220;Maler des Lichts&#8221; zwischen Amalfi und Sorrent."},"content":{"rendered":"<p>Er\u00f6ffnung der ikonografisch-dokumentarischen Ausstellung <strong>Silvestr \u0160\u010dedrin: der &#8220;Maler des Lichts&#8221; zwischen Amalfi und Sorrent<\/strong>. Die interkulturellen Br\u00fccken der Kunst f\u00fcr Solidarit\u00e4t und Freundschaft zwischen den V\u00f6lkern. Im Anschluss Pr\u00e4sentation des Bandes durch Michail Ju. Evsev&#8217;ev Briefe aus dem S\u00fcden von Sil&#8217;vestr \u0160\u010dedrin. Ein russischer Maler, verliebt in das Licht des S\u00fcdens. Treffen und Debatte zum Thema &#8220;Tra due coste e due mondi: Otto e Novecento in pittura: il territorio del sud, le &#8216;luci&#8217;, la gente.<\/p>\n<p>Herausgegeben vom Zentrum f\u00fcr amalfitanische Kultur und Geschichte<\/p>\n","protected":false},"excerpt":{"rendered":"<p>Er\u00f6ffnung der ikonografisch-dokumentarischen Ausstellung Silvestr \u0160\u010dedrin: der &#8220;Maler des Lichts&#8221; zwischen Amalfi und Sorrent und Pr\u00e4sentation des Bandes von Michail Ju. Evsev&#8217;ev Briefe aus dem S\u00fcden von Sil&#8217;vestr \u0160\u010dedrin.<\/p>\n","protected":false},"author":7,"featured_media":0,"template":"","meta":{"inline_featured_image":false,"_tribe_events_status":"","_tribe_events_status_reason":"","footnotes":""},"tags":[262,1265,1266,821,1166],"tribe_events_cat":[],"class_list":["post-13336","tribe_events","type-tribe_events","status-publish","hentry","tag-amalfi-de","tag-ausstellung","tag-silvestr-scedrin-de","tag-veranstaltungen","tag-weihnachten"],"yoast_head":"<!-- This site is optimized with the Yoast SEO plugin v27.3 - https:\/\/yoast.com\/product\/yoast-seo-wordpress\/ -->\n<title>Er\u00f6ffnung der ikonographisch-dokumentarischen Ausstellung Silvestr \u0160\u010dedrin: der &quot;Maler des Lichts&quot; zwischen Amalfi und Sorrent. - Visit Amalfi<\/title>\n<meta name=\"robots\" content=\"index, follow, max-snippet:-1, max-image-preview:large, max-video-preview:-1\" \/>\n<link rel=\"canonical\" href=\"https:\/\/www.visitamalfi.info\/de\/fall\/eroeffnung-der-ikonographisch-dokumentarischen-ausstellung-silvestr-scedrin-der-maler-des-lichts-zwischen-amalfi-und-sorrent\/\" \/>\n<meta property=\"og:locale\" content=\"de_DE\" \/>\n<meta property=\"og:type\" content=\"article\" \/>\n<meta property=\"og:title\" content=\"Er\u00f6ffnung der ikonographisch-dokumentarischen Ausstellung Silvestr \u0160\u010dedrin: der &quot;Maler des Lichts&quot; zwischen Amalfi und Sorrent. - Visit Amalfi\" \/>\n<meta property=\"og:description\" content=\"Er\u00f6ffnung der ikonografisch-dokumentarischen Ausstellung Silvestr \u0160\u010dedrin: der &quot;Maler des Lichts&quot; zwischen Amalfi und Sorrent und Pr\u00e4sentation des Bandes von Michail Ju. Evsev&#039;ev Briefe aus dem S\u00fcden von Sil&#039;vestr \u0160\u010dedrin.\" \/>\n<meta property=\"og:url\" content=\"https:\/\/www.visitamalfi.info\/de\/fall\/eroeffnung-der-ikonographisch-dokumentarischen-ausstellung-silvestr-scedrin-der-maler-des-lichts-zwischen-amalfi-und-sorrent\/\" \/>\n<meta property=\"og:site_name\" content=\"Visit Amalfi\" \/>\n<meta property=\"article:publisher\" content=\"https:\/\/www.facebook.com\/visitamalfiofficial\" \/>\n<meta name=\"twitter:card\" content=\"summary_large_image\" \/>\n<script type=\"application\/ld+json\" class=\"yoast-schema-graph\">{\"@context\":\"https:\\\/\\\/schema.org\",\"@graph\":[{\"@type\":\"WebPage\",\"@id\":\"https:\\\/\\\/www.visitamalfi.info\\\/de\\\/fall\\\/eroeffnung-der-ikonographisch-dokumentarischen-ausstellung-silvestr-scedrin-der-maler-des-lichts-zwischen-amalfi-und-sorrent\\\/\",\"url\":\"https:\\\/\\\/www.visitamalfi.info\\\/de\\\/fall\\\/eroeffnung-der-ikonographisch-dokumentarischen-ausstellung-silvestr-scedrin-der-maler-des-lichts-zwischen-amalfi-und-sorrent\\\/\",\"name\":\"Er\u00f6ffnung der ikonographisch-dokumentarischen Ausstellung Silvestr \u0160\u010dedrin: der \\\"Maler des Lichts\\\" zwischen Amalfi und Sorrent. - Visit Amalfi\",\"isPartOf\":{\"@id\":\"https:\\\/\\\/www.visitamalfi.info\\\/de\\\/#website\"},\"datePublished\":\"2023-12-09T18:10:39+00:00\",\"breadcrumb\":{\"@id\":\"https:\\\/\\\/www.visitamalfi.info\\\/de\\\/fall\\\/eroeffnung-der-ikonographisch-dokumentarischen-ausstellung-silvestr-scedrin-der-maler-des-lichts-zwischen-amalfi-und-sorrent\\\/#breadcrumb\"},\"inLanguage\":\"de\",\"potentialAction\":[{\"@type\":\"ReadAction\",\"target\":[\"https:\\\/\\\/www.visitamalfi.info\\\/de\\\/fall\\\/eroeffnung-der-ikonographisch-dokumentarischen-ausstellung-silvestr-scedrin-der-maler-des-lichts-zwischen-amalfi-und-sorrent\\\/\"]}]},{\"@type\":\"BreadcrumbList\",\"@id\":\"https:\\\/\\\/www.visitamalfi.info\\\/de\\\/fall\\\/eroeffnung-der-ikonographisch-dokumentarischen-ausstellung-silvestr-scedrin-der-maler-des-lichts-zwischen-amalfi-und-sorrent\\\/#breadcrumb\",\"itemListElement\":[{\"@type\":\"ListItem\",\"position\":1,\"name\":\"Home\",\"item\":\"https:\\\/\\\/www.visitamalfi.info\\\/de\\\/\"},{\"@type\":\"ListItem\",\"position\":2,\"name\":\"Veranstaltungen\",\"item\":\"https:\\\/\\\/www.visitamalfi.info\\\/de\\\/eventi\\\/\"},{\"@type\":\"ListItem\",\"position\":3,\"name\":\"Er\u00f6ffnung der ikonographisch-dokumentarischen Ausstellung Silvestr \u0160\u010dedrin: der &#8220;Maler des Lichts&#8221; zwischen Amalfi und Sorrent.\"}]},{\"@type\":\"WebSite\",\"@id\":\"https:\\\/\\\/www.visitamalfi.info\\\/de\\\/#website\",\"url\":\"https:\\\/\\\/www.visitamalfi.info\\\/de\\\/\",\"name\":\"Visit Amalfi\",\"description\":\"Amalfi Destination Official Website\",\"publisher\":{\"@id\":\"https:\\\/\\\/www.visitamalfi.info\\\/de\\\/#organization\"},\"potentialAction\":[{\"@type\":\"SearchAction\",\"target\":{\"@type\":\"EntryPoint\",\"urlTemplate\":\"https:\\\/\\\/www.visitamalfi.info\\\/de\\\/?s={search_term_string}\"},\"query-input\":{\"@type\":\"PropertyValueSpecification\",\"valueRequired\":true,\"valueName\":\"search_term_string\"}}],\"inLanguage\":\"de\"},{\"@type\":\"Organization\",\"@id\":\"https:\\\/\\\/www.visitamalfi.info\\\/de\\\/#organization\",\"name\":\"Visit Amalfi\",\"url\":\"https:\\\/\\\/www.visitamalfi.info\\\/de\\\/\",\"logo\":{\"@type\":\"ImageObject\",\"inLanguage\":\"de\",\"@id\":\"https:\\\/\\\/www.visitamalfi.info\\\/de\\\/#\\\/schema\\\/logo\\\/image\\\/\",\"url\":\"https:\\\/\\\/www.visitamalfi.info\\\/wp-content\\\/uploads\\\/2023\\\/04\\\/visit-amalfi-logo-web.png\",\"contentUrl\":\"https:\\\/\\\/www.visitamalfi.info\\\/wp-content\\\/uploads\\\/2023\\\/04\\\/visit-amalfi-logo-web.png\",\"width\":800,\"height\":870,\"caption\":\"Visit Amalfi\"},\"image\":{\"@id\":\"https:\\\/\\\/www.visitamalfi.info\\\/de\\\/#\\\/schema\\\/logo\\\/image\\\/\"},\"sameAs\":[\"https:\\\/\\\/www.facebook.com\\\/visitamalfiofficial\",\"https:\\\/\\\/www.instagram.com\\\/visitamalfiofficial\\\/\"]}]}<\/script>\n<!-- \/ Yoast SEO plugin. -->","yoast_head_json":{"title":"Er\u00f6ffnung der ikonographisch-dokumentarischen Ausstellung Silvestr \u0160\u010dedrin: der \"Maler des Lichts\" zwischen Amalfi und Sorrent. - Visit Amalfi","robots":{"index":"index","follow":"follow","max-snippet":"max-snippet:-1","max-image-preview":"max-image-preview:large","max-video-preview":"max-video-preview:-1"},"canonical":"https:\/\/www.visitamalfi.info\/de\/fall\/eroeffnung-der-ikonographisch-dokumentarischen-ausstellung-silvestr-scedrin-der-maler-des-lichts-zwischen-amalfi-und-sorrent\/","og_locale":"de_DE","og_type":"article","og_title":"Er\u00f6ffnung der ikonographisch-dokumentarischen Ausstellung Silvestr \u0160\u010dedrin: der \"Maler des Lichts\" zwischen Amalfi und Sorrent. - Visit Amalfi","og_description":"Er\u00f6ffnung der ikonografisch-dokumentarischen Ausstellung Silvestr \u0160\u010dedrin: der \"Maler des Lichts\" zwischen Amalfi und Sorrent und Pr\u00e4sentation des Bandes von Michail Ju. Evsev'ev Briefe aus dem S\u00fcden von Sil'vestr \u0160\u010dedrin.","og_url":"https:\/\/www.visitamalfi.info\/de\/fall\/eroeffnung-der-ikonographisch-dokumentarischen-ausstellung-silvestr-scedrin-der-maler-des-lichts-zwischen-amalfi-und-sorrent\/","og_site_name":"Visit Amalfi","article_publisher":"https:\/\/www.facebook.com\/visitamalfiofficial","twitter_card":"summary_large_image","schema":{"@context":"https:\/\/schema.org","@graph":[{"@type":"WebPage","@id":"https:\/\/www.visitamalfi.info\/de\/fall\/eroeffnung-der-ikonographisch-dokumentarischen-ausstellung-silvestr-scedrin-der-maler-des-lichts-zwischen-amalfi-und-sorrent\/","url":"https:\/\/www.visitamalfi.info\/de\/fall\/eroeffnung-der-ikonographisch-dokumentarischen-ausstellung-silvestr-scedrin-der-maler-des-lichts-zwischen-amalfi-und-sorrent\/","name":"Er\u00f6ffnung der ikonographisch-dokumentarischen Ausstellung Silvestr \u0160\u010dedrin: der \"Maler des Lichts\" zwischen Amalfi und Sorrent. - Visit Amalfi","isPartOf":{"@id":"https:\/\/www.visitamalfi.info\/de\/#website"},"datePublished":"2023-12-09T18:10:39+00:00","breadcrumb":{"@id":"https:\/\/www.visitamalfi.info\/de\/fall\/eroeffnung-der-ikonographisch-dokumentarischen-ausstellung-silvestr-scedrin-der-maler-des-lichts-zwischen-amalfi-und-sorrent\/#breadcrumb"},"inLanguage":"de","potentialAction":[{"@type":"ReadAction","target":["https:\/\/www.visitamalfi.info\/de\/fall\/eroeffnung-der-ikonographisch-dokumentarischen-ausstellung-silvestr-scedrin-der-maler-des-lichts-zwischen-amalfi-und-sorrent\/"]}]},{"@type":"BreadcrumbList","@id":"https:\/\/www.visitamalfi.info\/de\/fall\/eroeffnung-der-ikonographisch-dokumentarischen-ausstellung-silvestr-scedrin-der-maler-des-lichts-zwischen-amalfi-und-sorrent\/#breadcrumb","itemListElement":[{"@type":"ListItem","position":1,"name":"Home","item":"https:\/\/www.visitamalfi.info\/de\/"},{"@type":"ListItem","position":2,"name":"Veranstaltungen","item":"https:\/\/www.visitamalfi.info\/de\/eventi\/"},{"@type":"ListItem","position":3,"name":"Er\u00f6ffnung der ikonographisch-dokumentarischen Ausstellung Silvestr \u0160\u010dedrin: der &#8220;Maler des Lichts&#8221; zwischen Amalfi und Sorrent."}]},{"@type":"WebSite","@id":"https:\/\/www.visitamalfi.info\/de\/#website","url":"https:\/\/www.visitamalfi.info\/de\/","name":"Visit Amalfi","description":"Amalfi Destination Official Website","publisher":{"@id":"https:\/\/www.visitamalfi.info\/de\/#organization"},"potentialAction":[{"@type":"SearchAction","target":{"@type":"EntryPoint","urlTemplate":"https:\/\/www.visitamalfi.info\/de\/?s={search_term_string}"},"query-input":{"@type":"PropertyValueSpecification","valueRequired":true,"valueName":"search_term_string"}}],"inLanguage":"de"},{"@type":"Organization","@id":"https:\/\/www.visitamalfi.info\/de\/#organization","name":"Visit Amalfi","url":"https:\/\/www.visitamalfi.info\/de\/","logo":{"@type":"ImageObject","inLanguage":"de","@id":"https:\/\/www.visitamalfi.info\/de\/#\/schema\/logo\/image\/","url":"https:\/\/www.visitamalfi.info\/wp-content\/uploads\/2023\/04\/visit-amalfi-logo-web.png","contentUrl":"https:\/\/www.visitamalfi.info\/wp-content\/uploads\/2023\/04\/visit-amalfi-logo-web.png","width":800,"height":870,"caption":"Visit Amalfi"},"image":{"@id":"https:\/\/www.visitamalfi.info\/de\/#\/schema\/logo\/image\/"},"sameAs":["https:\/\/www.facebook.com\/visitamalfiofficial","https:\/\/www.instagram.com\/visitamalfiofficial\/"]}]}},"_links":{"self":[{"href":"https:\/\/www.visitamalfi.info\/de\/wp-json\/wp\/v2\/tribe_events\/13336","targetHints":{"allow":["GET"]}}],"collection":[{"href":"https:\/\/www.visitamalfi.info\/de\/wp-json\/wp\/v2\/tribe_events"}],"about":[{"href":"https:\/\/www.visitamalfi.info\/de\/wp-json\/wp\/v2\/types\/tribe_events"}],"author":[{"embeddable":true,"href":"https:\/\/www.visitamalfi.info\/de\/wp-json\/wp\/v2\/users\/7"}],"version-history":[{"count":0,"href":"https:\/\/www.visitamalfi.info\/de\/wp-json\/wp\/v2\/tribe_events\/13336\/revisions"}],"wp:attachment":[{"href":"https:\/\/www.visitamalfi.info\/de\/wp-json\/wp\/v2\/media?parent=13336"}],"wp:term":[{"taxonomy":"post_tag","embeddable":true,"href":"https:\/\/www.visitamalfi.info\/de\/wp-json\/wp\/v2\/tags?post=13336"},{"taxonomy":"tribe_events_cat","embeddable":true,"href":"https:\/\/www.visitamalfi.info\/de\/wp-json\/wp\/v2\/tribe_events_cat?post=13336"}],"curies":[{"name":"wp","href":"https:\/\/api.w.org\/{rel}","templated":true}]}}

Eröffnung der ikonographisch-dokumentarischen Ausstellung Silvestr Ščedrin: der &#8220;Maler des Lichts&#8221; zwischen Amalfi und Sorrent.

<p>Eröffnung der ikonografisch-dokumentarischen Ausstellung <strong>Silvestr Ščedrin: der &#8220;Maler des Lichts&#8221; zwischen Amalfi und Sorrent</strong>. Die interkulturellen Brücken der Kunst für Solidarität und Freundschaft zwischen den Völkern. Im Anschluss Präsentation des Bandes durch Michail Ju. Evsev&#8217;ev Briefe aus dem Süden von Sil&#8217;vestr Ščedrin. Ein russischer Maler, verliebt in das Licht des Südens. Treffen und Debatte zum Thema &#8220;Tra due coste e due mondi: Otto e Novecento in pittura: il territorio del sud, le &#8216;luci&#8217;, la gente.</p>
<p>Herausgegeben vom Zentrum für amalfitanische Kultur und Geschichte</p>

<p>Eröffnung der ikonografisch-dokumentarischen Ausstellung Silvestr Ščedrin: der &#8220;Maler des Lichts&#8221; zwischen Amalfi und Sorrent und Präsentation des Bandes von Michail Ju. Evsev&#8217;ev Briefe aus dem Süden von Sil&#8217;vestr Ščedrin.</p>

<!-- This site is optimized with the Yoast SEO plugin v27.3 - https://yoast.com/product/yoast-seo-wordpress/ -->
<title>Eröffnung der ikonographisch-dokumentarischen Ausstellung Silvestr Ščedrin: der &quot;Maler des Lichts&quot; zwischen Amalfi und Sorrent. - Visit Amalfi</title>
<meta name="robots" content="index, follow, max-snippet:-1, max-image-preview:large, max-video-preview:-1" />
<link rel="canonical" href="https://www.visitamalfi.info/de/fall/eroeffnung-der-ikonographisch-dokumentarischen-ausstellung-silvestr-scedrin-der-maler-des-lichts-zwischen-amalfi-und-sorrent/" />
<meta property="og:locale" content="de_DE" />
<meta property="og:type" content="article" />
<meta property="og:title" content="Eröffnung der ikonographisch-dokumentarischen Ausstellung Silvestr Ščedrin: der &quot;Maler des Lichts&quot; zwischen Amalfi und Sorrent. - Visit Amalfi" />
<meta property="og:description" content="Eröffnung der ikonografisch-dokumentarischen Ausstellung Silvestr Ščedrin: der &quot;Maler des Lichts&quot; zwischen Amalfi und Sorrent und Präsentation des Bandes von Michail Ju. Evsev&#039;ev Briefe aus dem Süden von Sil&#039;vestr Ščedrin." />
<meta property="og:url" content="https://www.visitamalfi.info/de/fall/eroeffnung-der-ikonographisch-dokumentarischen-ausstellung-silvestr-scedrin-der-maler-des-lichts-zwischen-amalfi-und-sorrent/" />
<meta property="og:site_name" content="Visit Amalfi" />
<meta property="article:publisher" content="https://www.facebook.com/visitamalfiofficial" />
<meta name="twitter:card" content="summary_large_image" />
<script type="application/ld+json" class="yoast-schema-graph">{"@context":"https:\/\/schema.org","@graph":[{"@type":"WebPage","@id":"https:\/\/www.visitamalfi.info\/de\/fall\/eroeffnung-der-ikonographisch-dokumentarischen-ausstellung-silvestr-scedrin-der-maler-des-lichts-zwischen-amalfi-und-sorrent\/","url":"https:\/\/www.visitamalfi.info\/de\/fall\/eroeffnung-der-ikonographisch-dokumentarischen-ausstellung-silvestr-scedrin-der-maler-des-lichts-zwischen-amalfi-und-sorrent\/","name":"Eröffnung der ikonographisch-dokumentarischen Ausstellung Silvestr Ščedrin: der \"Maler des Lichts\" zwischen Amalfi und Sorrent. - Visit Amalfi","isPartOf":{"@id":"https:\/\/www.visitamalfi.info\/de\/#website"},"datePublished":"2023-12-09T18:10:39+00:00","breadcrumb":{"@id":"https:\/\/www.visitamalfi.info\/de\/fall\/eroeffnung-der-ikonographisch-dokumentarischen-ausstellung-silvestr-scedrin-der-maler-des-lichts-zwischen-amalfi-und-sorrent\/#breadcrumb"},"inLanguage":"de","potentialAction":[{"@type":"ReadAction","target":["https:\/\/www.visitamalfi.info\/de\/fall\/eroeffnung-der-ikonographisch-dokumentarischen-ausstellung-silvestr-scedrin-der-maler-des-lichts-zwischen-amalfi-und-sorrent\/"]}]},{"@type":"BreadcrumbList","@id":"https:\/\/www.visitamalfi.info\/de\/fall\/eroeffnung-der-ikonographisch-dokumentarischen-ausstellung-silvestr-scedrin-der-maler-des-lichts-zwischen-amalfi-und-sorrent\/#breadcrumb","itemListElement":[{"@type":"ListItem","position":1,"name":"Home","item":"https:\/\/www.visitamalfi.info\/de\/"},{"@type":"ListItem","position":2,"name":"Veranstaltungen","item":"https:\/\/www.visitamalfi.info\/de\/eventi\/"},{"@type":"ListItem","position":3,"name":"Eröffnung der ikonographisch-dokumentarischen Ausstellung Silvestr Ščedrin: der &#8220;Maler des Lichts&#8221; zwischen Amalfi und Sorrent."}]},{"@type":"WebSite","@id":"https:\/\/www.visitamalfi.info\/de\/#website","url":"https:\/\/www.visitamalfi.info\/de\/","name":"Visit Amalfi","description":"Amalfi Destination Official Website","publisher":{"@id":"https:\/\/www.visitamalfi.info\/de\/#organization"},"potentialAction":[{"@type":"SearchAction","target":{"@type":"EntryPoint","urlTemplate":"https:\/\/www.visitamalfi.info\/de\/?s={search_term_string}"},"query-input":{"@type":"PropertyValueSpecification","valueRequired":true,"valueName":"search_term_string"}}],"inLanguage":"de"},{"@type":"Organization","@id":"https:\/\/www.visitamalfi.info\/de\/#organization","name":"Visit Amalfi","url":"https:\/\/www.visitamalfi.info\/de\/","logo":{"@type":"ImageObject","inLanguage":"de","@id":"https:\/\/www.visitamalfi.info\/de\/#\/schema\/logo\/image\/","url":"https:\/\/www.visitamalfi.info\/wp-content\/uploads\/2023\/04\/visit-amalfi-logo-web.png","contentUrl":"https:\/\/www.visitamalfi.info\/wp-content\/uploads\/2023\/04\/visit-amalfi-logo-web.png","width":800,"height":870,"caption":"Visit Amalfi"},"image":{"@id":"https:\/\/www.visitamalfi.info\/de\/#\/schema\/logo\/image\/"},"sameAs":["https:\/\/www.facebook.com\/visitamalfiofficial","https:\/\/www.instagram.com\/visitamalfiofficial\/"]}]}</script>
<!-- / Yoast SEO plugin. -->

Eröffnung der ikonographisch-dokumentarischen Ausstellung Silvestr Ščedrin: der "Maler des Lichts" zwischen Amalfi und Sorrent. - Visit Amalfi

Eröffnung der ikonografisch-dokumentarischen Ausstellung Silvestr Ščedrin: der "Maler des Lichts" zwischen Amalfi und Sorrent und Präsentation des Bandes von Michail Ju. Evsev'ev Briefe aus dem Süden von Sil'vestr Ščedrin.
