{"id":10274,"date":"2023-06-07T18:50:48","date_gmt":"2023-06-07T16:50:48","guid":{"rendered":"https:\/\/www.visitamalfi.info\/evento\/borghi-in-festa-vettica\/"},"modified":"2023-06-07T18:50:48","modified_gmt":"2023-06-07T16:50:48","slug":"borghi-in-festa-vettica","status":"publish","type":"tribe_events","link":"https:\/\/www.visitamalfi.info\/de\/fall\/borghi-in-festa-vettica\/","title":{"rendered":"Borghi in Festa-Vettica"},"content":{"rendered":"<p><strong><em>Konzert von La Piccola Orchestra Popolare C.O. Panzillo<\/em><\/strong><\/p>\n<p>Das <em>Piccola Orchestra Popolare C.O. Panzillo <\/em>wurde 2001 von kultur- und traditionsbewussten Musik- und Poesiebegeisterten aus der Region Kampanien gegr\u00fcndet. Die unterschiedlichen musikalischen Vorlieben der Mitglieder der Gruppe haben zu einem abwechslungsreichen Repertoire gef\u00fchrt, das sowohl vokal als auch instrumental ist und sowohl bekannte als auch wertvolle St\u00fccke enth\u00e4lt. L\u2019idea che anima le esibizioni del settetto musicale \u00e8 quella di rappresentare le forme composite ed articolate della musica napoletana offrendo allo spettatore la possibilit\u00e0 di ascoltarla sotto forma di breve compendio. Die pr\u00e4zise k\u00fcnstlerische Ausrichtung auf einen auch philologischen Weg bestimmt, dass jedes St\u00fcck in der Strenge der Stile und der urspr\u00fcnglichen Absichten der Zeit aufgef\u00fchrt wird, ohne dabei auf pers\u00f6nliche, aber respektvolle Interpretationen zu verzichten. Mit <strong>Nuccia Paolillo, Antonio Marasca, Massimiliano D&#8217;Alessandro, Bruno Paura, Luca Di Muzio, Simone Cretella<\/strong> und <strong>Rosanna Fanzo<\/strong>.<\/p>\n","protected":false},"excerpt":{"rendered":"<p>Una serata caratterizzata dalle forme composite ed articolate della musica napoletana, un repertorio unico che trasporta lo spettatore in un mix di tradizione e buona musica. <\/p>\n","protected":false},"author":7,"featured_media":0,"template":"","meta":{"inline_featured_image":false,"_tribe_events_status":"","_tribe_events_status_reason":"","footnotes":""},"tags":[262,596,551,553,799,800,554,552,550,549,556,555,545],"tribe_events_cat":[557,361,558],"class_list":["post-10274","tribe_events","type-tribe_events","status-publish","hentry","tag-amalfi-de","tag-amalficoast-de","tag-antonio-marasca-de","tag-bruno-furcht","tag-concerto-de-la-piccola-orchestra-popolare-de","tag-eventiinamalfi-de","tag-luca-di-muzio-de","tag-massimiliano-dalessandro-de","tag-nuccia-paolillo-de","tag-panzillo-de","tag-rosanna-fanzo-de","tag-simone-cretella-de","tag-sommer2023","tribe_events_cat-italienische-musik","tribe_events_cat-musica-dal-vivo-de","tribe_events_cat-tradition","cat_italienische-musik","cat_musica-dal-vivo-de","cat_tradition"],"yoast_head":"<!-- This site is optimized with the Yoast SEO plugin v27.3 - https:\/\/yoast.com\/product\/yoast-seo-wordpress\/ -->\n<title>Borghi in Festa-Vettica - Visit Amalfi<\/title>\n<meta name=\"robots\" content=\"index, follow, max-snippet:-1, max-image-preview:large, max-video-preview:-1\" \/>\n<link rel=\"canonical\" href=\"https:\/\/www.visitamalfi.info\/de\/fall\/borghi-in-festa-vettica\/\" \/>\n<meta property=\"og:locale\" content=\"de_DE\" \/>\n<meta property=\"og:type\" content=\"article\" \/>\n<meta property=\"og:title\" content=\"Borghi in Festa-Vettica - Visit Amalfi\" \/>\n<meta property=\"og:description\" content=\"Una serata caratterizzata dalle forme composite ed articolate della musica napoletana, un repertorio unico che trasporta lo spettatore in un mix di tradizione e buona musica.\" \/>\n<meta property=\"og:url\" content=\"https:\/\/www.visitamalfi.info\/de\/fall\/borghi-in-festa-vettica\/\" \/>\n<meta property=\"og:site_name\" content=\"Visit Amalfi\" \/>\n<meta property=\"article:publisher\" content=\"https:\/\/www.facebook.com\/visitamalfiofficial\" \/>\n<meta name=\"twitter:card\" content=\"summary_large_image\" \/>\n<meta name=\"twitter:label1\" content=\"Gesch\u00e4tzte Lesezeit\" \/>\n\t<meta name=\"twitter:data1\" content=\"1\u00a0Minute\" \/>\n<script type=\"application\/ld+json\" class=\"yoast-schema-graph\">{\"@context\":\"https:\\\/\\\/schema.org\",\"@graph\":[{\"@type\":\"WebPage\",\"@id\":\"https:\\\/\\\/www.visitamalfi.info\\\/de\\\/fall\\\/borghi-in-festa-vettica\\\/\",\"url\":\"https:\\\/\\\/www.visitamalfi.info\\\/de\\\/fall\\\/borghi-in-festa-vettica\\\/\",\"name\":\"Borghi in Festa-Vettica - Visit Amalfi\",\"isPartOf\":{\"@id\":\"https:\\\/\\\/www.visitamalfi.info\\\/de\\\/#website\"},\"datePublished\":\"2023-06-07T16:50:48+00:00\",\"breadcrumb\":{\"@id\":\"https:\\\/\\\/www.visitamalfi.info\\\/de\\\/fall\\\/borghi-in-festa-vettica\\\/#breadcrumb\"},\"inLanguage\":\"de\",\"potentialAction\":[{\"@type\":\"ReadAction\",\"target\":[\"https:\\\/\\\/www.visitamalfi.info\\\/de\\\/fall\\\/borghi-in-festa-vettica\\\/\"]}]},{\"@type\":\"BreadcrumbList\",\"@id\":\"https:\\\/\\\/www.visitamalfi.info\\\/de\\\/fall\\\/borghi-in-festa-vettica\\\/#breadcrumb\",\"itemListElement\":[{\"@type\":\"ListItem\",\"position\":1,\"name\":\"Home\",\"item\":\"https:\\\/\\\/www.visitamalfi.info\\\/de\\\/\"},{\"@type\":\"ListItem\",\"position\":2,\"name\":\"Veranstaltungen\",\"item\":\"https:\\\/\\\/www.visitamalfi.info\\\/de\\\/eventi\\\/\"},{\"@type\":\"ListItem\",\"position\":3,\"name\":\"Borghi in Festa-Vettica\"}]},{\"@type\":\"WebSite\",\"@id\":\"https:\\\/\\\/www.visitamalfi.info\\\/de\\\/#website\",\"url\":\"https:\\\/\\\/www.visitamalfi.info\\\/de\\\/\",\"name\":\"Visit Amalfi\",\"description\":\"Amalfi Destination Official Website\",\"publisher\":{\"@id\":\"https:\\\/\\\/www.visitamalfi.info\\\/de\\\/#organization\"},\"potentialAction\":[{\"@type\":\"SearchAction\",\"target\":{\"@type\":\"EntryPoint\",\"urlTemplate\":\"https:\\\/\\\/www.visitamalfi.info\\\/de\\\/?s={search_term_string}\"},\"query-input\":{\"@type\":\"PropertyValueSpecification\",\"valueRequired\":true,\"valueName\":\"search_term_string\"}}],\"inLanguage\":\"de\"},{\"@type\":\"Organization\",\"@id\":\"https:\\\/\\\/www.visitamalfi.info\\\/de\\\/#organization\",\"name\":\"Visit Amalfi\",\"url\":\"https:\\\/\\\/www.visitamalfi.info\\\/de\\\/\",\"logo\":{\"@type\":\"ImageObject\",\"inLanguage\":\"de\",\"@id\":\"https:\\\/\\\/www.visitamalfi.info\\\/de\\\/#\\\/schema\\\/logo\\\/image\\\/\",\"url\":\"https:\\\/\\\/www.visitamalfi.info\\\/wp-content\\\/uploads\\\/2023\\\/04\\\/visit-amalfi-logo-web.png\",\"contentUrl\":\"https:\\\/\\\/www.visitamalfi.info\\\/wp-content\\\/uploads\\\/2023\\\/04\\\/visit-amalfi-logo-web.png\",\"width\":800,\"height\":870,\"caption\":\"Visit Amalfi\"},\"image\":{\"@id\":\"https:\\\/\\\/www.visitamalfi.info\\\/de\\\/#\\\/schema\\\/logo\\\/image\\\/\"},\"sameAs\":[\"https:\\\/\\\/www.facebook.com\\\/visitamalfiofficial\",\"https:\\\/\\\/www.instagram.com\\\/visitamalfiofficial\\\/\"]}]}<\/script>\n<!-- \/ Yoast SEO plugin. -->","yoast_head_json":{"title":"Borghi in Festa-Vettica - Visit Amalfi","robots":{"index":"index","follow":"follow","max-snippet":"max-snippet:-1","max-image-preview":"max-image-preview:large","max-video-preview":"max-video-preview:-1"},"canonical":"https:\/\/www.visitamalfi.info\/de\/fall\/borghi-in-festa-vettica\/","og_locale":"de_DE","og_type":"article","og_title":"Borghi in Festa-Vettica - Visit Amalfi","og_description":"Una serata caratterizzata dalle forme composite ed articolate della musica napoletana, un repertorio unico che trasporta lo spettatore in un mix di tradizione e buona musica.","og_url":"https:\/\/www.visitamalfi.info\/de\/fall\/borghi-in-festa-vettica\/","og_site_name":"Visit Amalfi","article_publisher":"https:\/\/www.facebook.com\/visitamalfiofficial","twitter_card":"summary_large_image","twitter_misc":{"Gesch\u00e4tzte Lesezeit":"1\u00a0Minute"},"schema":{"@context":"https:\/\/schema.org","@graph":[{"@type":"WebPage","@id":"https:\/\/www.visitamalfi.info\/de\/fall\/borghi-in-festa-vettica\/","url":"https:\/\/www.visitamalfi.info\/de\/fall\/borghi-in-festa-vettica\/","name":"Borghi in Festa-Vettica - Visit Amalfi","isPartOf":{"@id":"https:\/\/www.visitamalfi.info\/de\/#website"},"datePublished":"2023-06-07T16:50:48+00:00","breadcrumb":{"@id":"https:\/\/www.visitamalfi.info\/de\/fall\/borghi-in-festa-vettica\/#breadcrumb"},"inLanguage":"de","potentialAction":[{"@type":"ReadAction","target":["https:\/\/www.visitamalfi.info\/de\/fall\/borghi-in-festa-vettica\/"]}]},{"@type":"BreadcrumbList","@id":"https:\/\/www.visitamalfi.info\/de\/fall\/borghi-in-festa-vettica\/#breadcrumb","itemListElement":[{"@type":"ListItem","position":1,"name":"Home","item":"https:\/\/www.visitamalfi.info\/de\/"},{"@type":"ListItem","position":2,"name":"Veranstaltungen","item":"https:\/\/www.visitamalfi.info\/de\/eventi\/"},{"@type":"ListItem","position":3,"name":"Borghi in Festa-Vettica"}]},{"@type":"WebSite","@id":"https:\/\/www.visitamalfi.info\/de\/#website","url":"https:\/\/www.visitamalfi.info\/de\/","name":"Visit Amalfi","description":"Amalfi Destination Official Website","publisher":{"@id":"https:\/\/www.visitamalfi.info\/de\/#organization"},"potentialAction":[{"@type":"SearchAction","target":{"@type":"EntryPoint","urlTemplate":"https:\/\/www.visitamalfi.info\/de\/?s={search_term_string}"},"query-input":{"@type":"PropertyValueSpecification","valueRequired":true,"valueName":"search_term_string"}}],"inLanguage":"de"},{"@type":"Organization","@id":"https:\/\/www.visitamalfi.info\/de\/#organization","name":"Visit Amalfi","url":"https:\/\/www.visitamalfi.info\/de\/","logo":{"@type":"ImageObject","inLanguage":"de","@id":"https:\/\/www.visitamalfi.info\/de\/#\/schema\/logo\/image\/","url":"https:\/\/www.visitamalfi.info\/wp-content\/uploads\/2023\/04\/visit-amalfi-logo-web.png","contentUrl":"https:\/\/www.visitamalfi.info\/wp-content\/uploads\/2023\/04\/visit-amalfi-logo-web.png","width":800,"height":870,"caption":"Visit Amalfi"},"image":{"@id":"https:\/\/www.visitamalfi.info\/de\/#\/schema\/logo\/image\/"},"sameAs":["https:\/\/www.facebook.com\/visitamalfiofficial","https:\/\/www.instagram.com\/visitamalfiofficial\/"]}]}},"_links":{"self":[{"href":"https:\/\/www.visitamalfi.info\/de\/wp-json\/wp\/v2\/tribe_events\/10274","targetHints":{"allow":["GET"]}}],"collection":[{"href":"https:\/\/www.visitamalfi.info\/de\/wp-json\/wp\/v2\/tribe_events"}],"about":[{"href":"https:\/\/www.visitamalfi.info\/de\/wp-json\/wp\/v2\/types\/tribe_events"}],"author":[{"embeddable":true,"href":"https:\/\/www.visitamalfi.info\/de\/wp-json\/wp\/v2\/users\/7"}],"version-history":[{"count":0,"href":"https:\/\/www.visitamalfi.info\/de\/wp-json\/wp\/v2\/tribe_events\/10274\/revisions"}],"wp:attachment":[{"href":"https:\/\/www.visitamalfi.info\/de\/wp-json\/wp\/v2\/media?parent=10274"}],"wp:term":[{"taxonomy":"post_tag","embeddable":true,"href":"https:\/\/www.visitamalfi.info\/de\/wp-json\/wp\/v2\/tags?post=10274"},{"taxonomy":"tribe_events_cat","embeddable":true,"href":"https:\/\/www.visitamalfi.info\/de\/wp-json\/wp\/v2\/tribe_events_cat?post=10274"}],"curies":[{"name":"wp","href":"https:\/\/api.w.org\/{rel}","templated":true}]}}

<p><strong><em>Konzert von La Piccola Orchestra Popolare C.O. Panzillo</em></strong></p>
<p>Das <em>Piccola Orchestra Popolare C.O. Panzillo </em>wurde 2001 von kultur- und traditionsbewussten Musik- und Poesiebegeisterten aus der Region Kampanien gegründet. Die unterschiedlichen musikalischen Vorlieben der Mitglieder der Gruppe haben zu einem abwechslungsreichen Repertoire geführt, das sowohl vokal als auch instrumental ist und sowohl bekannte als auch wertvolle Stücke enthält. L’idea che anima le esibizioni del settetto musicale è quella di rappresentare le forme composite ed articolate della musica napoletana offrendo allo spettatore la possibilità di ascoltarla sotto forma di breve compendio. Die präzise künstlerische Ausrichtung auf einen auch philologischen Weg bestimmt, dass jedes Stück in der Strenge der Stile und der ursprünglichen Absichten der Zeit aufgeführt wird, ohne dabei auf persönliche, aber respektvolle Interpretationen zu verzichten. Mit <strong>Nuccia Paolillo, Antonio Marasca, Massimiliano D&#8217;Alessandro, Bruno Paura, Luca Di Muzio, Simone Cretella</strong> und <strong>Rosanna Fanzo</strong>.</p>

<!-- This site is optimized with the Yoast SEO plugin v27.3 - https://yoast.com/product/yoast-seo-wordpress/ -->
<title>Borghi in Festa-Vettica - Visit Amalfi</title>
<meta name="robots" content="index, follow, max-snippet:-1, max-image-preview:large, max-video-preview:-1" />
<link rel="canonical" href="https://www.visitamalfi.info/de/fall/borghi-in-festa-vettica/" />
<meta property="og:locale" content="de_DE" />
<meta property="og:type" content="article" />
<meta property="og:title" content="Borghi in Festa-Vettica - Visit Amalfi" />
<meta property="og:description" content="Una serata caratterizzata dalle forme composite ed articolate della musica napoletana, un repertorio unico che trasporta lo spettatore in un mix di tradizione e buona musica." />
<meta property="og:url" content="https://www.visitamalfi.info/de/fall/borghi-in-festa-vettica/" />
<meta property="og:site_name" content="Visit Amalfi" />
<meta property="article:publisher" content="https://www.facebook.com/visitamalfiofficial" />
<meta name="twitter:card" content="summary_large_image" />
<meta name="twitter:label1" content="Geschätzte Lesezeit" />
	<meta name="twitter:data1" content="1 Minute" />
<script type="application/ld+json" class="yoast-schema-graph">{"@context":"https:\/\/schema.org","@graph":[{"@type":"WebPage","@id":"https:\/\/www.visitamalfi.info\/de\/fall\/borghi-in-festa-vettica\/","url":"https:\/\/www.visitamalfi.info\/de\/fall\/borghi-in-festa-vettica\/","name":"Borghi in Festa-Vettica - Visit Amalfi","isPartOf":{"@id":"https:\/\/www.visitamalfi.info\/de\/#website"},"datePublished":"2023-06-07T16:50:48+00:00","breadcrumb":{"@id":"https:\/\/www.visitamalfi.info\/de\/fall\/borghi-in-festa-vettica\/#breadcrumb"},"inLanguage":"de","potentialAction":[{"@type":"ReadAction","target":["https:\/\/www.visitamalfi.info\/de\/fall\/borghi-in-festa-vettica\/"]}]},{"@type":"BreadcrumbList","@id":"https:\/\/www.visitamalfi.info\/de\/fall\/borghi-in-festa-vettica\/#breadcrumb","itemListElement":[{"@type":"ListItem","position":1,"name":"Home","item":"https:\/\/www.visitamalfi.info\/de\/"},{"@type":"ListItem","position":2,"name":"Veranstaltungen","item":"https:\/\/www.visitamalfi.info\/de\/eventi\/"},{"@type":"ListItem","position":3,"name":"Borghi in Festa-Vettica"}]},{"@type":"WebSite","@id":"https:\/\/www.visitamalfi.info\/de\/#website","url":"https:\/\/www.visitamalfi.info\/de\/","name":"Visit Amalfi","description":"Amalfi Destination Official Website","publisher":{"@id":"https:\/\/www.visitamalfi.info\/de\/#organization"},"potentialAction":[{"@type":"SearchAction","target":{"@type":"EntryPoint","urlTemplate":"https:\/\/www.visitamalfi.info\/de\/?s={search_term_string}"},"query-input":{"@type":"PropertyValueSpecification","valueRequired":true,"valueName":"search_term_string"}}],"inLanguage":"de"},{"@type":"Organization","@id":"https:\/\/www.visitamalfi.info\/de\/#organization","name":"Visit Amalfi","url":"https:\/\/www.visitamalfi.info\/de\/","logo":{"@type":"ImageObject","inLanguage":"de","@id":"https:\/\/www.visitamalfi.info\/de\/#\/schema\/logo\/image\/","url":"https:\/\/www.visitamalfi.info\/wp-content\/uploads\/2023\/04\/visit-amalfi-logo-web.png","contentUrl":"https:\/\/www.visitamalfi.info\/wp-content\/uploads\/2023\/04\/visit-amalfi-logo-web.png","width":800,"height":870,"caption":"Visit Amalfi"},"image":{"@id":"https:\/\/www.visitamalfi.info\/de\/#\/schema\/logo\/image\/"},"sameAs":["https:\/\/www.facebook.com\/visitamalfiofficial","https:\/\/www.instagram.com\/visitamalfiofficial\/"]}]}</script>
<!-- / Yoast SEO plugin. -->
