{"id":16147,"date":"2025-09-03T09:27:45","date_gmt":"2025-09-03T07:27:45","guid":{"rendered":"https:\/\/www.visitamalfi.info\/poi\/palazzo-san-benedetto\/"},"modified":"2024-07-16T12:33:37","modified_gmt":"2024-07-16T10:33:37","slug":"palazzo-san-benedetto","status":"publish","type":"amw_poi","link":"https:\/\/www.visitamalfi.info\/de\/poi\/palazzo-san-benedetto\/","title":{"rendered":"Palazzo San Benedetto"},"content":{"rendered":"<p>Palazzo San Benedetto ist der Hauptsitz des Rathauses von Amalfi, in dem sich die B\u00fcros und die Bibliothek befinden.<\/p>\n<p>Die B\u00fcror\u00e4ume verteilen sich auf die drei Stockwerke des Geb\u00e4udes; das Erdgeschoss ist vom Corso delle Repubbliche Marinare aus zug\u00e4nglich, das erste und zweite Stockwerk vom Largo Francesco Amodio aus, w\u00e4hrend die Stadtbibliothek, die sich im ersten Stock befindet, vom Supportico S. Andrea aus zug\u00e4nglich ist.<\/p>\n<p>Der Palazzo del municipio di Amalfi hat eine lange Geschichte: Er wurde 1579 als Sitz des Klosters Monastero benedettine femminile della Santissima Trinit\u00e0 erbaut und beherbergt deshalb auch eine Kirche. In das Geb\u00e4ude wurden auch die R\u00e4ume einer anderen mittelalterlichen Kirche integriert, n\u00e4mlich die von S. Marco <em>de lo scario<\/em>, die 1308 urkundlich erw\u00e4hnt wurde und heute ein Postamt beherbergt. Der heutige Name des Palazzo San Benedetto ist eine direkte Weiterentwicklung des Namens des Benediktinerinnenklosters und der Kirche, die heute dem Heiligen Benedikt geweiht ist.<\/p>\n<p>Hinter dem S\u00e4ulengang, der dem Eingang vorgelagert ist, befindet sich der Ratssaal im zweiten Stock. Das Geb\u00e4ude erstreckt sich bis zur Stra\u00dfe, die entlang dem Corso delle Repubbliche Marinare verl\u00e4uft.<\/p>\n<p>Auf dieser Seite befindet sich auch eine Keramiktafel, die 1968 von Diodoro Cossa, einem Sch\u00fcler des Keramikmeisters Renato Rossi, hergestellt wurde und die Geschichte von Amalfi erz\u00e4hlt.<\/p>\n","protected":false},"excerpt":{"rendered":"<p>Palazzo San Benedetto ist der Hauptsitz des Rathauses von Amalfi, in dem sich die B\u00fcros und die Bibliothek befinden. Die B\u00fcror\u00e4ume verteilen sich auf die drei Stockwerke des Geb\u00e4udes; das [&hellip;]<\/p>\n","protected":false},"featured_media":22815,"comment_status":"open","ping_status":"closed","template":"","categoria_poi":[1546,1772],"class_list":["post-16147","amw_poi","type-amw_poi","status-publish","has-post-thumbnail","hentry","categoria_poi-cultura-de","categoria_poi-amalfi-zentrum"],"yoast_head":"<!-- This site is optimized with the Yoast SEO plugin v27.3 - https:\/\/yoast.com\/product\/yoast-seo-wordpress\/ -->\n<title>Palazzo San Benedetto - Visit Amalfi<\/title>\n<meta name=\"robots\" content=\"index, follow, max-snippet:-1, max-image-preview:large, max-video-preview:-1\" \/>\n<link rel=\"canonical\" href=\"https:\/\/www.visitamalfi.info\/de\/poi\/palazzo-san-benedetto\/\" \/>\n<meta property=\"og:locale\" content=\"de_DE\" \/>\n<meta property=\"og:type\" content=\"article\" \/>\n<meta property=\"og:title\" content=\"Palazzo San Benedetto - Visit Amalfi\" \/>\n<meta property=\"og:description\" content=\"Palazzo San Benedetto ist der Hauptsitz des Rathauses von Amalfi, in dem sich die B\u00fcros und die Bibliothek befinden. Die B\u00fcror\u00e4ume verteilen sich auf die drei Stockwerke des Geb\u00e4udes; das [&hellip;]\" \/>\n<meta property=\"og:url\" content=\"https:\/\/www.visitamalfi.info\/de\/poi\/palazzo-san-benedetto\/\" \/>\n<meta property=\"og:site_name\" content=\"Visit Amalfi\" \/>\n<meta property=\"article:publisher\" content=\"https:\/\/www.facebook.com\/visitamalfiofficial\" \/>\n<meta property=\"og:image\" content=\"https:\/\/www.visitamalfi.info\/wp-content\/uploads\/2024\/03\/DSC02555.jpg\" \/>\n\t<meta property=\"og:image:width\" content=\"1920\" \/>\n\t<meta property=\"og:image:height\" content=\"1280\" \/>\n\t<meta property=\"og:image:type\" content=\"image\/jpeg\" \/>\n<meta name=\"twitter:card\" content=\"summary_large_image\" \/>\n<meta name=\"twitter:label1\" content=\"Gesch\u00e4tzte Lesezeit\" \/>\n\t<meta name=\"twitter:data1\" content=\"2\u00a0Minuten\" \/>\n<script type=\"application\/ld+json\" class=\"yoast-schema-graph\">{\"@context\":\"https:\\\/\\\/schema.org\",\"@graph\":[{\"@type\":\"WebPage\",\"@id\":\"https:\\\/\\\/www.visitamalfi.info\\\/de\\\/poi\\\/palazzo-san-benedetto\\\/\",\"url\":\"https:\\\/\\\/www.visitamalfi.info\\\/de\\\/poi\\\/palazzo-san-benedetto\\\/\",\"name\":\"Palazzo San Benedetto - Visit Amalfi\",\"isPartOf\":{\"@id\":\"https:\\\/\\\/www.visitamalfi.info\\\/de\\\/#website\"},\"primaryImageOfPage\":{\"@id\":\"https:\\\/\\\/www.visitamalfi.info\\\/de\\\/poi\\\/palazzo-san-benedetto\\\/#primaryimage\"},\"image\":{\"@id\":\"https:\\\/\\\/www.visitamalfi.info\\\/de\\\/poi\\\/palazzo-san-benedetto\\\/#primaryimage\"},\"thumbnailUrl\":\"https:\\\/\\\/www.visitamalfi.info\\\/wp-content\\\/uploads\\\/2025\\\/09\\\/Facciata-4.jpg\",\"datePublished\":\"2025-09-03T07:27:45+00:00\",\"breadcrumb\":{\"@id\":\"https:\\\/\\\/www.visitamalfi.info\\\/de\\\/poi\\\/palazzo-san-benedetto\\\/#breadcrumb\"},\"inLanguage\":\"de\",\"potentialAction\":[{\"@type\":\"ReadAction\",\"target\":[\"https:\\\/\\\/www.visitamalfi.info\\\/de\\\/poi\\\/palazzo-san-benedetto\\\/\"]}]},{\"@type\":\"ImageObject\",\"inLanguage\":\"de\",\"@id\":\"https:\\\/\\\/www.visitamalfi.info\\\/de\\\/poi\\\/palazzo-san-benedetto\\\/#primaryimage\",\"url\":\"https:\\\/\\\/www.visitamalfi.info\\\/wp-content\\\/uploads\\\/2025\\\/09\\\/Facciata-4.jpg\",\"contentUrl\":\"https:\\\/\\\/www.visitamalfi.info\\\/wp-content\\\/uploads\\\/2025\\\/09\\\/Facciata-4.jpg\",\"width\":1897,\"height\":1266,\"caption\":\"Palazzo S.Benedetto_Amalfi\"},{\"@type\":\"BreadcrumbList\",\"@id\":\"https:\\\/\\\/www.visitamalfi.info\\\/de\\\/poi\\\/palazzo-san-benedetto\\\/#breadcrumb\",\"itemListElement\":[{\"@type\":\"ListItem\",\"position\":1,\"name\":\"Home\",\"item\":\"https:\\\/\\\/www.visitamalfi.info\\\/de\\\/\"},{\"@type\":\"ListItem\",\"position\":2,\"name\":\"Palazzo San Benedetto\"}]},{\"@type\":\"WebSite\",\"@id\":\"https:\\\/\\\/www.visitamalfi.info\\\/de\\\/#website\",\"url\":\"https:\\\/\\\/www.visitamalfi.info\\\/de\\\/\",\"name\":\"Visit Amalfi\",\"description\":\"Amalfi Destination Official Website\",\"publisher\":{\"@id\":\"https:\\\/\\\/www.visitamalfi.info\\\/de\\\/#organization\"},\"potentialAction\":[{\"@type\":\"SearchAction\",\"target\":{\"@type\":\"EntryPoint\",\"urlTemplate\":\"https:\\\/\\\/www.visitamalfi.info\\\/de\\\/?s={search_term_string}\"},\"query-input\":{\"@type\":\"PropertyValueSpecification\",\"valueRequired\":true,\"valueName\":\"search_term_string\"}}],\"inLanguage\":\"de\"},{\"@type\":\"Organization\",\"@id\":\"https:\\\/\\\/www.visitamalfi.info\\\/de\\\/#organization\",\"name\":\"Visit Amalfi\",\"url\":\"https:\\\/\\\/www.visitamalfi.info\\\/de\\\/\",\"logo\":{\"@type\":\"ImageObject\",\"inLanguage\":\"de\",\"@id\":\"https:\\\/\\\/www.visitamalfi.info\\\/de\\\/#\\\/schema\\\/logo\\\/image\\\/\",\"url\":\"https:\\\/\\\/www.visitamalfi.info\\\/wp-content\\\/uploads\\\/2023\\\/04\\\/visit-amalfi-logo-web.png\",\"contentUrl\":\"https:\\\/\\\/www.visitamalfi.info\\\/wp-content\\\/uploads\\\/2023\\\/04\\\/visit-amalfi-logo-web.png\",\"width\":800,\"height\":870,\"caption\":\"Visit Amalfi\"},\"image\":{\"@id\":\"https:\\\/\\\/www.visitamalfi.info\\\/de\\\/#\\\/schema\\\/logo\\\/image\\\/\"},\"sameAs\":[\"https:\\\/\\\/www.facebook.com\\\/visitamalfiofficial\",\"https:\\\/\\\/www.instagram.com\\\/visitamalfiofficial\\\/\"]}]}<\/script>\n<!-- \/ Yoast SEO plugin. -->","yoast_head_json":{"title":"Palazzo San Benedetto - Visit Amalfi","robots":{"index":"index","follow":"follow","max-snippet":"max-snippet:-1","max-image-preview":"max-image-preview:large","max-video-preview":"max-video-preview:-1"},"canonical":"https:\/\/www.visitamalfi.info\/de\/poi\/palazzo-san-benedetto\/","og_locale":"de_DE","og_type":"article","og_title":"Palazzo San Benedetto - Visit Amalfi","og_description":"Palazzo San Benedetto ist der Hauptsitz des Rathauses von Amalfi, in dem sich die B\u00fcros und die Bibliothek befinden. Die B\u00fcror\u00e4ume verteilen sich auf die drei Stockwerke des Geb\u00e4udes; das [&hellip;]","og_url":"https:\/\/www.visitamalfi.info\/de\/poi\/palazzo-san-benedetto\/","og_site_name":"Visit Amalfi","article_publisher":"https:\/\/www.facebook.com\/visitamalfiofficial","og_image":[{"width":1920,"height":1280,"url":"https:\/\/www.visitamalfi.info\/wp-content\/uploads\/2024\/03\/DSC02555.jpg","type":"image\/jpeg"}],"twitter_card":"summary_large_image","twitter_misc":{"Gesch\u00e4tzte Lesezeit":"2\u00a0Minuten"},"schema":{"@context":"https:\/\/schema.org","@graph":[{"@type":"WebPage","@id":"https:\/\/www.visitamalfi.info\/de\/poi\/palazzo-san-benedetto\/","url":"https:\/\/www.visitamalfi.info\/de\/poi\/palazzo-san-benedetto\/","name":"Palazzo San Benedetto - Visit Amalfi","isPartOf":{"@id":"https:\/\/www.visitamalfi.info\/de\/#website"},"primaryImageOfPage":{"@id":"https:\/\/www.visitamalfi.info\/de\/poi\/palazzo-san-benedetto\/#primaryimage"},"image":{"@id":"https:\/\/www.visitamalfi.info\/de\/poi\/palazzo-san-benedetto\/#primaryimage"},"thumbnailUrl":"https:\/\/www.visitamalfi.info\/wp-content\/uploads\/2025\/09\/Facciata-4.jpg","datePublished":"2025-09-03T07:27:45+00:00","breadcrumb":{"@id":"https:\/\/www.visitamalfi.info\/de\/poi\/palazzo-san-benedetto\/#breadcrumb"},"inLanguage":"de","potentialAction":[{"@type":"ReadAction","target":["https:\/\/www.visitamalfi.info\/de\/poi\/palazzo-san-benedetto\/"]}]},{"@type":"ImageObject","inLanguage":"de","@id":"https:\/\/www.visitamalfi.info\/de\/poi\/palazzo-san-benedetto\/#primaryimage","url":"https:\/\/www.visitamalfi.info\/wp-content\/uploads\/2025\/09\/Facciata-4.jpg","contentUrl":"https:\/\/www.visitamalfi.info\/wp-content\/uploads\/2025\/09\/Facciata-4.jpg","width":1897,"height":1266,"caption":"Palazzo S.Benedetto_Amalfi"},{"@type":"BreadcrumbList","@id":"https:\/\/www.visitamalfi.info\/de\/poi\/palazzo-san-benedetto\/#breadcrumb","itemListElement":[{"@type":"ListItem","position":1,"name":"Home","item":"https:\/\/www.visitamalfi.info\/de\/"},{"@type":"ListItem","position":2,"name":"Palazzo San Benedetto"}]},{"@type":"WebSite","@id":"https:\/\/www.visitamalfi.info\/de\/#website","url":"https:\/\/www.visitamalfi.info\/de\/","name":"Visit Amalfi","description":"Amalfi Destination Official Website","publisher":{"@id":"https:\/\/www.visitamalfi.info\/de\/#organization"},"potentialAction":[{"@type":"SearchAction","target":{"@type":"EntryPoint","urlTemplate":"https:\/\/www.visitamalfi.info\/de\/?s={search_term_string}"},"query-input":{"@type":"PropertyValueSpecification","valueRequired":true,"valueName":"search_term_string"}}],"inLanguage":"de"},{"@type":"Organization","@id":"https:\/\/www.visitamalfi.info\/de\/#organization","name":"Visit Amalfi","url":"https:\/\/www.visitamalfi.info\/de\/","logo":{"@type":"ImageObject","inLanguage":"de","@id":"https:\/\/www.visitamalfi.info\/de\/#\/schema\/logo\/image\/","url":"https:\/\/www.visitamalfi.info\/wp-content\/uploads\/2023\/04\/visit-amalfi-logo-web.png","contentUrl":"https:\/\/www.visitamalfi.info\/wp-content\/uploads\/2023\/04\/visit-amalfi-logo-web.png","width":800,"height":870,"caption":"Visit Amalfi"},"image":{"@id":"https:\/\/www.visitamalfi.info\/de\/#\/schema\/logo\/image\/"},"sameAs":["https:\/\/www.facebook.com\/visitamalfiofficial","https:\/\/www.instagram.com\/visitamalfiofficial\/"]}]}},"_links":{"self":[{"href":"https:\/\/www.visitamalfi.info\/de\/wp-json\/wp\/v2\/amw_poi\/16147","targetHints":{"allow":["GET"]}}],"collection":[{"href":"https:\/\/www.visitamalfi.info\/de\/wp-json\/wp\/v2\/amw_poi"}],"about":[{"href":"https:\/\/www.visitamalfi.info\/de\/wp-json\/wp\/v2\/types\/amw_poi"}],"replies":[{"embeddable":true,"href":"https:\/\/www.visitamalfi.info\/de\/wp-json\/wp\/v2\/comments?post=16147"}],"version-history":[{"count":1,"href":"https:\/\/www.visitamalfi.info\/de\/wp-json\/wp\/v2\/amw_poi\/16147\/revisions"}],"predecessor-version":[{"id":19489,"href":"https:\/\/www.visitamalfi.info\/de\/wp-json\/wp\/v2\/amw_poi\/16147\/revisions\/19489"}],"wp:featuredmedia":[{"embeddable":true,"href":"https:\/\/www.visitamalfi.info\/de\/wp-json\/wp\/v2\/media\/22815"}],"wp:attachment":[{"href":"https:\/\/www.visitamalfi.info\/de\/wp-json\/wp\/v2\/media?parent=16147"}],"wp:term":[{"taxonomy":"categoria_poi","embeddable":true,"href":"https:\/\/www.visitamalfi.info\/de\/wp-json\/wp\/v2\/categoria_poi?post=16147"}],"curies":[{"name":"wp","href":"https:\/\/api.w.org\/{rel}","templated":true}]}}

<p>Palazzo San Benedetto ist der Hauptsitz des Rathauses von Amalfi, in dem sich die Büros und die Bibliothek befinden.</p>
<p>Die Büroräume verteilen sich auf die drei Stockwerke des Gebäudes; das Erdgeschoss ist vom Corso delle Repubbliche Marinare aus zugänglich, das erste und zweite Stockwerk vom Largo Francesco Amodio aus, während die Stadtbibliothek, die sich im ersten Stock befindet, vom Supportico S. Andrea aus zugänglich ist.</p>
<p>Der Palazzo del municipio di Amalfi hat eine lange Geschichte: Er wurde 1579 als Sitz des Klosters Monastero benedettine femminile della Santissima Trinità erbaut und beherbergt deshalb auch eine Kirche. In das Gebäude wurden auch die Räume einer anderen mittelalterlichen Kirche integriert, nämlich die von S. Marco <em>de lo scario</em>, die 1308 urkundlich erwähnt wurde und heute ein Postamt beherbergt. Der heutige Name des Palazzo San Benedetto ist eine direkte Weiterentwicklung des Namens des Benediktinerinnenklosters und der Kirche, die heute dem Heiligen Benedikt geweiht ist.</p>
<p>Hinter dem Säulengang, der dem Eingang vorgelagert ist, befindet sich der Ratssaal im zweiten Stock. Das Gebäude erstreckt sich bis zur Straße, die entlang dem Corso delle Repubbliche Marinare verläuft.</p>
<p>Auf dieser Seite befindet sich auch eine Keramiktafel, die 1968 von Diodoro Cossa, einem Schüler des Keramikmeisters Renato Rossi, hergestellt wurde und die Geschichte von Amalfi erzählt.</p>

<p>Palazzo San Benedetto ist der Hauptsitz des Rathauses von Amalfi, in dem sich die Büros und die Bibliothek befinden. Die Büroräume verteilen sich auf die drei Stockwerke des Gebäudes; das [&hellip;]</p>

<!-- This site is optimized with the Yoast SEO plugin v27.3 - https://yoast.com/product/yoast-seo-wordpress/ -->
<title>Palazzo San Benedetto - Visit Amalfi</title>
<meta name="robots" content="index, follow, max-snippet:-1, max-image-preview:large, max-video-preview:-1" />
<link rel="canonical" href="https://www.visitamalfi.info/de/poi/palazzo-san-benedetto/" />
<meta property="og:locale" content="de_DE" />
<meta property="og:type" content="article" />
<meta property="og:title" content="Palazzo San Benedetto - Visit Amalfi" />
<meta property="og:description" content="Palazzo San Benedetto ist der Hauptsitz des Rathauses von Amalfi, in dem sich die Büros und die Bibliothek befinden. Die Büroräume verteilen sich auf die drei Stockwerke des Gebäudes; das [&hellip;]" />
<meta property="og:url" content="https://www.visitamalfi.info/de/poi/palazzo-san-benedetto/" />
<meta property="og:site_name" content="Visit Amalfi" />
<meta property="article:publisher" content="https://www.facebook.com/visitamalfiofficial" />
<meta property="og:image" content="https://www.visitamalfi.info/wp-content/uploads/2024/03/DSC02555.jpg" />
	<meta property="og:image:width" content="1920" />
	<meta property="og:image:height" content="1280" />
	<meta property="og:image:type" content="image/jpeg" />
<meta name="twitter:card" content="summary_large_image" />
<meta name="twitter:label1" content="Geschätzte Lesezeit" />
	<meta name="twitter:data1" content="2 Minuten" />
<script type="application/ld+json" class="yoast-schema-graph">{"@context":"https:\/\/schema.org","@graph":[{"@type":"WebPage","@id":"https:\/\/www.visitamalfi.info\/de\/poi\/palazzo-san-benedetto\/","url":"https:\/\/www.visitamalfi.info\/de\/poi\/palazzo-san-benedetto\/","name":"Palazzo San Benedetto - Visit Amalfi","isPartOf":{"@id":"https:\/\/www.visitamalfi.info\/de\/#website"},"primaryImageOfPage":{"@id":"https:\/\/www.visitamalfi.info\/de\/poi\/palazzo-san-benedetto\/#primaryimage"},"image":{"@id":"https:\/\/www.visitamalfi.info\/de\/poi\/palazzo-san-benedetto\/#primaryimage"},"thumbnailUrl":"https:\/\/www.visitamalfi.info\/wp-content\/uploads\/2025\/09\/Facciata-4.jpg","datePublished":"2025-09-03T07:27:45+00:00","breadcrumb":{"@id":"https:\/\/www.visitamalfi.info\/de\/poi\/palazzo-san-benedetto\/#breadcrumb"},"inLanguage":"de","potentialAction":[{"@type":"ReadAction","target":["https:\/\/www.visitamalfi.info\/de\/poi\/palazzo-san-benedetto\/"]}]},{"@type":"ImageObject","inLanguage":"de","@id":"https:\/\/www.visitamalfi.info\/de\/poi\/palazzo-san-benedetto\/#primaryimage","url":"https:\/\/www.visitamalfi.info\/wp-content\/uploads\/2025\/09\/Facciata-4.jpg","contentUrl":"https:\/\/www.visitamalfi.info\/wp-content\/uploads\/2025\/09\/Facciata-4.jpg","width":1897,"height":1266,"caption":"Palazzo S.Benedetto_Amalfi"},{"@type":"BreadcrumbList","@id":"https:\/\/www.visitamalfi.info\/de\/poi\/palazzo-san-benedetto\/#breadcrumb","itemListElement":[{"@type":"ListItem","position":1,"name":"Home","item":"https:\/\/www.visitamalfi.info\/de\/"},{"@type":"ListItem","position":2,"name":"Palazzo San Benedetto"}]},{"@type":"WebSite","@id":"https:\/\/www.visitamalfi.info\/de\/#website","url":"https:\/\/www.visitamalfi.info\/de\/","name":"Visit Amalfi","description":"Amalfi Destination Official Website","publisher":{"@id":"https:\/\/www.visitamalfi.info\/de\/#organization"},"potentialAction":[{"@type":"SearchAction","target":{"@type":"EntryPoint","urlTemplate":"https:\/\/www.visitamalfi.info\/de\/?s={search_term_string}"},"query-input":{"@type":"PropertyValueSpecification","valueRequired":true,"valueName":"search_term_string"}}],"inLanguage":"de"},{"@type":"Organization","@id":"https:\/\/www.visitamalfi.info\/de\/#organization","name":"Visit Amalfi","url":"https:\/\/www.visitamalfi.info\/de\/","logo":{"@type":"ImageObject","inLanguage":"de","@id":"https:\/\/www.visitamalfi.info\/de\/#\/schema\/logo\/image\/","url":"https:\/\/www.visitamalfi.info\/wp-content\/uploads\/2023\/04\/visit-amalfi-logo-web.png","contentUrl":"https:\/\/www.visitamalfi.info\/wp-content\/uploads\/2023\/04\/visit-amalfi-logo-web.png","width":800,"height":870,"caption":"Visit Amalfi"},"image":{"@id":"https:\/\/www.visitamalfi.info\/de\/#\/schema\/logo\/image\/"},"sameAs":["https:\/\/www.facebook.com\/visitamalfiofficial","https:\/\/www.instagram.com\/visitamalfiofficial\/"]}]}</script>
<!-- / Yoast SEO plugin. -->

Palazzo San Benedetto ist der Hauptsitz des Rathauses von Amalfi, in dem sich die Büros und die Bibliothek befinden. Die Büroräume verteilen sich auf die drei Stockwerke des Gebäudes; das [&hellip;]
