{"id":16142,"date":"2025-09-03T09:24:41","date_gmt":"2025-09-03T07:24:41","guid":{"rendered":"https:\/\/www.visitamalfi.info\/poi\/porta-della-marina\/"},"modified":"2024-07-16T12:36:57","modified_gmt":"2024-07-16T10:36:57","slug":"porta-della-marina","status":"publish","type":"amw_poi","link":"https:\/\/www.visitamalfi.info\/de\/poi\/porta-della-marina\/","title":{"rendered":"Porta della Marina"},"content":{"rendered":"<p>Die Porta della Marina, die antike <em>Porta de Sandala<\/em>, die 1179 erstmals urkundlich erw\u00e4hnt wurde, ist einer der mittelalterlichen Eing\u00e4nge zur Stadt von der Seite des Lungomare dei Cavalieri. Sie wurde 2023 restauriert und besteht aus einem kreuzgew\u00f6lbten S\u00e4ulengang, w\u00e4hrend au\u00dfen auf Stra\u00dfenniveau zwei Fragmente eines Geb\u00e4lks aus der r\u00f6mischen Zeit zu sehen sind.<\/p>\n<p>Auf der linken Seite illustriert die 1937 von Renato Rossi angefertigte Keramiktafel die \u00fcberseeischen Kolonien und den Seehandel, die Amalfi zu einer wirtschaftlichen und milit\u00e4rischen Macht machten, die zwischen dem 10. und 12. Jahrhundert den internationalen Seeverkehr dominierte.<\/p>\n<p>Der kaufm\u00e4nnische Scharfsinn der Amalfitaner war ihrem politischen Scharfsinn in der Tat ebenb\u00fcrtig. In einer sehr turbulenten historischen Periode w\u00e4hrend des Mittelalters gelang es den Amalfitanern, Abkommen mit verschiedenen V\u00f6lkern zu treffen, darunter auch mit den gef\u00fcrchteten Sarazenen.<\/p>\n<p>In der Schriftrolle oben rechts auf der Tafel stehen Zeilen aus Gabriele D&#8217;Annunzios &#8220;Canzone del Sacramento&#8221; (1911). Am unteren Rand befinden sich lateinische Verse des Dichters Tortelli, die sich auf die ber\u00fchmte Schlacht von Ostia im Jahr 849 beziehen, die von den Flotten der Seerepubliken Amalfi, Neapel, Sorrent und Gaeta gewonnen wurde, die gemeinsam die sarazenischen Schiffe im Tyrrhenischen Meer besiegten.<\/p>\n","protected":false},"excerpt":{"rendered":"<p>Die Porta della Marina, die antike Porta de Sandala, die 1179 erstmals urkundlich erw\u00e4hnt wurde, ist einer der mittelalterlichen Eing\u00e4nge zur Stadt von der Seite des Lungomare dei Cavalieri. Sie [&hellip;]<\/p>\n","protected":false},"featured_media":15027,"comment_status":"open","ping_status":"closed","template":"","categoria_poi":[1546,1772],"class_list":["post-16142","amw_poi","type-amw_poi","status-publish","has-post-thumbnail","hentry","categoria_poi-cultura-de","categoria_poi-amalfi-zentrum"],"yoast_head":"<!-- This site is optimized with the Yoast SEO plugin v27.3 - https:\/\/yoast.com\/product\/yoast-seo-wordpress\/ -->\n<title>Porta della Marina - Visit Amalfi<\/title>\n<meta name=\"robots\" content=\"index, follow, max-snippet:-1, max-image-preview:large, max-video-preview:-1\" \/>\n<link rel=\"canonical\" href=\"https:\/\/www.visitamalfi.info\/de\/poi\/porta-della-marina\/\" \/>\n<meta property=\"og:locale\" content=\"de_DE\" \/>\n<meta property=\"og:type\" content=\"article\" \/>\n<meta property=\"og:title\" content=\"Porta della Marina - Visit Amalfi\" \/>\n<meta property=\"og:description\" content=\"Die Porta della Marina, die antike Porta de Sandala, die 1179 erstmals urkundlich erw\u00e4hnt wurde, ist einer der mittelalterlichen Eing\u00e4nge zur Stadt von der Seite des Lungomare dei Cavalieri. Sie [&hellip;]\" \/>\n<meta property=\"og:url\" content=\"https:\/\/www.visitamalfi.info\/de\/poi\/porta-della-marina\/\" \/>\n<meta property=\"og:site_name\" content=\"Visit Amalfi\" \/>\n<meta property=\"article:publisher\" content=\"https:\/\/www.facebook.com\/visitamalfiofficial\" \/>\n<meta property=\"og:image\" content=\"https:\/\/www.visitamalfi.info\/wp-content\/uploads\/2024\/03\/DSC02919.jpg\" \/>\n\t<meta property=\"og:image:width\" content=\"1920\" \/>\n\t<meta property=\"og:image:height\" content=\"1280\" \/>\n\t<meta property=\"og:image:type\" content=\"image\/jpeg\" \/>\n<meta name=\"twitter:card\" content=\"summary_large_image\" \/>\n<meta name=\"twitter:label1\" content=\"Gesch\u00e4tzte Lesezeit\" \/>\n\t<meta name=\"twitter:data1\" content=\"2\u00a0Minuten\" \/>\n<script type=\"application\/ld+json\" class=\"yoast-schema-graph\">{\"@context\":\"https:\\\/\\\/schema.org\",\"@graph\":[{\"@type\":\"WebPage\",\"@id\":\"https:\\\/\\\/www.visitamalfi.info\\\/de\\\/poi\\\/porta-della-marina\\\/\",\"url\":\"https:\\\/\\\/www.visitamalfi.info\\\/de\\\/poi\\\/porta-della-marina\\\/\",\"name\":\"Porta della Marina - Visit Amalfi\",\"isPartOf\":{\"@id\":\"https:\\\/\\\/www.visitamalfi.info\\\/de\\\/#website\"},\"primaryImageOfPage\":{\"@id\":\"https:\\\/\\\/www.visitamalfi.info\\\/de\\\/poi\\\/porta-della-marina\\\/#primaryimage\"},\"image\":{\"@id\":\"https:\\\/\\\/www.visitamalfi.info\\\/de\\\/poi\\\/porta-della-marina\\\/#primaryimage\"},\"thumbnailUrl\":\"https:\\\/\\\/www.visitamalfi.info\\\/wp-content\\\/uploads\\\/2024\\\/03\\\/DSC02919.jpg\",\"datePublished\":\"2025-09-03T07:24:41+00:00\",\"breadcrumb\":{\"@id\":\"https:\\\/\\\/www.visitamalfi.info\\\/de\\\/poi\\\/porta-della-marina\\\/#breadcrumb\"},\"inLanguage\":\"de\",\"potentialAction\":[{\"@type\":\"ReadAction\",\"target\":[\"https:\\\/\\\/www.visitamalfi.info\\\/de\\\/poi\\\/porta-della-marina\\\/\"]}]},{\"@type\":\"ImageObject\",\"inLanguage\":\"de\",\"@id\":\"https:\\\/\\\/www.visitamalfi.info\\\/de\\\/poi\\\/porta-della-marina\\\/#primaryimage\",\"url\":\"https:\\\/\\\/www.visitamalfi.info\\\/wp-content\\\/uploads\\\/2024\\\/03\\\/DSC02919.jpg\",\"contentUrl\":\"https:\\\/\\\/www.visitamalfi.info\\\/wp-content\\\/uploads\\\/2024\\\/03\\\/DSC02919.jpg\",\"width\":1920,\"height\":1280,\"caption\":\"Amalfi_Porta della Marina\"},{\"@type\":\"BreadcrumbList\",\"@id\":\"https:\\\/\\\/www.visitamalfi.info\\\/de\\\/poi\\\/porta-della-marina\\\/#breadcrumb\",\"itemListElement\":[{\"@type\":\"ListItem\",\"position\":1,\"name\":\"Home\",\"item\":\"https:\\\/\\\/www.visitamalfi.info\\\/de\\\/\"},{\"@type\":\"ListItem\",\"position\":2,\"name\":\"Porta della Marina\"}]},{\"@type\":\"WebSite\",\"@id\":\"https:\\\/\\\/www.visitamalfi.info\\\/de\\\/#website\",\"url\":\"https:\\\/\\\/www.visitamalfi.info\\\/de\\\/\",\"name\":\"Visit Amalfi\",\"description\":\"Amalfi Destination Official Website\",\"publisher\":{\"@id\":\"https:\\\/\\\/www.visitamalfi.info\\\/de\\\/#organization\"},\"potentialAction\":[{\"@type\":\"SearchAction\",\"target\":{\"@type\":\"EntryPoint\",\"urlTemplate\":\"https:\\\/\\\/www.visitamalfi.info\\\/de\\\/?s={search_term_string}\"},\"query-input\":{\"@type\":\"PropertyValueSpecification\",\"valueRequired\":true,\"valueName\":\"search_term_string\"}}],\"inLanguage\":\"de\"},{\"@type\":\"Organization\",\"@id\":\"https:\\\/\\\/www.visitamalfi.info\\\/de\\\/#organization\",\"name\":\"Visit Amalfi\",\"url\":\"https:\\\/\\\/www.visitamalfi.info\\\/de\\\/\",\"logo\":{\"@type\":\"ImageObject\",\"inLanguage\":\"de\",\"@id\":\"https:\\\/\\\/www.visitamalfi.info\\\/de\\\/#\\\/schema\\\/logo\\\/image\\\/\",\"url\":\"https:\\\/\\\/www.visitamalfi.info\\\/wp-content\\\/uploads\\\/2023\\\/04\\\/visit-amalfi-logo-web.png\",\"contentUrl\":\"https:\\\/\\\/www.visitamalfi.info\\\/wp-content\\\/uploads\\\/2023\\\/04\\\/visit-amalfi-logo-web.png\",\"width\":800,\"height\":870,\"caption\":\"Visit Amalfi\"},\"image\":{\"@id\":\"https:\\\/\\\/www.visitamalfi.info\\\/de\\\/#\\\/schema\\\/logo\\\/image\\\/\"},\"sameAs\":[\"https:\\\/\\\/www.facebook.com\\\/visitamalfiofficial\",\"https:\\\/\\\/www.instagram.com\\\/visitamalfiofficial\\\/\"]}]}<\/script>\n<!-- \/ Yoast SEO plugin. -->","yoast_head_json":{"title":"Porta della Marina - Visit Amalfi","robots":{"index":"index","follow":"follow","max-snippet":"max-snippet:-1","max-image-preview":"max-image-preview:large","max-video-preview":"max-video-preview:-1"},"canonical":"https:\/\/www.visitamalfi.info\/de\/poi\/porta-della-marina\/","og_locale":"de_DE","og_type":"article","og_title":"Porta della Marina - Visit Amalfi","og_description":"Die Porta della Marina, die antike Porta de Sandala, die 1179 erstmals urkundlich erw\u00e4hnt wurde, ist einer der mittelalterlichen Eing\u00e4nge zur Stadt von der Seite des Lungomare dei Cavalieri. Sie [&hellip;]","og_url":"https:\/\/www.visitamalfi.info\/de\/poi\/porta-della-marina\/","og_site_name":"Visit Amalfi","article_publisher":"https:\/\/www.facebook.com\/visitamalfiofficial","og_image":[{"width":1920,"height":1280,"url":"https:\/\/www.visitamalfi.info\/wp-content\/uploads\/2024\/03\/DSC02919.jpg","type":"image\/jpeg"}],"twitter_card":"summary_large_image","twitter_misc":{"Gesch\u00e4tzte Lesezeit":"2\u00a0Minuten"},"schema":{"@context":"https:\/\/schema.org","@graph":[{"@type":"WebPage","@id":"https:\/\/www.visitamalfi.info\/de\/poi\/porta-della-marina\/","url":"https:\/\/www.visitamalfi.info\/de\/poi\/porta-della-marina\/","name":"Porta della Marina - Visit Amalfi","isPartOf":{"@id":"https:\/\/www.visitamalfi.info\/de\/#website"},"primaryImageOfPage":{"@id":"https:\/\/www.visitamalfi.info\/de\/poi\/porta-della-marina\/#primaryimage"},"image":{"@id":"https:\/\/www.visitamalfi.info\/de\/poi\/porta-della-marina\/#primaryimage"},"thumbnailUrl":"https:\/\/www.visitamalfi.info\/wp-content\/uploads\/2024\/03\/DSC02919.jpg","datePublished":"2025-09-03T07:24:41+00:00","breadcrumb":{"@id":"https:\/\/www.visitamalfi.info\/de\/poi\/porta-della-marina\/#breadcrumb"},"inLanguage":"de","potentialAction":[{"@type":"ReadAction","target":["https:\/\/www.visitamalfi.info\/de\/poi\/porta-della-marina\/"]}]},{"@type":"ImageObject","inLanguage":"de","@id":"https:\/\/www.visitamalfi.info\/de\/poi\/porta-della-marina\/#primaryimage","url":"https:\/\/www.visitamalfi.info\/wp-content\/uploads\/2024\/03\/DSC02919.jpg","contentUrl":"https:\/\/www.visitamalfi.info\/wp-content\/uploads\/2024\/03\/DSC02919.jpg","width":1920,"height":1280,"caption":"Amalfi_Porta della Marina"},{"@type":"BreadcrumbList","@id":"https:\/\/www.visitamalfi.info\/de\/poi\/porta-della-marina\/#breadcrumb","itemListElement":[{"@type":"ListItem","position":1,"name":"Home","item":"https:\/\/www.visitamalfi.info\/de\/"},{"@type":"ListItem","position":2,"name":"Porta della Marina"}]},{"@type":"WebSite","@id":"https:\/\/www.visitamalfi.info\/de\/#website","url":"https:\/\/www.visitamalfi.info\/de\/","name":"Visit Amalfi","description":"Amalfi Destination Official Website","publisher":{"@id":"https:\/\/www.visitamalfi.info\/de\/#organization"},"potentialAction":[{"@type":"SearchAction","target":{"@type":"EntryPoint","urlTemplate":"https:\/\/www.visitamalfi.info\/de\/?s={search_term_string}"},"query-input":{"@type":"PropertyValueSpecification","valueRequired":true,"valueName":"search_term_string"}}],"inLanguage":"de"},{"@type":"Organization","@id":"https:\/\/www.visitamalfi.info\/de\/#organization","name":"Visit Amalfi","url":"https:\/\/www.visitamalfi.info\/de\/","logo":{"@type":"ImageObject","inLanguage":"de","@id":"https:\/\/www.visitamalfi.info\/de\/#\/schema\/logo\/image\/","url":"https:\/\/www.visitamalfi.info\/wp-content\/uploads\/2023\/04\/visit-amalfi-logo-web.png","contentUrl":"https:\/\/www.visitamalfi.info\/wp-content\/uploads\/2023\/04\/visit-amalfi-logo-web.png","width":800,"height":870,"caption":"Visit Amalfi"},"image":{"@id":"https:\/\/www.visitamalfi.info\/de\/#\/schema\/logo\/image\/"},"sameAs":["https:\/\/www.facebook.com\/visitamalfiofficial","https:\/\/www.instagram.com\/visitamalfiofficial\/"]}]}},"_links":{"self":[{"href":"https:\/\/www.visitamalfi.info\/de\/wp-json\/wp\/v2\/amw_poi\/16142","targetHints":{"allow":["GET"]}}],"collection":[{"href":"https:\/\/www.visitamalfi.info\/de\/wp-json\/wp\/v2\/amw_poi"}],"about":[{"href":"https:\/\/www.visitamalfi.info\/de\/wp-json\/wp\/v2\/types\/amw_poi"}],"replies":[{"embeddable":true,"href":"https:\/\/www.visitamalfi.info\/de\/wp-json\/wp\/v2\/comments?post=16142"}],"version-history":[{"count":1,"href":"https:\/\/www.visitamalfi.info\/de\/wp-json\/wp\/v2\/amw_poi\/16142\/revisions"}],"predecessor-version":[{"id":19505,"href":"https:\/\/www.visitamalfi.info\/de\/wp-json\/wp\/v2\/amw_poi\/16142\/revisions\/19505"}],"wp:featuredmedia":[{"embeddable":true,"href":"https:\/\/www.visitamalfi.info\/de\/wp-json\/wp\/v2\/media\/15027"}],"wp:attachment":[{"href":"https:\/\/www.visitamalfi.info\/de\/wp-json\/wp\/v2\/media?parent=16142"}],"wp:term":[{"taxonomy":"categoria_poi","embeddable":true,"href":"https:\/\/www.visitamalfi.info\/de\/wp-json\/wp\/v2\/categoria_poi?post=16142"}],"curies":[{"name":"wp","href":"https:\/\/api.w.org\/{rel}","templated":true}]}}

<p>Die Porta della Marina, die antike <em>Porta de Sandala</em>, die 1179 erstmals urkundlich erwähnt wurde, ist einer der mittelalterlichen Eingänge zur Stadt von der Seite des Lungomare dei Cavalieri. Sie wurde 2023 restauriert und besteht aus einem kreuzgewölbten Säulengang, während außen auf Straßenniveau zwei Fragmente eines Gebälks aus der römischen Zeit zu sehen sind.</p>
<p>Auf der linken Seite illustriert die 1937 von Renato Rossi angefertigte Keramiktafel die überseeischen Kolonien und den Seehandel, die Amalfi zu einer wirtschaftlichen und militärischen Macht machten, die zwischen dem 10. und 12. Jahrhundert den internationalen Seeverkehr dominierte.</p>
<p>Der kaufmännische Scharfsinn der Amalfitaner war ihrem politischen Scharfsinn in der Tat ebenbürtig. In einer sehr turbulenten historischen Periode während des Mittelalters gelang es den Amalfitanern, Abkommen mit verschiedenen Völkern zu treffen, darunter auch mit den gefürchteten Sarazenen.</p>
<p>In der Schriftrolle oben rechts auf der Tafel stehen Zeilen aus Gabriele D&#8217;Annunzios &#8220;Canzone del Sacramento&#8221; (1911). Am unteren Rand befinden sich lateinische Verse des Dichters Tortelli, die sich auf die berühmte Schlacht von Ostia im Jahr 849 beziehen, die von den Flotten der Seerepubliken Amalfi, Neapel, Sorrent und Gaeta gewonnen wurde, die gemeinsam die sarazenischen Schiffe im Tyrrhenischen Meer besiegten.</p>

<p>Die Porta della Marina, die antike Porta de Sandala, die 1179 erstmals urkundlich erwähnt wurde, ist einer der mittelalterlichen Eingänge zur Stadt von der Seite des Lungomare dei Cavalieri. Sie [&hellip;]</p>

<!-- This site is optimized with the Yoast SEO plugin v27.3 - https://yoast.com/product/yoast-seo-wordpress/ -->
<title>Porta della Marina - Visit Amalfi</title>
<meta name="robots" content="index, follow, max-snippet:-1, max-image-preview:large, max-video-preview:-1" />
<link rel="canonical" href="https://www.visitamalfi.info/de/poi/porta-della-marina/" />
<meta property="og:locale" content="de_DE" />
<meta property="og:type" content="article" />
<meta property="og:title" content="Porta della Marina - Visit Amalfi" />
<meta property="og:description" content="Die Porta della Marina, die antike Porta de Sandala, die 1179 erstmals urkundlich erwähnt wurde, ist einer der mittelalterlichen Eingänge zur Stadt von der Seite des Lungomare dei Cavalieri. Sie [&hellip;]" />
<meta property="og:url" content="https://www.visitamalfi.info/de/poi/porta-della-marina/" />
<meta property="og:site_name" content="Visit Amalfi" />
<meta property="article:publisher" content="https://www.facebook.com/visitamalfiofficial" />
<meta property="og:image" content="https://www.visitamalfi.info/wp-content/uploads/2024/03/DSC02919.jpg" />
	<meta property="og:image:width" content="1920" />
	<meta property="og:image:height" content="1280" />
	<meta property="og:image:type" content="image/jpeg" />
<meta name="twitter:card" content="summary_large_image" />
<meta name="twitter:label1" content="Geschätzte Lesezeit" />
	<meta name="twitter:data1" content="2 Minuten" />
<script type="application/ld+json" class="yoast-schema-graph">{"@context":"https:\/\/schema.org","@graph":[{"@type":"WebPage","@id":"https:\/\/www.visitamalfi.info\/de\/poi\/porta-della-marina\/","url":"https:\/\/www.visitamalfi.info\/de\/poi\/porta-della-marina\/","name":"Porta della Marina - Visit Amalfi","isPartOf":{"@id":"https:\/\/www.visitamalfi.info\/de\/#website"},"primaryImageOfPage":{"@id":"https:\/\/www.visitamalfi.info\/de\/poi\/porta-della-marina\/#primaryimage"},"image":{"@id":"https:\/\/www.visitamalfi.info\/de\/poi\/porta-della-marina\/#primaryimage"},"thumbnailUrl":"https:\/\/www.visitamalfi.info\/wp-content\/uploads\/2024\/03\/DSC02919.jpg","datePublished":"2025-09-03T07:24:41+00:00","breadcrumb":{"@id":"https:\/\/www.visitamalfi.info\/de\/poi\/porta-della-marina\/#breadcrumb"},"inLanguage":"de","potentialAction":[{"@type":"ReadAction","target":["https:\/\/www.visitamalfi.info\/de\/poi\/porta-della-marina\/"]}]},{"@type":"ImageObject","inLanguage":"de","@id":"https:\/\/www.visitamalfi.info\/de\/poi\/porta-della-marina\/#primaryimage","url":"https:\/\/www.visitamalfi.info\/wp-content\/uploads\/2024\/03\/DSC02919.jpg","contentUrl":"https:\/\/www.visitamalfi.info\/wp-content\/uploads\/2024\/03\/DSC02919.jpg","width":1920,"height":1280,"caption":"Amalfi_Porta della Marina"},{"@type":"BreadcrumbList","@id":"https:\/\/www.visitamalfi.info\/de\/poi\/porta-della-marina\/#breadcrumb","itemListElement":[{"@type":"ListItem","position":1,"name":"Home","item":"https:\/\/www.visitamalfi.info\/de\/"},{"@type":"ListItem","position":2,"name":"Porta della Marina"}]},{"@type":"WebSite","@id":"https:\/\/www.visitamalfi.info\/de\/#website","url":"https:\/\/www.visitamalfi.info\/de\/","name":"Visit Amalfi","description":"Amalfi Destination Official Website","publisher":{"@id":"https:\/\/www.visitamalfi.info\/de\/#organization"},"potentialAction":[{"@type":"SearchAction","target":{"@type":"EntryPoint","urlTemplate":"https:\/\/www.visitamalfi.info\/de\/?s={search_term_string}"},"query-input":{"@type":"PropertyValueSpecification","valueRequired":true,"valueName":"search_term_string"}}],"inLanguage":"de"},{"@type":"Organization","@id":"https:\/\/www.visitamalfi.info\/de\/#organization","name":"Visit Amalfi","url":"https:\/\/www.visitamalfi.info\/de\/","logo":{"@type":"ImageObject","inLanguage":"de","@id":"https:\/\/www.visitamalfi.info\/de\/#\/schema\/logo\/image\/","url":"https:\/\/www.visitamalfi.info\/wp-content\/uploads\/2023\/04\/visit-amalfi-logo-web.png","contentUrl":"https:\/\/www.visitamalfi.info\/wp-content\/uploads\/2023\/04\/visit-amalfi-logo-web.png","width":800,"height":870,"caption":"Visit Amalfi"},"image":{"@id":"https:\/\/www.visitamalfi.info\/de\/#\/schema\/logo\/image\/"},"sameAs":["https:\/\/www.facebook.com\/visitamalfiofficial","https:\/\/www.instagram.com\/visitamalfiofficial\/"]}]}</script>
<!-- / Yoast SEO plugin. -->

Die Porta della Marina, die antike Porta de Sandala, die 1179 erstmals urkundlich erwähnt wurde, ist einer der mittelalterlichen Eingänge zur Stadt von der Seite des Lungomare dei Cavalieri. Sie [&hellip;]
