{"id":16135,"date":"2025-09-03T09:52:16","date_gmt":"2025-09-03T07:52:16","guid":{"rendered":"https:\/\/www.visitamalfi.info\/poi\/domus-vagliendola\/"},"modified":"2024-07-16T12:44:53","modified_gmt":"2024-07-16T10:44:53","slug":"domus-vagliendola","status":"publish","type":"amw_poi","link":"https:\/\/www.visitamalfi.info\/de\/poi\/domus-vagliendola\/","title":{"rendered":"Domus Vagliendola"},"content":{"rendered":"<p>Das <em>Domus<\/em> Vagliendola (Adelshaus) aus dem Ende des 11. Jahrhunderts hat im Erdgeschoss eine Eingangshalle mit S\u00e4ulengang und mittelalterlichen <em>Kapitellen<\/em> im Erdgeschoss und zweibogige Fenster und Kreuzgew\u00f6lbe in den oberen Stockwerken. Im obersten Stockwerk befindet sich noch immer die Kapelle des Palazzo. Die verschiedenen Stockwerke sind durch eine Wendeltreppe mit kleinen Gew\u00f6lben verbunden. Damals erreichten die Wohnh\u00e4user des amalfitanischen Adels im Allgemeinen eine H\u00f6he von f\u00fcnf Stockwerken. Im Erdgeschoss befanden sich die Lagerr\u00e4ume, die so genannten &#8220;catodei&#8221;. Der Haupteingang war ein Gang, der oft mit einer kleinen Kolonnade versehen war, wie im Fall des <em>Domus<\/em> Vagliendola. Die Au\u00dfenmauern hatten ein paar archaische Fenster und ein paar Schie\u00dfscharten. Die K\u00fcche befand sich im obersten Stockwerk, um die Austragung von Ger\u00fcchen zu erleichtern, und war mit dem Gem\u00fcsegarten oder Garten verbunden.<\/p>\n<p>In den unteren Stockwerken befanden sich die &#8220;camminata&#8221;, ein Speisesaal mit Kamin, und die Spinnereien, in denen die Frauen haupts\u00e4chlich Wolle spannen. Die Toiletten ragten aus den Au\u00dfenmauern hervor und m\u00fcndeten direkt in den Fluss, das Meer oder die Gem\u00fcseg\u00e4rten. Die Abdeckung des <em>Domus<\/em> konnte \u00fcberdacht oder gepflastert sein. Aus den oberen Loggien ragten Regenrohre heraus.<\/p>\n","protected":false},"excerpt":{"rendered":"<p>Das Domus Vagliendola (Adelshaus) aus dem Ende des 11. Jahrhunderts hat im Erdgeschoss eine Eingangshalle mit S\u00e4ulengang und mittelalterlichen Kapitellen im Erdgeschoss und zweibogige Fenster und Kreuzgew\u00f6lbe in den oberen [&hellip;]<\/p>\n","protected":false},"featured_media":15251,"comment_status":"open","ping_status":"closed","template":"","categoria_poi":[1546,1772],"class_list":["post-16135","amw_poi","type-amw_poi","status-publish","has-post-thumbnail","hentry","categoria_poi-cultura-de","categoria_poi-amalfi-zentrum"],"yoast_head":"<!-- This site is optimized with the Yoast SEO plugin v27.3 - https:\/\/yoast.com\/product\/yoast-seo-wordpress\/ -->\n<title>Domus Vagliendola - Visit Amalfi<\/title>\n<meta name=\"robots\" content=\"index, follow, max-snippet:-1, max-image-preview:large, max-video-preview:-1\" \/>\n<link rel=\"canonical\" href=\"https:\/\/www.visitamalfi.info\/de\/poi\/domus-vagliendola\/\" \/>\n<meta property=\"og:locale\" content=\"de_DE\" \/>\n<meta property=\"og:type\" content=\"article\" \/>\n<meta property=\"og:title\" content=\"Domus Vagliendola - Visit Amalfi\" \/>\n<meta property=\"og:description\" content=\"Das Domus Vagliendola (Adelshaus) aus dem Ende des 11. Jahrhunderts hat im Erdgeschoss eine Eingangshalle mit S\u00e4ulengang und mittelalterlichen Kapitellen im Erdgeschoss und zweibogige Fenster und Kreuzgew\u00f6lbe in den oberen [&hellip;]\" \/>\n<meta property=\"og:url\" content=\"https:\/\/www.visitamalfi.info\/de\/poi\/domus-vagliendola\/\" \/>\n<meta property=\"og:site_name\" content=\"Visit Amalfi\" \/>\n<meta property=\"article:publisher\" content=\"https:\/\/www.facebook.com\/visitamalfiofficial\" \/>\n<meta property=\"og:image\" content=\"https:\/\/www.visitamalfi.info\/wp-content\/uploads\/2024\/03\/DOMUS-VAGLIENDOLA-SENZA-MODELLI-M.ABBAGNARA-7.jpg\" \/>\n\t<meta property=\"og:image:width\" content=\"1920\" \/>\n\t<meta property=\"og:image:height\" content=\"1280\" \/>\n\t<meta property=\"og:image:type\" content=\"image\/jpeg\" \/>\n<meta name=\"twitter:card\" content=\"summary_large_image\" \/>\n<meta name=\"twitter:label1\" content=\"Gesch\u00e4tzte Lesezeit\" \/>\n\t<meta name=\"twitter:data1\" content=\"2\u00a0Minuten\" \/>\n<script type=\"application\/ld+json\" class=\"yoast-schema-graph\">{\"@context\":\"https:\\\/\\\/schema.org\",\"@graph\":[{\"@type\":\"WebPage\",\"@id\":\"https:\\\/\\\/www.visitamalfi.info\\\/de\\\/poi\\\/domus-vagliendola\\\/\",\"url\":\"https:\\\/\\\/www.visitamalfi.info\\\/de\\\/poi\\\/domus-vagliendola\\\/\",\"name\":\"Domus Vagliendola - Visit Amalfi\",\"isPartOf\":{\"@id\":\"https:\\\/\\\/www.visitamalfi.info\\\/de\\\/#website\"},\"primaryImageOfPage\":{\"@id\":\"https:\\\/\\\/www.visitamalfi.info\\\/de\\\/poi\\\/domus-vagliendola\\\/#primaryimage\"},\"image\":{\"@id\":\"https:\\\/\\\/www.visitamalfi.info\\\/de\\\/poi\\\/domus-vagliendola\\\/#primaryimage\"},\"thumbnailUrl\":\"https:\\\/\\\/www.visitamalfi.info\\\/wp-content\\\/uploads\\\/2024\\\/03\\\/DOMUS-VAGLIENDOLA-SENZA-MODELLI-M.ABBAGNARA-7.jpg\",\"datePublished\":\"2025-09-03T07:52:16+00:00\",\"breadcrumb\":{\"@id\":\"https:\\\/\\\/www.visitamalfi.info\\\/de\\\/poi\\\/domus-vagliendola\\\/#breadcrumb\"},\"inLanguage\":\"de\",\"potentialAction\":[{\"@type\":\"ReadAction\",\"target\":[\"https:\\\/\\\/www.visitamalfi.info\\\/de\\\/poi\\\/domus-vagliendola\\\/\"]}]},{\"@type\":\"ImageObject\",\"inLanguage\":\"de\",\"@id\":\"https:\\\/\\\/www.visitamalfi.info\\\/de\\\/poi\\\/domus-vagliendola\\\/#primaryimage\",\"url\":\"https:\\\/\\\/www.visitamalfi.info\\\/wp-content\\\/uploads\\\/2024\\\/03\\\/DOMUS-VAGLIENDOLA-SENZA-MODELLI-M.ABBAGNARA-7.jpg\",\"contentUrl\":\"https:\\\/\\\/www.visitamalfi.info\\\/wp-content\\\/uploads\\\/2024\\\/03\\\/DOMUS-VAGLIENDOLA-SENZA-MODELLI-M.ABBAGNARA-7.jpg\",\"width\":1920,\"height\":1280,\"caption\":\"Amalfi_Domus Vagliendola\"},{\"@type\":\"BreadcrumbList\",\"@id\":\"https:\\\/\\\/www.visitamalfi.info\\\/de\\\/poi\\\/domus-vagliendola\\\/#breadcrumb\",\"itemListElement\":[{\"@type\":\"ListItem\",\"position\":1,\"name\":\"Home\",\"item\":\"https:\\\/\\\/www.visitamalfi.info\\\/de\\\/\"},{\"@type\":\"ListItem\",\"position\":2,\"name\":\"Domus Vagliendola\"}]},{\"@type\":\"WebSite\",\"@id\":\"https:\\\/\\\/www.visitamalfi.info\\\/de\\\/#website\",\"url\":\"https:\\\/\\\/www.visitamalfi.info\\\/de\\\/\",\"name\":\"Visit Amalfi\",\"description\":\"Amalfi Destination Official Website\",\"publisher\":{\"@id\":\"https:\\\/\\\/www.visitamalfi.info\\\/de\\\/#organization\"},\"potentialAction\":[{\"@type\":\"SearchAction\",\"target\":{\"@type\":\"EntryPoint\",\"urlTemplate\":\"https:\\\/\\\/www.visitamalfi.info\\\/de\\\/?s={search_term_string}\"},\"query-input\":{\"@type\":\"PropertyValueSpecification\",\"valueRequired\":true,\"valueName\":\"search_term_string\"}}],\"inLanguage\":\"de\"},{\"@type\":\"Organization\",\"@id\":\"https:\\\/\\\/www.visitamalfi.info\\\/de\\\/#organization\",\"name\":\"Visit Amalfi\",\"url\":\"https:\\\/\\\/www.visitamalfi.info\\\/de\\\/\",\"logo\":{\"@type\":\"ImageObject\",\"inLanguage\":\"de\",\"@id\":\"https:\\\/\\\/www.visitamalfi.info\\\/de\\\/#\\\/schema\\\/logo\\\/image\\\/\",\"url\":\"https:\\\/\\\/www.visitamalfi.info\\\/wp-content\\\/uploads\\\/2023\\\/04\\\/visit-amalfi-logo-web.png\",\"contentUrl\":\"https:\\\/\\\/www.visitamalfi.info\\\/wp-content\\\/uploads\\\/2023\\\/04\\\/visit-amalfi-logo-web.png\",\"width\":800,\"height\":870,\"caption\":\"Visit Amalfi\"},\"image\":{\"@id\":\"https:\\\/\\\/www.visitamalfi.info\\\/de\\\/#\\\/schema\\\/logo\\\/image\\\/\"},\"sameAs\":[\"https:\\\/\\\/www.facebook.com\\\/visitamalfiofficial\",\"https:\\\/\\\/www.instagram.com\\\/visitamalfiofficial\\\/\"]}]}<\/script>\n<!-- \/ Yoast SEO plugin. -->","yoast_head_json":{"title":"Domus Vagliendola - Visit Amalfi","robots":{"index":"index","follow":"follow","max-snippet":"max-snippet:-1","max-image-preview":"max-image-preview:large","max-video-preview":"max-video-preview:-1"},"canonical":"https:\/\/www.visitamalfi.info\/de\/poi\/domus-vagliendola\/","og_locale":"de_DE","og_type":"article","og_title":"Domus Vagliendola - Visit Amalfi","og_description":"Das Domus Vagliendola (Adelshaus) aus dem Ende des 11. Jahrhunderts hat im Erdgeschoss eine Eingangshalle mit S\u00e4ulengang und mittelalterlichen Kapitellen im Erdgeschoss und zweibogige Fenster und Kreuzgew\u00f6lbe in den oberen [&hellip;]","og_url":"https:\/\/www.visitamalfi.info\/de\/poi\/domus-vagliendola\/","og_site_name":"Visit Amalfi","article_publisher":"https:\/\/www.facebook.com\/visitamalfiofficial","og_image":[{"width":1920,"height":1280,"url":"https:\/\/www.visitamalfi.info\/wp-content\/uploads\/2024\/03\/DOMUS-VAGLIENDOLA-SENZA-MODELLI-M.ABBAGNARA-7.jpg","type":"image\/jpeg"}],"twitter_card":"summary_large_image","twitter_misc":{"Gesch\u00e4tzte Lesezeit":"2\u00a0Minuten"},"schema":{"@context":"https:\/\/schema.org","@graph":[{"@type":"WebPage","@id":"https:\/\/www.visitamalfi.info\/de\/poi\/domus-vagliendola\/","url":"https:\/\/www.visitamalfi.info\/de\/poi\/domus-vagliendola\/","name":"Domus Vagliendola - Visit Amalfi","isPartOf":{"@id":"https:\/\/www.visitamalfi.info\/de\/#website"},"primaryImageOfPage":{"@id":"https:\/\/www.visitamalfi.info\/de\/poi\/domus-vagliendola\/#primaryimage"},"image":{"@id":"https:\/\/www.visitamalfi.info\/de\/poi\/domus-vagliendola\/#primaryimage"},"thumbnailUrl":"https:\/\/www.visitamalfi.info\/wp-content\/uploads\/2024\/03\/DOMUS-VAGLIENDOLA-SENZA-MODELLI-M.ABBAGNARA-7.jpg","datePublished":"2025-09-03T07:52:16+00:00","breadcrumb":{"@id":"https:\/\/www.visitamalfi.info\/de\/poi\/domus-vagliendola\/#breadcrumb"},"inLanguage":"de","potentialAction":[{"@type":"ReadAction","target":["https:\/\/www.visitamalfi.info\/de\/poi\/domus-vagliendola\/"]}]},{"@type":"ImageObject","inLanguage":"de","@id":"https:\/\/www.visitamalfi.info\/de\/poi\/domus-vagliendola\/#primaryimage","url":"https:\/\/www.visitamalfi.info\/wp-content\/uploads\/2024\/03\/DOMUS-VAGLIENDOLA-SENZA-MODELLI-M.ABBAGNARA-7.jpg","contentUrl":"https:\/\/www.visitamalfi.info\/wp-content\/uploads\/2024\/03\/DOMUS-VAGLIENDOLA-SENZA-MODELLI-M.ABBAGNARA-7.jpg","width":1920,"height":1280,"caption":"Amalfi_Domus Vagliendola"},{"@type":"BreadcrumbList","@id":"https:\/\/www.visitamalfi.info\/de\/poi\/domus-vagliendola\/#breadcrumb","itemListElement":[{"@type":"ListItem","position":1,"name":"Home","item":"https:\/\/www.visitamalfi.info\/de\/"},{"@type":"ListItem","position":2,"name":"Domus Vagliendola"}]},{"@type":"WebSite","@id":"https:\/\/www.visitamalfi.info\/de\/#website","url":"https:\/\/www.visitamalfi.info\/de\/","name":"Visit Amalfi","description":"Amalfi Destination Official Website","publisher":{"@id":"https:\/\/www.visitamalfi.info\/de\/#organization"},"potentialAction":[{"@type":"SearchAction","target":{"@type":"EntryPoint","urlTemplate":"https:\/\/www.visitamalfi.info\/de\/?s={search_term_string}"},"query-input":{"@type":"PropertyValueSpecification","valueRequired":true,"valueName":"search_term_string"}}],"inLanguage":"de"},{"@type":"Organization","@id":"https:\/\/www.visitamalfi.info\/de\/#organization","name":"Visit Amalfi","url":"https:\/\/www.visitamalfi.info\/de\/","logo":{"@type":"ImageObject","inLanguage":"de","@id":"https:\/\/www.visitamalfi.info\/de\/#\/schema\/logo\/image\/","url":"https:\/\/www.visitamalfi.info\/wp-content\/uploads\/2023\/04\/visit-amalfi-logo-web.png","contentUrl":"https:\/\/www.visitamalfi.info\/wp-content\/uploads\/2023\/04\/visit-amalfi-logo-web.png","width":800,"height":870,"caption":"Visit Amalfi"},"image":{"@id":"https:\/\/www.visitamalfi.info\/de\/#\/schema\/logo\/image\/"},"sameAs":["https:\/\/www.facebook.com\/visitamalfiofficial","https:\/\/www.instagram.com\/visitamalfiofficial\/"]}]}},"_links":{"self":[{"href":"https:\/\/www.visitamalfi.info\/de\/wp-json\/wp\/v2\/amw_poi\/16135","targetHints":{"allow":["GET"]}}],"collection":[{"href":"https:\/\/www.visitamalfi.info\/de\/wp-json\/wp\/v2\/amw_poi"}],"about":[{"href":"https:\/\/www.visitamalfi.info\/de\/wp-json\/wp\/v2\/types\/amw_poi"}],"replies":[{"embeddable":true,"href":"https:\/\/www.visitamalfi.info\/de\/wp-json\/wp\/v2\/comments?post=16135"}],"version-history":[{"count":1,"href":"https:\/\/www.visitamalfi.info\/de\/wp-json\/wp\/v2\/amw_poi\/16135\/revisions"}],"predecessor-version":[{"id":19540,"href":"https:\/\/www.visitamalfi.info\/de\/wp-json\/wp\/v2\/amw_poi\/16135\/revisions\/19540"}],"wp:featuredmedia":[{"embeddable":true,"href":"https:\/\/www.visitamalfi.info\/de\/wp-json\/wp\/v2\/media\/15251"}],"wp:attachment":[{"href":"https:\/\/www.visitamalfi.info\/de\/wp-json\/wp\/v2\/media?parent=16135"}],"wp:term":[{"taxonomy":"categoria_poi","embeddable":true,"href":"https:\/\/www.visitamalfi.info\/de\/wp-json\/wp\/v2\/categoria_poi?post=16135"}],"curies":[{"name":"wp","href":"https:\/\/api.w.org\/{rel}","templated":true}]}}

<p>Das <em>Domus</em> Vagliendola (Adelshaus) aus dem Ende des 11. Jahrhunderts hat im Erdgeschoss eine Eingangshalle mit Säulengang und mittelalterlichen <em>Kapitellen</em> im Erdgeschoss und zweibogige Fenster und Kreuzgewölbe in den oberen Stockwerken. Im obersten Stockwerk befindet sich noch immer die Kapelle des Palazzo. Die verschiedenen Stockwerke sind durch eine Wendeltreppe mit kleinen Gewölben verbunden. Damals erreichten die Wohnhäuser des amalfitanischen Adels im Allgemeinen eine Höhe von fünf Stockwerken. Im Erdgeschoss befanden sich die Lagerräume, die so genannten &#8220;catodei&#8221;. Der Haupteingang war ein Gang, der oft mit einer kleinen Kolonnade versehen war, wie im Fall des <em>Domus</em> Vagliendola. Die Außenmauern hatten ein paar archaische Fenster und ein paar Schießscharten. Die Küche befand sich im obersten Stockwerk, um die Austragung von Gerüchen zu erleichtern, und war mit dem Gemüsegarten oder Garten verbunden.</p>
<p>In den unteren Stockwerken befanden sich die &#8220;camminata&#8221;, ein Speisesaal mit Kamin, und die Spinnereien, in denen die Frauen hauptsächlich Wolle spannen. Die Toiletten ragten aus den Außenmauern hervor und mündeten direkt in den Fluss, das Meer oder die Gemüsegärten. Die Abdeckung des <em>Domus</em> konnte überdacht oder gepflastert sein. Aus den oberen Loggien ragten Regenrohre heraus.</p>

<p>Das Domus Vagliendola (Adelshaus) aus dem Ende des 11. Jahrhunderts hat im Erdgeschoss eine Eingangshalle mit Säulengang und mittelalterlichen Kapitellen im Erdgeschoss und zweibogige Fenster und Kreuzgewölbe in den oberen [&hellip;]</p>

<!-- This site is optimized with the Yoast SEO plugin v27.3 - https://yoast.com/product/yoast-seo-wordpress/ -->
<title>Domus Vagliendola - Visit Amalfi</title>
<meta name="robots" content="index, follow, max-snippet:-1, max-image-preview:large, max-video-preview:-1" />
<link rel="canonical" href="https://www.visitamalfi.info/de/poi/domus-vagliendola/" />
<meta property="og:locale" content="de_DE" />
<meta property="og:type" content="article" />
<meta property="og:title" content="Domus Vagliendola - Visit Amalfi" />
<meta property="og:description" content="Das Domus Vagliendola (Adelshaus) aus dem Ende des 11. Jahrhunderts hat im Erdgeschoss eine Eingangshalle mit Säulengang und mittelalterlichen Kapitellen im Erdgeschoss und zweibogige Fenster und Kreuzgewölbe in den oberen [&hellip;]" />
<meta property="og:url" content="https://www.visitamalfi.info/de/poi/domus-vagliendola/" />
<meta property="og:site_name" content="Visit Amalfi" />
<meta property="article:publisher" content="https://www.facebook.com/visitamalfiofficial" />
<meta property="og:image" content="https://www.visitamalfi.info/wp-content/uploads/2024/03/DOMUS-VAGLIENDOLA-SENZA-MODELLI-M.ABBAGNARA-7.jpg" />
	<meta property="og:image:width" content="1920" />
	<meta property="og:image:height" content="1280" />
	<meta property="og:image:type" content="image/jpeg" />
<meta name="twitter:card" content="summary_large_image" />
<meta name="twitter:label1" content="Geschätzte Lesezeit" />
	<meta name="twitter:data1" content="2 Minuten" />
<script type="application/ld+json" class="yoast-schema-graph">{"@context":"https:\/\/schema.org","@graph":[{"@type":"WebPage","@id":"https:\/\/www.visitamalfi.info\/de\/poi\/domus-vagliendola\/","url":"https:\/\/www.visitamalfi.info\/de\/poi\/domus-vagliendola\/","name":"Domus Vagliendola - Visit Amalfi","isPartOf":{"@id":"https:\/\/www.visitamalfi.info\/de\/#website"},"primaryImageOfPage":{"@id":"https:\/\/www.visitamalfi.info\/de\/poi\/domus-vagliendola\/#primaryimage"},"image":{"@id":"https:\/\/www.visitamalfi.info\/de\/poi\/domus-vagliendola\/#primaryimage"},"thumbnailUrl":"https:\/\/www.visitamalfi.info\/wp-content\/uploads\/2024\/03\/DOMUS-VAGLIENDOLA-SENZA-MODELLI-M.ABBAGNARA-7.jpg","datePublished":"2025-09-03T07:52:16+00:00","breadcrumb":{"@id":"https:\/\/www.visitamalfi.info\/de\/poi\/domus-vagliendola\/#breadcrumb"},"inLanguage":"de","potentialAction":[{"@type":"ReadAction","target":["https:\/\/www.visitamalfi.info\/de\/poi\/domus-vagliendola\/"]}]},{"@type":"ImageObject","inLanguage":"de","@id":"https:\/\/www.visitamalfi.info\/de\/poi\/domus-vagliendola\/#primaryimage","url":"https:\/\/www.visitamalfi.info\/wp-content\/uploads\/2024\/03\/DOMUS-VAGLIENDOLA-SENZA-MODELLI-M.ABBAGNARA-7.jpg","contentUrl":"https:\/\/www.visitamalfi.info\/wp-content\/uploads\/2024\/03\/DOMUS-VAGLIENDOLA-SENZA-MODELLI-M.ABBAGNARA-7.jpg","width":1920,"height":1280,"caption":"Amalfi_Domus Vagliendola"},{"@type":"BreadcrumbList","@id":"https:\/\/www.visitamalfi.info\/de\/poi\/domus-vagliendola\/#breadcrumb","itemListElement":[{"@type":"ListItem","position":1,"name":"Home","item":"https:\/\/www.visitamalfi.info\/de\/"},{"@type":"ListItem","position":2,"name":"Domus Vagliendola"}]},{"@type":"WebSite","@id":"https:\/\/www.visitamalfi.info\/de\/#website","url":"https:\/\/www.visitamalfi.info\/de\/","name":"Visit Amalfi","description":"Amalfi Destination Official Website","publisher":{"@id":"https:\/\/www.visitamalfi.info\/de\/#organization"},"potentialAction":[{"@type":"SearchAction","target":{"@type":"EntryPoint","urlTemplate":"https:\/\/www.visitamalfi.info\/de\/?s={search_term_string}"},"query-input":{"@type":"PropertyValueSpecification","valueRequired":true,"valueName":"search_term_string"}}],"inLanguage":"de"},{"@type":"Organization","@id":"https:\/\/www.visitamalfi.info\/de\/#organization","name":"Visit Amalfi","url":"https:\/\/www.visitamalfi.info\/de\/","logo":{"@type":"ImageObject","inLanguage":"de","@id":"https:\/\/www.visitamalfi.info\/de\/#\/schema\/logo\/image\/","url":"https:\/\/www.visitamalfi.info\/wp-content\/uploads\/2023\/04\/visit-amalfi-logo-web.png","contentUrl":"https:\/\/www.visitamalfi.info\/wp-content\/uploads\/2023\/04\/visit-amalfi-logo-web.png","width":800,"height":870,"caption":"Visit Amalfi"},"image":{"@id":"https:\/\/www.visitamalfi.info\/de\/#\/schema\/logo\/image\/"},"sameAs":["https:\/\/www.facebook.com\/visitamalfiofficial","https:\/\/www.instagram.com\/visitamalfiofficial\/"]}]}</script>
<!-- / Yoast SEO plugin. -->

Das Domus Vagliendola (Adelshaus) aus dem Ende des 11. Jahrhunderts hat im Erdgeschoss eine Eingangshalle mit Säulengang und mittelalterlichen Kapitellen im Erdgeschoss und zweibogige Fenster und Kreuzgewölbe in den oberen [&hellip;]
