{"id":16128,"date":"2025-09-03T09:43:08","date_gmt":"2025-09-03T07:43:08","guid":{"rendered":"https:\/\/www.visitamalfi.info\/poi\/arco-della-faenza\/"},"modified":"2024-07-16T12:18:23","modified_gmt":"2024-07-16T10:18:23","slug":"arco-della-faenza","status":"publish","type":"amw_poi","link":"https:\/\/www.visitamalfi.info\/de\/poi\/arco-della-faenza\/","title":{"rendered":"Arco della Faenza"},"content":{"rendered":"<p>Der Arco della Faenza markiert den Beginn des Valle dei Mulini, des Produktionsgebiets der mittelalterlichen Stadt. Das Gebiet wurde in zwei Zonen unterteilt, deren Namen von dem alten Namen des Flusses abgeleitet wurden: Chiarito di Basso und Chiarito di Sopra. Die erste Zone begann an der heutigen Piazza dello Spirito Santo und endete mit einem weiteren Stadttor, das im Zuge der sp\u00e4teren Urbanisierung gegen Ende des 11. Jahrhunderts errichtet wurde, w\u00e4hrend die zweite Zone dem innersten Teil des Tals entsprach.<\/p>\n<p>Auf der linken Seite des Bogens von Faenza kann man eine typische handgefertigte Krippe bewundern, die aus kleinen H\u00e4usern und Steinfiguren besteht, die Szenen aus dem t\u00e4glichen Leben des Dorfes darstellen. Die H\u00f6hle ist recht gro\u00df und leicht zu erkennen, da Engel die genaue Stelle markieren, an der das Neugeborene platziert werden soll.<\/p>\n","protected":false},"excerpt":{"rendered":"<p>Der Arco della Faenza markiert den Beginn des Valle dei Mulini, des Produktionsgebiets der mittelalterlichen Stadt. Das Gebiet wurde in zwei Zonen unterteilt, deren Namen von dem alten Namen des [&hellip;]<\/p>\n","protected":false},"featured_media":15411,"comment_status":"open","ping_status":"closed","template":"","categoria_poi":[1546,1772],"class_list":["post-16128","amw_poi","type-amw_poi","status-publish","has-post-thumbnail","hentry","categoria_poi-cultura-de","categoria_poi-amalfi-zentrum"],"yoast_head":"<!-- This site is optimized with the Yoast SEO plugin v27.3 - https:\/\/yoast.com\/product\/yoast-seo-wordpress\/ -->\n<title>Arco della Faenza - Visit Amalfi<\/title>\n<meta name=\"robots\" content=\"index, follow, max-snippet:-1, max-image-preview:large, max-video-preview:-1\" \/>\n<link rel=\"canonical\" href=\"https:\/\/www.visitamalfi.info\/de\/poi\/arco-della-faenza\/\" \/>\n<meta property=\"og:locale\" content=\"de_DE\" \/>\n<meta property=\"og:type\" content=\"article\" \/>\n<meta property=\"og:title\" content=\"Arco della Faenza - Visit Amalfi\" \/>\n<meta property=\"og:description\" content=\"Der Arco della Faenza markiert den Beginn des Valle dei Mulini, des Produktionsgebiets der mittelalterlichen Stadt. Das Gebiet wurde in zwei Zonen unterteilt, deren Namen von dem alten Namen des [&hellip;]\" \/>\n<meta property=\"og:url\" content=\"https:\/\/www.visitamalfi.info\/de\/poi\/arco-della-faenza\/\" \/>\n<meta property=\"og:site_name\" content=\"Visit Amalfi\" \/>\n<meta property=\"article:publisher\" content=\"https:\/\/www.facebook.com\/visitamalfiofficial\" \/>\n<meta property=\"og:image\" content=\"https:\/\/www.visitamalfi.info\/wp-content\/uploads\/2024\/03\/ARCO-DELLA-FAENZA-M.ABBAGNARA-18.jpg\" \/>\n\t<meta property=\"og:image:width\" content=\"1920\" \/>\n\t<meta property=\"og:image:height\" content=\"1280\" \/>\n\t<meta property=\"og:image:type\" content=\"image\/jpeg\" \/>\n<meta name=\"twitter:card\" content=\"summary_large_image\" \/>\n<meta name=\"twitter:label1\" content=\"Gesch\u00e4tzte Lesezeit\" \/>\n\t<meta name=\"twitter:data1\" content=\"1\u00a0Minute\" \/>\n<script type=\"application\/ld+json\" class=\"yoast-schema-graph\">{\"@context\":\"https:\\\/\\\/schema.org\",\"@graph\":[{\"@type\":\"WebPage\",\"@id\":\"https:\\\/\\\/www.visitamalfi.info\\\/de\\\/poi\\\/arco-della-faenza\\\/\",\"url\":\"https:\\\/\\\/www.visitamalfi.info\\\/de\\\/poi\\\/arco-della-faenza\\\/\",\"name\":\"Arco della Faenza - Visit Amalfi\",\"isPartOf\":{\"@id\":\"https:\\\/\\\/www.visitamalfi.info\\\/de\\\/#website\"},\"primaryImageOfPage\":{\"@id\":\"https:\\\/\\\/www.visitamalfi.info\\\/de\\\/poi\\\/arco-della-faenza\\\/#primaryimage\"},\"image\":{\"@id\":\"https:\\\/\\\/www.visitamalfi.info\\\/de\\\/poi\\\/arco-della-faenza\\\/#primaryimage\"},\"thumbnailUrl\":\"https:\\\/\\\/www.visitamalfi.info\\\/wp-content\\\/uploads\\\/2024\\\/03\\\/ARCO-DELLA-FAENZA-M.ABBAGNARA-18.jpg\",\"datePublished\":\"2025-09-03T07:43:08+00:00\",\"breadcrumb\":{\"@id\":\"https:\\\/\\\/www.visitamalfi.info\\\/de\\\/poi\\\/arco-della-faenza\\\/#breadcrumb\"},\"inLanguage\":\"de\",\"potentialAction\":[{\"@type\":\"ReadAction\",\"target\":[\"https:\\\/\\\/www.visitamalfi.info\\\/de\\\/poi\\\/arco-della-faenza\\\/\"]}]},{\"@type\":\"ImageObject\",\"inLanguage\":\"de\",\"@id\":\"https:\\\/\\\/www.visitamalfi.info\\\/de\\\/poi\\\/arco-della-faenza\\\/#primaryimage\",\"url\":\"https:\\\/\\\/www.visitamalfi.info\\\/wp-content\\\/uploads\\\/2024\\\/03\\\/ARCO-DELLA-FAENZA-M.ABBAGNARA-18.jpg\",\"contentUrl\":\"https:\\\/\\\/www.visitamalfi.info\\\/wp-content\\\/uploads\\\/2024\\\/03\\\/ARCO-DELLA-FAENZA-M.ABBAGNARA-18.jpg\",\"width\":1920,\"height\":1280,\"caption\":\"Amalfi_Arco della Faenza\"},{\"@type\":\"BreadcrumbList\",\"@id\":\"https:\\\/\\\/www.visitamalfi.info\\\/de\\\/poi\\\/arco-della-faenza\\\/#breadcrumb\",\"itemListElement\":[{\"@type\":\"ListItem\",\"position\":1,\"name\":\"Home\",\"item\":\"https:\\\/\\\/www.visitamalfi.info\\\/de\\\/\"},{\"@type\":\"ListItem\",\"position\":2,\"name\":\"Arco della Faenza\"}]},{\"@type\":\"WebSite\",\"@id\":\"https:\\\/\\\/www.visitamalfi.info\\\/de\\\/#website\",\"url\":\"https:\\\/\\\/www.visitamalfi.info\\\/de\\\/\",\"name\":\"Visit Amalfi\",\"description\":\"Amalfi Destination Official Website\",\"publisher\":{\"@id\":\"https:\\\/\\\/www.visitamalfi.info\\\/de\\\/#organization\"},\"potentialAction\":[{\"@type\":\"SearchAction\",\"target\":{\"@type\":\"EntryPoint\",\"urlTemplate\":\"https:\\\/\\\/www.visitamalfi.info\\\/de\\\/?s={search_term_string}\"},\"query-input\":{\"@type\":\"PropertyValueSpecification\",\"valueRequired\":true,\"valueName\":\"search_term_string\"}}],\"inLanguage\":\"de\"},{\"@type\":\"Organization\",\"@id\":\"https:\\\/\\\/www.visitamalfi.info\\\/de\\\/#organization\",\"name\":\"Visit Amalfi\",\"url\":\"https:\\\/\\\/www.visitamalfi.info\\\/de\\\/\",\"logo\":{\"@type\":\"ImageObject\",\"inLanguage\":\"de\",\"@id\":\"https:\\\/\\\/www.visitamalfi.info\\\/de\\\/#\\\/schema\\\/logo\\\/image\\\/\",\"url\":\"https:\\\/\\\/www.visitamalfi.info\\\/wp-content\\\/uploads\\\/2023\\\/04\\\/visit-amalfi-logo-web.png\",\"contentUrl\":\"https:\\\/\\\/www.visitamalfi.info\\\/wp-content\\\/uploads\\\/2023\\\/04\\\/visit-amalfi-logo-web.png\",\"width\":800,\"height\":870,\"caption\":\"Visit Amalfi\"},\"image\":{\"@id\":\"https:\\\/\\\/www.visitamalfi.info\\\/de\\\/#\\\/schema\\\/logo\\\/image\\\/\"},\"sameAs\":[\"https:\\\/\\\/www.facebook.com\\\/visitamalfiofficial\",\"https:\\\/\\\/www.instagram.com\\\/visitamalfiofficial\\\/\"]}]}<\/script>\n<!-- \/ Yoast SEO plugin. -->","yoast_head_json":{"title":"Arco della Faenza - Visit Amalfi","robots":{"index":"index","follow":"follow","max-snippet":"max-snippet:-1","max-image-preview":"max-image-preview:large","max-video-preview":"max-video-preview:-1"},"canonical":"https:\/\/www.visitamalfi.info\/de\/poi\/arco-della-faenza\/","og_locale":"de_DE","og_type":"article","og_title":"Arco della Faenza - Visit Amalfi","og_description":"Der Arco della Faenza markiert den Beginn des Valle dei Mulini, des Produktionsgebiets der mittelalterlichen Stadt. Das Gebiet wurde in zwei Zonen unterteilt, deren Namen von dem alten Namen des [&hellip;]","og_url":"https:\/\/www.visitamalfi.info\/de\/poi\/arco-della-faenza\/","og_site_name":"Visit Amalfi","article_publisher":"https:\/\/www.facebook.com\/visitamalfiofficial","og_image":[{"width":1920,"height":1280,"url":"https:\/\/www.visitamalfi.info\/wp-content\/uploads\/2024\/03\/ARCO-DELLA-FAENZA-M.ABBAGNARA-18.jpg","type":"image\/jpeg"}],"twitter_card":"summary_large_image","twitter_misc":{"Gesch\u00e4tzte Lesezeit":"1\u00a0Minute"},"schema":{"@context":"https:\/\/schema.org","@graph":[{"@type":"WebPage","@id":"https:\/\/www.visitamalfi.info\/de\/poi\/arco-della-faenza\/","url":"https:\/\/www.visitamalfi.info\/de\/poi\/arco-della-faenza\/","name":"Arco della Faenza - Visit Amalfi","isPartOf":{"@id":"https:\/\/www.visitamalfi.info\/de\/#website"},"primaryImageOfPage":{"@id":"https:\/\/www.visitamalfi.info\/de\/poi\/arco-della-faenza\/#primaryimage"},"image":{"@id":"https:\/\/www.visitamalfi.info\/de\/poi\/arco-della-faenza\/#primaryimage"},"thumbnailUrl":"https:\/\/www.visitamalfi.info\/wp-content\/uploads\/2024\/03\/ARCO-DELLA-FAENZA-M.ABBAGNARA-18.jpg","datePublished":"2025-09-03T07:43:08+00:00","breadcrumb":{"@id":"https:\/\/www.visitamalfi.info\/de\/poi\/arco-della-faenza\/#breadcrumb"},"inLanguage":"de","potentialAction":[{"@type":"ReadAction","target":["https:\/\/www.visitamalfi.info\/de\/poi\/arco-della-faenza\/"]}]},{"@type":"ImageObject","inLanguage":"de","@id":"https:\/\/www.visitamalfi.info\/de\/poi\/arco-della-faenza\/#primaryimage","url":"https:\/\/www.visitamalfi.info\/wp-content\/uploads\/2024\/03\/ARCO-DELLA-FAENZA-M.ABBAGNARA-18.jpg","contentUrl":"https:\/\/www.visitamalfi.info\/wp-content\/uploads\/2024\/03\/ARCO-DELLA-FAENZA-M.ABBAGNARA-18.jpg","width":1920,"height":1280,"caption":"Amalfi_Arco della Faenza"},{"@type":"BreadcrumbList","@id":"https:\/\/www.visitamalfi.info\/de\/poi\/arco-della-faenza\/#breadcrumb","itemListElement":[{"@type":"ListItem","position":1,"name":"Home","item":"https:\/\/www.visitamalfi.info\/de\/"},{"@type":"ListItem","position":2,"name":"Arco della Faenza"}]},{"@type":"WebSite","@id":"https:\/\/www.visitamalfi.info\/de\/#website","url":"https:\/\/www.visitamalfi.info\/de\/","name":"Visit Amalfi","description":"Amalfi Destination Official Website","publisher":{"@id":"https:\/\/www.visitamalfi.info\/de\/#organization"},"potentialAction":[{"@type":"SearchAction","target":{"@type":"EntryPoint","urlTemplate":"https:\/\/www.visitamalfi.info\/de\/?s={search_term_string}"},"query-input":{"@type":"PropertyValueSpecification","valueRequired":true,"valueName":"search_term_string"}}],"inLanguage":"de"},{"@type":"Organization","@id":"https:\/\/www.visitamalfi.info\/de\/#organization","name":"Visit Amalfi","url":"https:\/\/www.visitamalfi.info\/de\/","logo":{"@type":"ImageObject","inLanguage":"de","@id":"https:\/\/www.visitamalfi.info\/de\/#\/schema\/logo\/image\/","url":"https:\/\/www.visitamalfi.info\/wp-content\/uploads\/2023\/04\/visit-amalfi-logo-web.png","contentUrl":"https:\/\/www.visitamalfi.info\/wp-content\/uploads\/2023\/04\/visit-amalfi-logo-web.png","width":800,"height":870,"caption":"Visit Amalfi"},"image":{"@id":"https:\/\/www.visitamalfi.info\/de\/#\/schema\/logo\/image\/"},"sameAs":["https:\/\/www.facebook.com\/visitamalfiofficial","https:\/\/www.instagram.com\/visitamalfiofficial\/"]}]}},"_links":{"self":[{"href":"https:\/\/www.visitamalfi.info\/de\/wp-json\/wp\/v2\/amw_poi\/16128","targetHints":{"allow":["GET"]}}],"collection":[{"href":"https:\/\/www.visitamalfi.info\/de\/wp-json\/wp\/v2\/amw_poi"}],"about":[{"href":"https:\/\/www.visitamalfi.info\/de\/wp-json\/wp\/v2\/types\/amw_poi"}],"replies":[{"embeddable":true,"href":"https:\/\/www.visitamalfi.info\/de\/wp-json\/wp\/v2\/comments?post=16128"}],"version-history":[{"count":1,"href":"https:\/\/www.visitamalfi.info\/de\/wp-json\/wp\/v2\/amw_poi\/16128\/revisions"}],"predecessor-version":[{"id":19442,"href":"https:\/\/www.visitamalfi.info\/de\/wp-json\/wp\/v2\/amw_poi\/16128\/revisions\/19442"}],"wp:featuredmedia":[{"embeddable":true,"href":"https:\/\/www.visitamalfi.info\/de\/wp-json\/wp\/v2\/media\/15411"}],"wp:attachment":[{"href":"https:\/\/www.visitamalfi.info\/de\/wp-json\/wp\/v2\/media?parent=16128"}],"wp:term":[{"taxonomy":"categoria_poi","embeddable":true,"href":"https:\/\/www.visitamalfi.info\/de\/wp-json\/wp\/v2\/categoria_poi?post=16128"}],"curies":[{"name":"wp","href":"https:\/\/api.w.org\/{rel}","templated":true}]}}

<p>Der Arco della Faenza markiert den Beginn des Valle dei Mulini, des Produktionsgebiets der mittelalterlichen Stadt. Das Gebiet wurde in zwei Zonen unterteilt, deren Namen von dem alten Namen des Flusses abgeleitet wurden: Chiarito di Basso und Chiarito di Sopra. Die erste Zone begann an der heutigen Piazza dello Spirito Santo und endete mit einem weiteren Stadttor, das im Zuge der späteren Urbanisierung gegen Ende des 11. Jahrhunderts errichtet wurde, während die zweite Zone dem innersten Teil des Tals entsprach.</p>
<p>Auf der linken Seite des Bogens von Faenza kann man eine typische handgefertigte Krippe bewundern, die aus kleinen Häusern und Steinfiguren besteht, die Szenen aus dem täglichen Leben des Dorfes darstellen. Die Höhle ist recht groß und leicht zu erkennen, da Engel die genaue Stelle markieren, an der das Neugeborene platziert werden soll.</p>

<!-- This site is optimized with the Yoast SEO plugin v27.3 - https://yoast.com/product/yoast-seo-wordpress/ -->
<title>Arco della Faenza - Visit Amalfi</title>
<meta name="robots" content="index, follow, max-snippet:-1, max-image-preview:large, max-video-preview:-1" />
<link rel="canonical" href="https://www.visitamalfi.info/de/poi/arco-della-faenza/" />
<meta property="og:locale" content="de_DE" />
<meta property="og:type" content="article" />
<meta property="og:title" content="Arco della Faenza - Visit Amalfi" />
<meta property="og:description" content="Der Arco della Faenza markiert den Beginn des Valle dei Mulini, des Produktionsgebiets der mittelalterlichen Stadt. Das Gebiet wurde in zwei Zonen unterteilt, deren Namen von dem alten Namen des [&hellip;]" />
<meta property="og:url" content="https://www.visitamalfi.info/de/poi/arco-della-faenza/" />
<meta property="og:site_name" content="Visit Amalfi" />
<meta property="article:publisher" content="https://www.facebook.com/visitamalfiofficial" />
<meta property="og:image" content="https://www.visitamalfi.info/wp-content/uploads/2024/03/ARCO-DELLA-FAENZA-M.ABBAGNARA-18.jpg" />
	<meta property="og:image:width" content="1920" />
	<meta property="og:image:height" content="1280" />
	<meta property="og:image:type" content="image/jpeg" />
<meta name="twitter:card" content="summary_large_image" />
<meta name="twitter:label1" content="Geschätzte Lesezeit" />
	<meta name="twitter:data1" content="1 Minute" />
<script type="application/ld+json" class="yoast-schema-graph">{"@context":"https:\/\/schema.org","@graph":[{"@type":"WebPage","@id":"https:\/\/www.visitamalfi.info\/de\/poi\/arco-della-faenza\/","url":"https:\/\/www.visitamalfi.info\/de\/poi\/arco-della-faenza\/","name":"Arco della Faenza - Visit Amalfi","isPartOf":{"@id":"https:\/\/www.visitamalfi.info\/de\/#website"},"primaryImageOfPage":{"@id":"https:\/\/www.visitamalfi.info\/de\/poi\/arco-della-faenza\/#primaryimage"},"image":{"@id":"https:\/\/www.visitamalfi.info\/de\/poi\/arco-della-faenza\/#primaryimage"},"thumbnailUrl":"https:\/\/www.visitamalfi.info\/wp-content\/uploads\/2024\/03\/ARCO-DELLA-FAENZA-M.ABBAGNARA-18.jpg","datePublished":"2025-09-03T07:43:08+00:00","breadcrumb":{"@id":"https:\/\/www.visitamalfi.info\/de\/poi\/arco-della-faenza\/#breadcrumb"},"inLanguage":"de","potentialAction":[{"@type":"ReadAction","target":["https:\/\/www.visitamalfi.info\/de\/poi\/arco-della-faenza\/"]}]},{"@type":"ImageObject","inLanguage":"de","@id":"https:\/\/www.visitamalfi.info\/de\/poi\/arco-della-faenza\/#primaryimage","url":"https:\/\/www.visitamalfi.info\/wp-content\/uploads\/2024\/03\/ARCO-DELLA-FAENZA-M.ABBAGNARA-18.jpg","contentUrl":"https:\/\/www.visitamalfi.info\/wp-content\/uploads\/2024\/03\/ARCO-DELLA-FAENZA-M.ABBAGNARA-18.jpg","width":1920,"height":1280,"caption":"Amalfi_Arco della Faenza"},{"@type":"BreadcrumbList","@id":"https:\/\/www.visitamalfi.info\/de\/poi\/arco-della-faenza\/#breadcrumb","itemListElement":[{"@type":"ListItem","position":1,"name":"Home","item":"https:\/\/www.visitamalfi.info\/de\/"},{"@type":"ListItem","position":2,"name":"Arco della Faenza"}]},{"@type":"WebSite","@id":"https:\/\/www.visitamalfi.info\/de\/#website","url":"https:\/\/www.visitamalfi.info\/de\/","name":"Visit Amalfi","description":"Amalfi Destination Official Website","publisher":{"@id":"https:\/\/www.visitamalfi.info\/de\/#organization"},"potentialAction":[{"@type":"SearchAction","target":{"@type":"EntryPoint","urlTemplate":"https:\/\/www.visitamalfi.info\/de\/?s={search_term_string}"},"query-input":{"@type":"PropertyValueSpecification","valueRequired":true,"valueName":"search_term_string"}}],"inLanguage":"de"},{"@type":"Organization","@id":"https:\/\/www.visitamalfi.info\/de\/#organization","name":"Visit Amalfi","url":"https:\/\/www.visitamalfi.info\/de\/","logo":{"@type":"ImageObject","inLanguage":"de","@id":"https:\/\/www.visitamalfi.info\/de\/#\/schema\/logo\/image\/","url":"https:\/\/www.visitamalfi.info\/wp-content\/uploads\/2023\/04\/visit-amalfi-logo-web.png","contentUrl":"https:\/\/www.visitamalfi.info\/wp-content\/uploads\/2023\/04\/visit-amalfi-logo-web.png","width":800,"height":870,"caption":"Visit Amalfi"},"image":{"@id":"https:\/\/www.visitamalfi.info\/de\/#\/schema\/logo\/image\/"},"sameAs":["https:\/\/www.facebook.com\/visitamalfiofficial","https:\/\/www.instagram.com\/visitamalfiofficial\/"]}]}</script>
<!-- / Yoast SEO plugin. -->
