{"id":16125,"date":"2025-09-03T09:44:55","date_gmt":"2025-09-03T07:44:55","guid":{"rendered":"https:\/\/www.visitamalfi.info\/poi\/valle-dei-mulini\/"},"modified":"2024-07-16T12:23:14","modified_gmt":"2024-07-16T10:23:14","slug":"valle-dei-mulini","status":"publish","type":"amw_poi","link":"https:\/\/www.visitamalfi.info\/de\/poi\/valle-dei-mulini\/","title":{"rendered":"Valle dei Mulini"},"content":{"rendered":"<p>Das Valle dei Mulini ist eine Schlucht, die sich vom Stadtzentrum von Amalfi aus dem Lauf des Wildbachs Canneto folgt. Der Ort verdankt seine Ber\u00fchmtheit zahlreichen ausl\u00e4ndischen K\u00fcnstlern und Schriftstellern, die im 19. Jahrhundert die nat\u00fcrliche Sch\u00f6nheit einer Landschaft r\u00fchmten, die durch ausgedehnte Zitroneng\u00e4rten bereichert und durch das Vorhandensein der alten Papier- und Eisenfabriken noch interessanter gemacht wurde.<\/p>\n<p>Die Ansiedlung von Papierm\u00fchlen im Valle dei Mulini begann zwischen dem 12. und 13. Jahrhundert, als die Amalfitaner die Verfahren zur Papierherstellung aus der arabischen Welt erlernten. Ende des 18. Jahrhunderts waren im Valle dei Mulini 16 M\u00fchlen in Betrieb, und weitere waren entlang der Wasserl\u00e4ufe von Minori und Maiori in Betrieb. Im Laufe des letzten Jahrhunderts mussten diese Fabriken eine nach der anderen schlie\u00dfen, da sie erhebliche Transportschwierigkeiten hatten und die Produktion nicht wesentlich steigern konnten.<\/p>\n","protected":false},"excerpt":{"rendered":"<p>Das Valle dei Mulini ist eine Schlucht, die sich vom Stadtzentrum von Amalfi aus dem Lauf des Wildbachs Canneto folgt. Der Ort verdankt seine Ber\u00fchmtheit zahlreichen ausl\u00e4ndischen K\u00fcnstlern und Schriftstellern, [&hellip;]<\/p>\n","protected":false},"featured_media":15462,"comment_status":"open","ping_status":"closed","template":"","categoria_poi":[1554,1546,1550,1772],"class_list":["post-16125","amw_poi","type-amw_poi","status-publish","has-post-thumbnail","hentry","categoria_poi-esperienza-de","categoria_poi-cultura-de","categoria_poi-natura-de","categoria_poi-amalfi-zentrum"],"yoast_head":"<!-- This site is optimized with the Yoast SEO plugin v27.3 - https:\/\/yoast.com\/product\/yoast-seo-wordpress\/ -->\n<title>Valle dei Mulini - Visit Amalfi<\/title>\n<meta name=\"robots\" content=\"index, follow, max-snippet:-1, max-image-preview:large, max-video-preview:-1\" \/>\n<link rel=\"canonical\" href=\"https:\/\/www.visitamalfi.info\/de\/poi\/valle-dei-mulini\/\" \/>\n<meta property=\"og:locale\" content=\"de_DE\" \/>\n<meta property=\"og:type\" content=\"article\" \/>\n<meta property=\"og:title\" content=\"Valle dei Mulini - Visit Amalfi\" \/>\n<meta property=\"og:description\" content=\"Das Valle dei Mulini ist eine Schlucht, die sich vom Stadtzentrum von Amalfi aus dem Lauf des Wildbachs Canneto folgt. Der Ort verdankt seine Ber\u00fchmtheit zahlreichen ausl\u00e4ndischen K\u00fcnstlern und Schriftstellern, [&hellip;]\" \/>\n<meta property=\"og:url\" content=\"https:\/\/www.visitamalfi.info\/de\/poi\/valle-dei-mulini\/\" \/>\n<meta property=\"og:site_name\" content=\"Visit Amalfi\" \/>\n<meta property=\"article:publisher\" content=\"https:\/\/www.facebook.com\/visitamalfiofficial\" \/>\n<meta property=\"og:image\" content=\"https:\/\/www.visitamalfi.info\/wp-content\/uploads\/2024\/03\/17-foto-m.abbagnara-valle-delle-ferriere-.jpg\" \/>\n\t<meta property=\"og:image:width\" content=\"1920\" \/>\n\t<meta property=\"og:image:height\" content=\"1280\" \/>\n\t<meta property=\"og:image:type\" content=\"image\/jpeg\" \/>\n<meta name=\"twitter:card\" content=\"summary_large_image\" \/>\n<meta name=\"twitter:label1\" content=\"Gesch\u00e4tzte Lesezeit\" \/>\n\t<meta name=\"twitter:data1\" content=\"1\u00a0Minute\" \/>\n<script type=\"application\/ld+json\" class=\"yoast-schema-graph\">{\"@context\":\"https:\\\/\\\/schema.org\",\"@graph\":[{\"@type\":\"WebPage\",\"@id\":\"https:\\\/\\\/www.visitamalfi.info\\\/de\\\/poi\\\/valle-dei-mulini\\\/\",\"url\":\"https:\\\/\\\/www.visitamalfi.info\\\/de\\\/poi\\\/valle-dei-mulini\\\/\",\"name\":\"Valle dei Mulini - Visit Amalfi\",\"isPartOf\":{\"@id\":\"https:\\\/\\\/www.visitamalfi.info\\\/de\\\/#website\"},\"primaryImageOfPage\":{\"@id\":\"https:\\\/\\\/www.visitamalfi.info\\\/de\\\/poi\\\/valle-dei-mulini\\\/#primaryimage\"},\"image\":{\"@id\":\"https:\\\/\\\/www.visitamalfi.info\\\/de\\\/poi\\\/valle-dei-mulini\\\/#primaryimage\"},\"thumbnailUrl\":\"https:\\\/\\\/www.visitamalfi.info\\\/wp-content\\\/uploads\\\/2024\\\/03\\\/17-foto-m.abbagnara-valle-delle-ferriere-.jpg\",\"datePublished\":\"2025-09-03T07:44:55+00:00\",\"breadcrumb\":{\"@id\":\"https:\\\/\\\/www.visitamalfi.info\\\/de\\\/poi\\\/valle-dei-mulini\\\/#breadcrumb\"},\"inLanguage\":\"de\",\"potentialAction\":[{\"@type\":\"ReadAction\",\"target\":[\"https:\\\/\\\/www.visitamalfi.info\\\/de\\\/poi\\\/valle-dei-mulini\\\/\"]}]},{\"@type\":\"ImageObject\",\"inLanguage\":\"de\",\"@id\":\"https:\\\/\\\/www.visitamalfi.info\\\/de\\\/poi\\\/valle-dei-mulini\\\/#primaryimage\",\"url\":\"https:\\\/\\\/www.visitamalfi.info\\\/wp-content\\\/uploads\\\/2024\\\/03\\\/17-foto-m.abbagnara-valle-delle-ferriere-.jpg\",\"contentUrl\":\"https:\\\/\\\/www.visitamalfi.info\\\/wp-content\\\/uploads\\\/2024\\\/03\\\/17-foto-m.abbagnara-valle-delle-ferriere-.jpg\",\"width\":1920,\"height\":1280,\"caption\":\"Amalfi_Valle dei Mulini\"},{\"@type\":\"BreadcrumbList\",\"@id\":\"https:\\\/\\\/www.visitamalfi.info\\\/de\\\/poi\\\/valle-dei-mulini\\\/#breadcrumb\",\"itemListElement\":[{\"@type\":\"ListItem\",\"position\":1,\"name\":\"Home\",\"item\":\"https:\\\/\\\/www.visitamalfi.info\\\/de\\\/\"},{\"@type\":\"ListItem\",\"position\":2,\"name\":\"Valle dei Mulini\"}]},{\"@type\":\"WebSite\",\"@id\":\"https:\\\/\\\/www.visitamalfi.info\\\/de\\\/#website\",\"url\":\"https:\\\/\\\/www.visitamalfi.info\\\/de\\\/\",\"name\":\"Visit Amalfi\",\"description\":\"Amalfi Destination Official Website\",\"publisher\":{\"@id\":\"https:\\\/\\\/www.visitamalfi.info\\\/de\\\/#organization\"},\"potentialAction\":[{\"@type\":\"SearchAction\",\"target\":{\"@type\":\"EntryPoint\",\"urlTemplate\":\"https:\\\/\\\/www.visitamalfi.info\\\/de\\\/?s={search_term_string}\"},\"query-input\":{\"@type\":\"PropertyValueSpecification\",\"valueRequired\":true,\"valueName\":\"search_term_string\"}}],\"inLanguage\":\"de\"},{\"@type\":\"Organization\",\"@id\":\"https:\\\/\\\/www.visitamalfi.info\\\/de\\\/#organization\",\"name\":\"Visit Amalfi\",\"url\":\"https:\\\/\\\/www.visitamalfi.info\\\/de\\\/\",\"logo\":{\"@type\":\"ImageObject\",\"inLanguage\":\"de\",\"@id\":\"https:\\\/\\\/www.visitamalfi.info\\\/de\\\/#\\\/schema\\\/logo\\\/image\\\/\",\"url\":\"https:\\\/\\\/www.visitamalfi.info\\\/wp-content\\\/uploads\\\/2023\\\/04\\\/visit-amalfi-logo-web.png\",\"contentUrl\":\"https:\\\/\\\/www.visitamalfi.info\\\/wp-content\\\/uploads\\\/2023\\\/04\\\/visit-amalfi-logo-web.png\",\"width\":800,\"height\":870,\"caption\":\"Visit Amalfi\"},\"image\":{\"@id\":\"https:\\\/\\\/www.visitamalfi.info\\\/de\\\/#\\\/schema\\\/logo\\\/image\\\/\"},\"sameAs\":[\"https:\\\/\\\/www.facebook.com\\\/visitamalfiofficial\",\"https:\\\/\\\/www.instagram.com\\\/visitamalfiofficial\\\/\"]}]}<\/script>\n<!-- \/ Yoast SEO plugin. -->","yoast_head_json":{"title":"Valle dei Mulini - Visit Amalfi","robots":{"index":"index","follow":"follow","max-snippet":"max-snippet:-1","max-image-preview":"max-image-preview:large","max-video-preview":"max-video-preview:-1"},"canonical":"https:\/\/www.visitamalfi.info\/de\/poi\/valle-dei-mulini\/","og_locale":"de_DE","og_type":"article","og_title":"Valle dei Mulini - Visit Amalfi","og_description":"Das Valle dei Mulini ist eine Schlucht, die sich vom Stadtzentrum von Amalfi aus dem Lauf des Wildbachs Canneto folgt. Der Ort verdankt seine Ber\u00fchmtheit zahlreichen ausl\u00e4ndischen K\u00fcnstlern und Schriftstellern, [&hellip;]","og_url":"https:\/\/www.visitamalfi.info\/de\/poi\/valle-dei-mulini\/","og_site_name":"Visit Amalfi","article_publisher":"https:\/\/www.facebook.com\/visitamalfiofficial","og_image":[{"width":1920,"height":1280,"url":"https:\/\/www.visitamalfi.info\/wp-content\/uploads\/2024\/03\/17-foto-m.abbagnara-valle-delle-ferriere-.jpg","type":"image\/jpeg"}],"twitter_card":"summary_large_image","twitter_misc":{"Gesch\u00e4tzte Lesezeit":"1\u00a0Minute"},"schema":{"@context":"https:\/\/schema.org","@graph":[{"@type":"WebPage","@id":"https:\/\/www.visitamalfi.info\/de\/poi\/valle-dei-mulini\/","url":"https:\/\/www.visitamalfi.info\/de\/poi\/valle-dei-mulini\/","name":"Valle dei Mulini - Visit Amalfi","isPartOf":{"@id":"https:\/\/www.visitamalfi.info\/de\/#website"},"primaryImageOfPage":{"@id":"https:\/\/www.visitamalfi.info\/de\/poi\/valle-dei-mulini\/#primaryimage"},"image":{"@id":"https:\/\/www.visitamalfi.info\/de\/poi\/valle-dei-mulini\/#primaryimage"},"thumbnailUrl":"https:\/\/www.visitamalfi.info\/wp-content\/uploads\/2024\/03\/17-foto-m.abbagnara-valle-delle-ferriere-.jpg","datePublished":"2025-09-03T07:44:55+00:00","breadcrumb":{"@id":"https:\/\/www.visitamalfi.info\/de\/poi\/valle-dei-mulini\/#breadcrumb"},"inLanguage":"de","potentialAction":[{"@type":"ReadAction","target":["https:\/\/www.visitamalfi.info\/de\/poi\/valle-dei-mulini\/"]}]},{"@type":"ImageObject","inLanguage":"de","@id":"https:\/\/www.visitamalfi.info\/de\/poi\/valle-dei-mulini\/#primaryimage","url":"https:\/\/www.visitamalfi.info\/wp-content\/uploads\/2024\/03\/17-foto-m.abbagnara-valle-delle-ferriere-.jpg","contentUrl":"https:\/\/www.visitamalfi.info\/wp-content\/uploads\/2024\/03\/17-foto-m.abbagnara-valle-delle-ferriere-.jpg","width":1920,"height":1280,"caption":"Amalfi_Valle dei Mulini"},{"@type":"BreadcrumbList","@id":"https:\/\/www.visitamalfi.info\/de\/poi\/valle-dei-mulini\/#breadcrumb","itemListElement":[{"@type":"ListItem","position":1,"name":"Home","item":"https:\/\/www.visitamalfi.info\/de\/"},{"@type":"ListItem","position":2,"name":"Valle dei Mulini"}]},{"@type":"WebSite","@id":"https:\/\/www.visitamalfi.info\/de\/#website","url":"https:\/\/www.visitamalfi.info\/de\/","name":"Visit Amalfi","description":"Amalfi Destination Official Website","publisher":{"@id":"https:\/\/www.visitamalfi.info\/de\/#organization"},"potentialAction":[{"@type":"SearchAction","target":{"@type":"EntryPoint","urlTemplate":"https:\/\/www.visitamalfi.info\/de\/?s={search_term_string}"},"query-input":{"@type":"PropertyValueSpecification","valueRequired":true,"valueName":"search_term_string"}}],"inLanguage":"de"},{"@type":"Organization","@id":"https:\/\/www.visitamalfi.info\/de\/#organization","name":"Visit Amalfi","url":"https:\/\/www.visitamalfi.info\/de\/","logo":{"@type":"ImageObject","inLanguage":"de","@id":"https:\/\/www.visitamalfi.info\/de\/#\/schema\/logo\/image\/","url":"https:\/\/www.visitamalfi.info\/wp-content\/uploads\/2023\/04\/visit-amalfi-logo-web.png","contentUrl":"https:\/\/www.visitamalfi.info\/wp-content\/uploads\/2023\/04\/visit-amalfi-logo-web.png","width":800,"height":870,"caption":"Visit Amalfi"},"image":{"@id":"https:\/\/www.visitamalfi.info\/de\/#\/schema\/logo\/image\/"},"sameAs":["https:\/\/www.facebook.com\/visitamalfiofficial","https:\/\/www.instagram.com\/visitamalfiofficial\/"]}]}},"_links":{"self":[{"href":"https:\/\/www.visitamalfi.info\/de\/wp-json\/wp\/v2\/amw_poi\/16125","targetHints":{"allow":["GET"]}}],"collection":[{"href":"https:\/\/www.visitamalfi.info\/de\/wp-json\/wp\/v2\/amw_poi"}],"about":[{"href":"https:\/\/www.visitamalfi.info\/de\/wp-json\/wp\/v2\/types\/amw_poi"}],"replies":[{"embeddable":true,"href":"https:\/\/www.visitamalfi.info\/de\/wp-json\/wp\/v2\/comments?post=16125"}],"version-history":[{"count":1,"href":"https:\/\/www.visitamalfi.info\/de\/wp-json\/wp\/v2\/amw_poi\/16125\/revisions"}],"predecessor-version":[{"id":19454,"href":"https:\/\/www.visitamalfi.info\/de\/wp-json\/wp\/v2\/amw_poi\/16125\/revisions\/19454"}],"wp:featuredmedia":[{"embeddable":true,"href":"https:\/\/www.visitamalfi.info\/de\/wp-json\/wp\/v2\/media\/15462"}],"wp:attachment":[{"href":"https:\/\/www.visitamalfi.info\/de\/wp-json\/wp\/v2\/media?parent=16125"}],"wp:term":[{"taxonomy":"categoria_poi","embeddable":true,"href":"https:\/\/www.visitamalfi.info\/de\/wp-json\/wp\/v2\/categoria_poi?post=16125"}],"curies":[{"name":"wp","href":"https:\/\/api.w.org\/{rel}","templated":true}]}}

<p>Das Valle dei Mulini ist eine Schlucht, die sich vom Stadtzentrum von Amalfi aus dem Lauf des Wildbachs Canneto folgt. Der Ort verdankt seine Berühmtheit zahlreichen ausländischen Künstlern und Schriftstellern, die im 19. Jahrhundert die natürliche Schönheit einer Landschaft rühmten, die durch ausgedehnte Zitronengärten bereichert und durch das Vorhandensein der alten Papier- und Eisenfabriken noch interessanter gemacht wurde.</p>
<p>Die Ansiedlung von Papiermühlen im Valle dei Mulini begann zwischen dem 12. und 13. Jahrhundert, als die Amalfitaner die Verfahren zur Papierherstellung aus der arabischen Welt erlernten. Ende des 18. Jahrhunderts waren im Valle dei Mulini 16 Mühlen in Betrieb, und weitere waren entlang der Wasserläufe von Minori und Maiori in Betrieb. Im Laufe des letzten Jahrhunderts mussten diese Fabriken eine nach der anderen schließen, da sie erhebliche Transportschwierigkeiten hatten und die Produktion nicht wesentlich steigern konnten.</p>

<p>Das Valle dei Mulini ist eine Schlucht, die sich vom Stadtzentrum von Amalfi aus dem Lauf des Wildbachs Canneto folgt. Der Ort verdankt seine Berühmtheit zahlreichen ausländischen Künstlern und Schriftstellern, [&hellip;]</p>

<!-- This site is optimized with the Yoast SEO plugin v27.3 - https://yoast.com/product/yoast-seo-wordpress/ -->
<title>Valle dei Mulini - Visit Amalfi</title>
<meta name="robots" content="index, follow, max-snippet:-1, max-image-preview:large, max-video-preview:-1" />
<link rel="canonical" href="https://www.visitamalfi.info/de/poi/valle-dei-mulini/" />
<meta property="og:locale" content="de_DE" />
<meta property="og:type" content="article" />
<meta property="og:title" content="Valle dei Mulini - Visit Amalfi" />
<meta property="og:description" content="Das Valle dei Mulini ist eine Schlucht, die sich vom Stadtzentrum von Amalfi aus dem Lauf des Wildbachs Canneto folgt. Der Ort verdankt seine Berühmtheit zahlreichen ausländischen Künstlern und Schriftstellern, [&hellip;]" />
<meta property="og:url" content="https://www.visitamalfi.info/de/poi/valle-dei-mulini/" />
<meta property="og:site_name" content="Visit Amalfi" />
<meta property="article:publisher" content="https://www.facebook.com/visitamalfiofficial" />
<meta property="og:image" content="https://www.visitamalfi.info/wp-content/uploads/2024/03/17-foto-m.abbagnara-valle-delle-ferriere-.jpg" />
	<meta property="og:image:width" content="1920" />
	<meta property="og:image:height" content="1280" />
	<meta property="og:image:type" content="image/jpeg" />
<meta name="twitter:card" content="summary_large_image" />
<meta name="twitter:label1" content="Geschätzte Lesezeit" />
	<meta name="twitter:data1" content="1 Minute" />
<script type="application/ld+json" class="yoast-schema-graph">{"@context":"https:\/\/schema.org","@graph":[{"@type":"WebPage","@id":"https:\/\/www.visitamalfi.info\/de\/poi\/valle-dei-mulini\/","url":"https:\/\/www.visitamalfi.info\/de\/poi\/valle-dei-mulini\/","name":"Valle dei Mulini - Visit Amalfi","isPartOf":{"@id":"https:\/\/www.visitamalfi.info\/de\/#website"},"primaryImageOfPage":{"@id":"https:\/\/www.visitamalfi.info\/de\/poi\/valle-dei-mulini\/#primaryimage"},"image":{"@id":"https:\/\/www.visitamalfi.info\/de\/poi\/valle-dei-mulini\/#primaryimage"},"thumbnailUrl":"https:\/\/www.visitamalfi.info\/wp-content\/uploads\/2024\/03\/17-foto-m.abbagnara-valle-delle-ferriere-.jpg","datePublished":"2025-09-03T07:44:55+00:00","breadcrumb":{"@id":"https:\/\/www.visitamalfi.info\/de\/poi\/valle-dei-mulini\/#breadcrumb"},"inLanguage":"de","potentialAction":[{"@type":"ReadAction","target":["https:\/\/www.visitamalfi.info\/de\/poi\/valle-dei-mulini\/"]}]},{"@type":"ImageObject","inLanguage":"de","@id":"https:\/\/www.visitamalfi.info\/de\/poi\/valle-dei-mulini\/#primaryimage","url":"https:\/\/www.visitamalfi.info\/wp-content\/uploads\/2024\/03\/17-foto-m.abbagnara-valle-delle-ferriere-.jpg","contentUrl":"https:\/\/www.visitamalfi.info\/wp-content\/uploads\/2024\/03\/17-foto-m.abbagnara-valle-delle-ferriere-.jpg","width":1920,"height":1280,"caption":"Amalfi_Valle dei Mulini"},{"@type":"BreadcrumbList","@id":"https:\/\/www.visitamalfi.info\/de\/poi\/valle-dei-mulini\/#breadcrumb","itemListElement":[{"@type":"ListItem","position":1,"name":"Home","item":"https:\/\/www.visitamalfi.info\/de\/"},{"@type":"ListItem","position":2,"name":"Valle dei Mulini"}]},{"@type":"WebSite","@id":"https:\/\/www.visitamalfi.info\/de\/#website","url":"https:\/\/www.visitamalfi.info\/de\/","name":"Visit Amalfi","description":"Amalfi Destination Official Website","publisher":{"@id":"https:\/\/www.visitamalfi.info\/de\/#organization"},"potentialAction":[{"@type":"SearchAction","target":{"@type":"EntryPoint","urlTemplate":"https:\/\/www.visitamalfi.info\/de\/?s={search_term_string}"},"query-input":{"@type":"PropertyValueSpecification","valueRequired":true,"valueName":"search_term_string"}}],"inLanguage":"de"},{"@type":"Organization","@id":"https:\/\/www.visitamalfi.info\/de\/#organization","name":"Visit Amalfi","url":"https:\/\/www.visitamalfi.info\/de\/","logo":{"@type":"ImageObject","inLanguage":"de","@id":"https:\/\/www.visitamalfi.info\/de\/#\/schema\/logo\/image\/","url":"https:\/\/www.visitamalfi.info\/wp-content\/uploads\/2023\/04\/visit-amalfi-logo-web.png","contentUrl":"https:\/\/www.visitamalfi.info\/wp-content\/uploads\/2023\/04\/visit-amalfi-logo-web.png","width":800,"height":870,"caption":"Visit Amalfi"},"image":{"@id":"https:\/\/www.visitamalfi.info\/de\/#\/schema\/logo\/image\/"},"sameAs":["https:\/\/www.facebook.com\/visitamalfiofficial","https:\/\/www.instagram.com\/visitamalfiofficial\/"]}]}</script>
<!-- / Yoast SEO plugin. -->

Das Valle dei Mulini ist eine Schlucht, die sich vom Stadtzentrum von Amalfi aus dem Lauf des Wildbachs Canneto folgt. Der Ort verdankt seine Berühmtheit zahlreichen ausländischen Künstlern und Schriftstellern, [&hellip;]
