{"id":16117,"date":"2025-09-03T09:57:42","date_gmt":"2025-09-03T07:57:42","guid":{"rendered":"https:\/\/www.visitamalfi.info\/poi\/madonna-del-carmine\/"},"modified":"2024-03-23T15:33:42","modified_gmt":"2024-03-23T14:33:42","slug":"madonna-del-carmine","status":"publish","type":"amw_poi","link":"https:\/\/www.visitamalfi.info\/de\/poi\/madonna-del-carmine\/","title":{"rendered":"Madonna del Carmine"},"content":{"rendered":"<p>Nach einer alten Volkstradition, die bei den Einheimischen noch lebendig ist, wurde die Kirche vor langer Zeit durch eine \u00dcberschwemmung v\u00f6llig zerst\u00f6rt. Am n\u00e4chsten Tag jedoch wurde die Statue der Madonna auf wundersame Weise auf einer Pinie gefunden. Seitdem werden sowohl die kleine Kirche als auch der Ort auch St. Maria del pino (Pinie) genannt. Tats\u00e4chlich scheint der Name von der Adelsfamilie de Lupino abgeleitet zu sein. Die antike Holzstatue der &#8220;Madonna del Carmine&#8221; aus dem 18. Jahrhundert, die am 25. August 2014 von Unbekannten gestohlen wurde, wurde am 19. Dezember 2023 an die Gemeinde zur\u00fcckgegeben.<\/p>\n<p>Die Kirche (<a href=\"https:\/\/www.visitamalfi.info\/poi\/pastena\/\">Pastena<\/a>) hat eine Giebelfassade mit einem runden Fenster, das von einem dreieckigen neoklassizistischen Frontispiz \u00fcberragt wird. Auf der rechten Seite befindet sich der gegen Ende des 14. Jahrhunderts errichtete Glockenturm, der auf einem als \u00dcberf\u00fchrung zur Fu\u00dfg\u00e4ngerzone dienenden Bogen errichtet wurdet, wo ein Fresko eines unbekannten Autors zu sehen ist, das die Flucht nach \u00c4gypten darstellt. Der Glockenturm hat einen Tambour mit verschlungenen B\u00f6gen, zwischen denen sich einbogige Fenster befinden, und wird von einer kleinen Kuppel \u00fcberragt.<\/p>\n<p>Das Innere besteht aus einem einzigen Raum, der von zwei Kreuzgew\u00f6lben \u00fcberdacht wird, die mit Stuckfriesen und floralen Rosetten verziert sind. An den Seitenw\u00e4nden befinden sich zwei Wandnischen mit Statuen des Heiligen S. Cristoforo und des Sacro Cuore di Ges\u00f9. Der Altar, ein Ensemble aus polychromem Marmor aus dem Jahr 1895, wird von einer Leinwand \u00fcberragt, auf der die Madonna del Carmine con il Bambino abgebildet ist.<\/p>\n","protected":false},"excerpt":{"rendered":"<p>Nach einer alten Volkstradition, die bei den Einheimischen noch lebendig ist, wurde die Kirche vor langer Zeit durch eine \u00dcberschwemmung v\u00f6llig zerst\u00f6rt. Am n\u00e4chsten Tag jedoch wurde die Statue der [&hellip;]<\/p>\n","protected":false},"featured_media":16369,"comment_status":"open","ping_status":"closed","template":"","categoria_poi":[1558,1546,1550,1562],"class_list":["post-16117","amw_poi","type-amw_poi","status-publish","has-post-thumbnail","hentry","categoria_poi-frazioni-de","categoria_poi-cultura-de","categoria_poi-natura-de","categoria_poi-pastena-de"],"yoast_head":"<!-- This site is optimized with the Yoast SEO plugin v27.3 - https:\/\/yoast.com\/product\/yoast-seo-wordpress\/ -->\n<title>Madonna del Carmine - Visit Amalfi<\/title>\n<meta name=\"robots\" content=\"index, follow, max-snippet:-1, max-image-preview:large, max-video-preview:-1\" \/>\n<link rel=\"canonical\" href=\"https:\/\/www.visitamalfi.info\/de\/poi\/madonna-del-carmine\/\" \/>\n<meta property=\"og:locale\" content=\"de_DE\" \/>\n<meta property=\"og:type\" content=\"article\" \/>\n<meta property=\"og:title\" content=\"Madonna del Carmine - Visit Amalfi\" \/>\n<meta property=\"og:description\" content=\"Nach einer alten Volkstradition, die bei den Einheimischen noch lebendig ist, wurde die Kirche vor langer Zeit durch eine \u00dcberschwemmung v\u00f6llig zerst\u00f6rt. Am n\u00e4chsten Tag jedoch wurde die Statue der [&hellip;]\" \/>\n<meta property=\"og:url\" content=\"https:\/\/www.visitamalfi.info\/de\/poi\/madonna-del-carmine\/\" \/>\n<meta property=\"og:site_name\" content=\"Visit Amalfi\" \/>\n<meta property=\"article:publisher\" content=\"https:\/\/www.facebook.com\/visitamalfiofficial\" \/>\n<meta name=\"twitter:card\" content=\"summary_large_image\" \/>\n<meta name=\"twitter:label1\" content=\"Gesch\u00e4tzte Lesezeit\" \/>\n\t<meta name=\"twitter:data1\" content=\"1\u00a0Minute\" \/>\n<script type=\"application\/ld+json\" class=\"yoast-schema-graph\">{\"@context\":\"https:\\\/\\\/schema.org\",\"@graph\":[{\"@type\":\"WebPage\",\"@id\":\"https:\\\/\\\/www.visitamalfi.info\\\/de\\\/poi\\\/madonna-del-carmine\\\/\",\"url\":\"https:\\\/\\\/www.visitamalfi.info\\\/de\\\/poi\\\/madonna-del-carmine\\\/\",\"name\":\"Madonna del Carmine - Visit Amalfi\",\"isPartOf\":{\"@id\":\"https:\\\/\\\/www.visitamalfi.info\\\/de\\\/#website\"},\"primaryImageOfPage\":{\"@id\":\"https:\\\/\\\/www.visitamalfi.info\\\/de\\\/poi\\\/madonna-del-carmine\\\/#primaryimage\"},\"image\":{\"@id\":\"https:\\\/\\\/www.visitamalfi.info\\\/de\\\/poi\\\/madonna-del-carmine\\\/#primaryimage\"},\"thumbnailUrl\":\"https:\\\/\\\/www.visitamalfi.info\\\/wp-content\\\/uploads\\\/2024\\\/03\\\/DSCF0004.jpg\",\"datePublished\":\"2025-09-03T07:57:42+00:00\",\"breadcrumb\":{\"@id\":\"https:\\\/\\\/www.visitamalfi.info\\\/de\\\/poi\\\/madonna-del-carmine\\\/#breadcrumb\"},\"inLanguage\":\"de\",\"potentialAction\":[{\"@type\":\"ReadAction\",\"target\":[\"https:\\\/\\\/www.visitamalfi.info\\\/de\\\/poi\\\/madonna-del-carmine\\\/\"]}]},{\"@type\":\"ImageObject\",\"inLanguage\":\"de\",\"@id\":\"https:\\\/\\\/www.visitamalfi.info\\\/de\\\/poi\\\/madonna-del-carmine\\\/#primaryimage\",\"url\":\"https:\\\/\\\/www.visitamalfi.info\\\/wp-content\\\/uploads\\\/2024\\\/03\\\/DSCF0004.jpg\",\"contentUrl\":\"https:\\\/\\\/www.visitamalfi.info\\\/wp-content\\\/uploads\\\/2024\\\/03\\\/DSCF0004.jpg\",\"width\":1920,\"height\":1280,\"caption\":\"Amalfi_Pastena_Madonna del Carmine\"},{\"@type\":\"BreadcrumbList\",\"@id\":\"https:\\\/\\\/www.visitamalfi.info\\\/de\\\/poi\\\/madonna-del-carmine\\\/#breadcrumb\",\"itemListElement\":[{\"@type\":\"ListItem\",\"position\":1,\"name\":\"Home\",\"item\":\"https:\\\/\\\/www.visitamalfi.info\\\/de\\\/\"},{\"@type\":\"ListItem\",\"position\":2,\"name\":\"Madonna del Carmine\"}]},{\"@type\":\"WebSite\",\"@id\":\"https:\\\/\\\/www.visitamalfi.info\\\/de\\\/#website\",\"url\":\"https:\\\/\\\/www.visitamalfi.info\\\/de\\\/\",\"name\":\"Visit Amalfi\",\"description\":\"Amalfi Destination Official Website\",\"publisher\":{\"@id\":\"https:\\\/\\\/www.visitamalfi.info\\\/de\\\/#organization\"},\"potentialAction\":[{\"@type\":\"SearchAction\",\"target\":{\"@type\":\"EntryPoint\",\"urlTemplate\":\"https:\\\/\\\/www.visitamalfi.info\\\/de\\\/?s={search_term_string}\"},\"query-input\":{\"@type\":\"PropertyValueSpecification\",\"valueRequired\":true,\"valueName\":\"search_term_string\"}}],\"inLanguage\":\"de\"},{\"@type\":\"Organization\",\"@id\":\"https:\\\/\\\/www.visitamalfi.info\\\/de\\\/#organization\",\"name\":\"Visit Amalfi\",\"url\":\"https:\\\/\\\/www.visitamalfi.info\\\/de\\\/\",\"logo\":{\"@type\":\"ImageObject\",\"inLanguage\":\"de\",\"@id\":\"https:\\\/\\\/www.visitamalfi.info\\\/de\\\/#\\\/schema\\\/logo\\\/image\\\/\",\"url\":\"https:\\\/\\\/www.visitamalfi.info\\\/wp-content\\\/uploads\\\/2023\\\/04\\\/visit-amalfi-logo-web.png\",\"contentUrl\":\"https:\\\/\\\/www.visitamalfi.info\\\/wp-content\\\/uploads\\\/2023\\\/04\\\/visit-amalfi-logo-web.png\",\"width\":800,\"height\":870,\"caption\":\"Visit Amalfi\"},\"image\":{\"@id\":\"https:\\\/\\\/www.visitamalfi.info\\\/de\\\/#\\\/schema\\\/logo\\\/image\\\/\"},\"sameAs\":[\"https:\\\/\\\/www.facebook.com\\\/visitamalfiofficial\",\"https:\\\/\\\/www.instagram.com\\\/visitamalfiofficial\\\/\"]}]}<\/script>\n<!-- \/ Yoast SEO plugin. -->","yoast_head_json":{"title":"Madonna del Carmine - Visit Amalfi","robots":{"index":"index","follow":"follow","max-snippet":"max-snippet:-1","max-image-preview":"max-image-preview:large","max-video-preview":"max-video-preview:-1"},"canonical":"https:\/\/www.visitamalfi.info\/de\/poi\/madonna-del-carmine\/","og_locale":"de_DE","og_type":"article","og_title":"Madonna del Carmine - Visit Amalfi","og_description":"Nach einer alten Volkstradition, die bei den Einheimischen noch lebendig ist, wurde die Kirche vor langer Zeit durch eine \u00dcberschwemmung v\u00f6llig zerst\u00f6rt. Am n\u00e4chsten Tag jedoch wurde die Statue der [&hellip;]","og_url":"https:\/\/www.visitamalfi.info\/de\/poi\/madonna-del-carmine\/","og_site_name":"Visit Amalfi","article_publisher":"https:\/\/www.facebook.com\/visitamalfiofficial","twitter_card":"summary_large_image","twitter_misc":{"Gesch\u00e4tzte Lesezeit":"1\u00a0Minute"},"schema":{"@context":"https:\/\/schema.org","@graph":[{"@type":"WebPage","@id":"https:\/\/www.visitamalfi.info\/de\/poi\/madonna-del-carmine\/","url":"https:\/\/www.visitamalfi.info\/de\/poi\/madonna-del-carmine\/","name":"Madonna del Carmine - Visit Amalfi","isPartOf":{"@id":"https:\/\/www.visitamalfi.info\/de\/#website"},"primaryImageOfPage":{"@id":"https:\/\/www.visitamalfi.info\/de\/poi\/madonna-del-carmine\/#primaryimage"},"image":{"@id":"https:\/\/www.visitamalfi.info\/de\/poi\/madonna-del-carmine\/#primaryimage"},"thumbnailUrl":"https:\/\/www.visitamalfi.info\/wp-content\/uploads\/2024\/03\/DSCF0004.jpg","datePublished":"2025-09-03T07:57:42+00:00","breadcrumb":{"@id":"https:\/\/www.visitamalfi.info\/de\/poi\/madonna-del-carmine\/#breadcrumb"},"inLanguage":"de","potentialAction":[{"@type":"ReadAction","target":["https:\/\/www.visitamalfi.info\/de\/poi\/madonna-del-carmine\/"]}]},{"@type":"ImageObject","inLanguage":"de","@id":"https:\/\/www.visitamalfi.info\/de\/poi\/madonna-del-carmine\/#primaryimage","url":"https:\/\/www.visitamalfi.info\/wp-content\/uploads\/2024\/03\/DSCF0004.jpg","contentUrl":"https:\/\/www.visitamalfi.info\/wp-content\/uploads\/2024\/03\/DSCF0004.jpg","width":1920,"height":1280,"caption":"Amalfi_Pastena_Madonna del Carmine"},{"@type":"BreadcrumbList","@id":"https:\/\/www.visitamalfi.info\/de\/poi\/madonna-del-carmine\/#breadcrumb","itemListElement":[{"@type":"ListItem","position":1,"name":"Home","item":"https:\/\/www.visitamalfi.info\/de\/"},{"@type":"ListItem","position":2,"name":"Madonna del Carmine"}]},{"@type":"WebSite","@id":"https:\/\/www.visitamalfi.info\/de\/#website","url":"https:\/\/www.visitamalfi.info\/de\/","name":"Visit Amalfi","description":"Amalfi Destination Official Website","publisher":{"@id":"https:\/\/www.visitamalfi.info\/de\/#organization"},"potentialAction":[{"@type":"SearchAction","target":{"@type":"EntryPoint","urlTemplate":"https:\/\/www.visitamalfi.info\/de\/?s={search_term_string}"},"query-input":{"@type":"PropertyValueSpecification","valueRequired":true,"valueName":"search_term_string"}}],"inLanguage":"de"},{"@type":"Organization","@id":"https:\/\/www.visitamalfi.info\/de\/#organization","name":"Visit Amalfi","url":"https:\/\/www.visitamalfi.info\/de\/","logo":{"@type":"ImageObject","inLanguage":"de","@id":"https:\/\/www.visitamalfi.info\/de\/#\/schema\/logo\/image\/","url":"https:\/\/www.visitamalfi.info\/wp-content\/uploads\/2023\/04\/visit-amalfi-logo-web.png","contentUrl":"https:\/\/www.visitamalfi.info\/wp-content\/uploads\/2023\/04\/visit-amalfi-logo-web.png","width":800,"height":870,"caption":"Visit Amalfi"},"image":{"@id":"https:\/\/www.visitamalfi.info\/de\/#\/schema\/logo\/image\/"},"sameAs":["https:\/\/www.facebook.com\/visitamalfiofficial","https:\/\/www.instagram.com\/visitamalfiofficial\/"]}]}},"_links":{"self":[{"href":"https:\/\/www.visitamalfi.info\/de\/wp-json\/wp\/v2\/amw_poi\/16117","targetHints":{"allow":["GET"]}}],"collection":[{"href":"https:\/\/www.visitamalfi.info\/de\/wp-json\/wp\/v2\/amw_poi"}],"about":[{"href":"https:\/\/www.visitamalfi.info\/de\/wp-json\/wp\/v2\/types\/amw_poi"}],"replies":[{"embeddable":true,"href":"https:\/\/www.visitamalfi.info\/de\/wp-json\/wp\/v2\/comments?post=16117"}],"version-history":[{"count":0,"href":"https:\/\/www.visitamalfi.info\/de\/wp-json\/wp\/v2\/amw_poi\/16117\/revisions"}],"wp:featuredmedia":[{"embeddable":true,"href":"https:\/\/www.visitamalfi.info\/de\/wp-json\/wp\/v2\/media\/16369"}],"wp:attachment":[{"href":"https:\/\/www.visitamalfi.info\/de\/wp-json\/wp\/v2\/media?parent=16117"}],"wp:term":[{"taxonomy":"categoria_poi","embeddable":true,"href":"https:\/\/www.visitamalfi.info\/de\/wp-json\/wp\/v2\/categoria_poi?post=16117"}],"curies":[{"name":"wp","href":"https:\/\/api.w.org\/{rel}","templated":true}]}}

<p>Nach einer alten Volkstradition, die bei den Einheimischen noch lebendig ist, wurde die Kirche vor langer Zeit durch eine Überschwemmung völlig zerstört. Am nächsten Tag jedoch wurde die Statue der Madonna auf wundersame Weise auf einer Pinie gefunden. Seitdem werden sowohl die kleine Kirche als auch der Ort auch St. Maria del pino (Pinie) genannt. Tatsächlich scheint der Name von der Adelsfamilie de Lupino abgeleitet zu sein. Die antike Holzstatue der &#8220;Madonna del Carmine&#8221; aus dem 18. Jahrhundert, die am 25. August 2014 von Unbekannten gestohlen wurde, wurde am 19. Dezember 2023 an die Gemeinde zurückgegeben.</p>
<p>Die Kirche (<a href="https://www.visitamalfi.info/poi/pastena/">Pastena</a>) hat eine Giebelfassade mit einem runden Fenster, das von einem dreieckigen neoklassizistischen Frontispiz überragt wird. Auf der rechten Seite befindet sich der gegen Ende des 14. Jahrhunderts errichtete Glockenturm, der auf einem als Überführung zur Fußgängerzone dienenden Bogen errichtet wurdet, wo ein Fresko eines unbekannten Autors zu sehen ist, das die Flucht nach Ägypten darstellt. Der Glockenturm hat einen Tambour mit verschlungenen Bögen, zwischen denen sich einbogige Fenster befinden, und wird von einer kleinen Kuppel überragt.</p>
<p>Das Innere besteht aus einem einzigen Raum, der von zwei Kreuzgewölben überdacht wird, die mit Stuckfriesen und floralen Rosetten verziert sind. An den Seitenwänden befinden sich zwei Wandnischen mit Statuen des Heiligen S. Cristoforo und des Sacro Cuore di Gesù. Der Altar, ein Ensemble aus polychromem Marmor aus dem Jahr 1895, wird von einer Leinwand überragt, auf der die Madonna del Carmine con il Bambino abgebildet ist.</p>

<p>Nach einer alten Volkstradition, die bei den Einheimischen noch lebendig ist, wurde die Kirche vor langer Zeit durch eine Überschwemmung völlig zerstört. Am nächsten Tag jedoch wurde die Statue der [&hellip;]</p>

<!-- This site is optimized with the Yoast SEO plugin v27.3 - https://yoast.com/product/yoast-seo-wordpress/ -->
<title>Madonna del Carmine - Visit Amalfi</title>
<meta name="robots" content="index, follow, max-snippet:-1, max-image-preview:large, max-video-preview:-1" />
<link rel="canonical" href="https://www.visitamalfi.info/de/poi/madonna-del-carmine/" />
<meta property="og:locale" content="de_DE" />
<meta property="og:type" content="article" />
<meta property="og:title" content="Madonna del Carmine - Visit Amalfi" />
<meta property="og:description" content="Nach einer alten Volkstradition, die bei den Einheimischen noch lebendig ist, wurde die Kirche vor langer Zeit durch eine Überschwemmung völlig zerstört. Am nächsten Tag jedoch wurde die Statue der [&hellip;]" />
<meta property="og:url" content="https://www.visitamalfi.info/de/poi/madonna-del-carmine/" />
<meta property="og:site_name" content="Visit Amalfi" />
<meta property="article:publisher" content="https://www.facebook.com/visitamalfiofficial" />
<meta name="twitter:card" content="summary_large_image" />
<meta name="twitter:label1" content="Geschätzte Lesezeit" />
	<meta name="twitter:data1" content="1 Minute" />
<script type="application/ld+json" class="yoast-schema-graph">{"@context":"https:\/\/schema.org","@graph":[{"@type":"WebPage","@id":"https:\/\/www.visitamalfi.info\/de\/poi\/madonna-del-carmine\/","url":"https:\/\/www.visitamalfi.info\/de\/poi\/madonna-del-carmine\/","name":"Madonna del Carmine - Visit Amalfi","isPartOf":{"@id":"https:\/\/www.visitamalfi.info\/de\/#website"},"primaryImageOfPage":{"@id":"https:\/\/www.visitamalfi.info\/de\/poi\/madonna-del-carmine\/#primaryimage"},"image":{"@id":"https:\/\/www.visitamalfi.info\/de\/poi\/madonna-del-carmine\/#primaryimage"},"thumbnailUrl":"https:\/\/www.visitamalfi.info\/wp-content\/uploads\/2024\/03\/DSCF0004.jpg","datePublished":"2025-09-03T07:57:42+00:00","breadcrumb":{"@id":"https:\/\/www.visitamalfi.info\/de\/poi\/madonna-del-carmine\/#breadcrumb"},"inLanguage":"de","potentialAction":[{"@type":"ReadAction","target":["https:\/\/www.visitamalfi.info\/de\/poi\/madonna-del-carmine\/"]}]},{"@type":"ImageObject","inLanguage":"de","@id":"https:\/\/www.visitamalfi.info\/de\/poi\/madonna-del-carmine\/#primaryimage","url":"https:\/\/www.visitamalfi.info\/wp-content\/uploads\/2024\/03\/DSCF0004.jpg","contentUrl":"https:\/\/www.visitamalfi.info\/wp-content\/uploads\/2024\/03\/DSCF0004.jpg","width":1920,"height":1280,"caption":"Amalfi_Pastena_Madonna del Carmine"},{"@type":"BreadcrumbList","@id":"https:\/\/www.visitamalfi.info\/de\/poi\/madonna-del-carmine\/#breadcrumb","itemListElement":[{"@type":"ListItem","position":1,"name":"Home","item":"https:\/\/www.visitamalfi.info\/de\/"},{"@type":"ListItem","position":2,"name":"Madonna del Carmine"}]},{"@type":"WebSite","@id":"https:\/\/www.visitamalfi.info\/de\/#website","url":"https:\/\/www.visitamalfi.info\/de\/","name":"Visit Amalfi","description":"Amalfi Destination Official Website","publisher":{"@id":"https:\/\/www.visitamalfi.info\/de\/#organization"},"potentialAction":[{"@type":"SearchAction","target":{"@type":"EntryPoint","urlTemplate":"https:\/\/www.visitamalfi.info\/de\/?s={search_term_string}"},"query-input":{"@type":"PropertyValueSpecification","valueRequired":true,"valueName":"search_term_string"}}],"inLanguage":"de"},{"@type":"Organization","@id":"https:\/\/www.visitamalfi.info\/de\/#organization","name":"Visit Amalfi","url":"https:\/\/www.visitamalfi.info\/de\/","logo":{"@type":"ImageObject","inLanguage":"de","@id":"https:\/\/www.visitamalfi.info\/de\/#\/schema\/logo\/image\/","url":"https:\/\/www.visitamalfi.info\/wp-content\/uploads\/2023\/04\/visit-amalfi-logo-web.png","contentUrl":"https:\/\/www.visitamalfi.info\/wp-content\/uploads\/2023\/04\/visit-amalfi-logo-web.png","width":800,"height":870,"caption":"Visit Amalfi"},"image":{"@id":"https:\/\/www.visitamalfi.info\/de\/#\/schema\/logo\/image\/"},"sameAs":["https:\/\/www.facebook.com\/visitamalfiofficial","https:\/\/www.instagram.com\/visitamalfiofficial\/"]}]}</script>
<!-- / Yoast SEO plugin. -->

Nach einer alten Volkstradition, die bei den Einheimischen noch lebendig ist, wurde die Kirche vor langer Zeit durch eine Überschwemmung völlig zerstört. Am nächsten Tag jedoch wurde die Statue der [&hellip;]
