{"id":7748,"date":"2023-05-26T14:21:22","date_gmt":"2023-05-26T12:21:22","guid":{"rendered":"https:\/\/www.visitamalfi.info\/amw-accommodation\/haus-der-saeulen\/"},"modified":"2025-09-19T11:05:14","modified_gmt":"2025-09-19T09:05:14","slug":"haus-der-saeulen","status":"publish","type":"amw_accommodation","link":"https:\/\/www.visitamalfi.info\/de\/amw-accommodation\/haus-der-saeulen\/","title":{"rendered":"Casa Colonne"},"content":{"rendered":"<div id='gallery-1' class='gallery galleryid-7748 gallery-columns-4 gallery-size-thumbnail'><figure class='gallery-item'>\n\t\t\t<div class='gallery-icon landscape'>\n\t\t\t\t<a href='https:\/\/www.visitamalfi.info\/wp-content\/uploads\/2023\/05\/DSC_5710.jpg' data-lightbox=\"gal[7748]\"><img fetchpriority=\"high\" decoding=\"async\" width=\"300\" height=\"300\" src=\"https:\/\/www.visitamalfi.info\/wp-content\/uploads\/2023\/05\/DSC_5710-300x300.jpg\" class=\"attachment-thumbnail size-thumbnail\" alt=\"\" srcset=\"https:\/\/www.visitamalfi.info\/wp-content\/uploads\/2023\/05\/DSC_5710-300x300.jpg 300w, https:\/\/www.visitamalfi.info\/wp-content\/uploads\/2023\/05\/DSC_5710-510x510.jpg 510w, https:\/\/www.visitamalfi.info\/wp-content\/uploads\/2023\/05\/DSC_5710-160x160.jpg 160w\" sizes=\"(max-width: 300px) 100vw, 300px\" \/><\/a>\n\t\t\t<\/div><\/figure><figure class='gallery-item'>\n\t\t\t<div class='gallery-icon landscape'>\n\t\t\t\t<a href='https:\/\/www.visitamalfi.info\/wp-content\/uploads\/2023\/05\/DSC_5725.jpg' data-lightbox=\"gal[7748]\"><img decoding=\"async\" width=\"300\" height=\"300\" src=\"https:\/\/www.visitamalfi.info\/wp-content\/uploads\/2023\/05\/DSC_5725-300x300.jpg\" class=\"attachment-thumbnail size-thumbnail\" alt=\"\" srcset=\"https:\/\/www.visitamalfi.info\/wp-content\/uploads\/2023\/05\/DSC_5725-300x300.jpg 300w, https:\/\/www.visitamalfi.info\/wp-content\/uploads\/2023\/05\/DSC_5725-510x510.jpg 510w, https:\/\/www.visitamalfi.info\/wp-content\/uploads\/2023\/05\/DSC_5725-160x160.jpg 160w\" sizes=\"(max-width: 300px) 100vw, 300px\" \/><\/a>\n\t\t\t<\/div><\/figure><figure class='gallery-item'>\n\t\t\t<div class='gallery-icon portrait'>\n\t\t\t\t<a href='https:\/\/www.visitamalfi.info\/wp-content\/uploads\/2023\/05\/DSC_1944.jpg' data-lightbox=\"gal[7748]\"><img decoding=\"async\" width=\"300\" height=\"300\" src=\"https:\/\/www.visitamalfi.info\/wp-content\/uploads\/2023\/05\/DSC_1944-300x300.jpg\" class=\"attachment-thumbnail size-thumbnail\" alt=\"\" srcset=\"https:\/\/www.visitamalfi.info\/wp-content\/uploads\/2023\/05\/DSC_1944-300x300.jpg 300w, https:\/\/www.visitamalfi.info\/wp-content\/uploads\/2023\/05\/DSC_1944-510x510.jpg 510w, https:\/\/www.visitamalfi.info\/wp-content\/uploads\/2023\/05\/DSC_1944-160x160.jpg 160w\" sizes=\"(max-width: 300px) 100vw, 300px\" \/><\/a>\n\t\t\t<\/div><\/figure><figure class='gallery-item'>\n\t\t\t<div class='gallery-icon landscape'>\n\t\t\t\t<a href='https:\/\/www.visitamalfi.info\/wp-content\/uploads\/2023\/05\/DSC_5740.jpg' data-lightbox=\"gal[7748]\"><img loading=\"lazy\" decoding=\"async\" width=\"300\" height=\"300\" src=\"https:\/\/www.visitamalfi.info\/wp-content\/uploads\/2023\/05\/DSC_5740-300x300.jpg\" class=\"attachment-thumbnail size-thumbnail\" alt=\"\" srcset=\"https:\/\/www.visitamalfi.info\/wp-content\/uploads\/2023\/05\/DSC_5740-300x300.jpg 300w, https:\/\/www.visitamalfi.info\/wp-content\/uploads\/2023\/05\/DSC_5740-510x510.jpg 510w, https:\/\/www.visitamalfi.info\/wp-content\/uploads\/2023\/05\/DSC_5740-160x160.jpg 160w\" sizes=\"(max-width: 300px) 100vw, 300px\" \/><\/a>\n\t\t\t<\/div><\/figure>\n\t\t<\/div>\n\n<p><span style=\"font-weight: 400;\">Die Wohnung Casa Colonne befindet sich <\/span><span style=\"font-weight: 400;\">in zentraler Lage im Herzen der Stadt Amalfi. Gem\u00fctlich, komfortabel, mit Liebe zum Detail und einer gro\u00dfartigen Lage ist Casa Colonne der ideale Ort, um einen erholsamen Urlaub zu verbringen und eine echte Amalfi-Erfahrung zu erleben. <\/span><\/p>\n<p><span style=\"font-weight: 400;\">Die Wohnung liegt in der N\u00e4he der wichtigsten Sehensw\u00fcrdigkeiten der Stadt und verf\u00fcgt \u00fcber einen Flachbildfernseher, einen Essbereich, ein B\u00fcgelbrett, eine Kaffeemaschine\/einen<\/span><span style=\"font-weight: 400;\">\u00e8<\/span> <span style=\"font-weight: 400;\">und K\u00fchlschrank. <\/span> <\/p>\n","protected":false},"excerpt":{"rendered":"<p>Die Wohnung Casa Colonne liegt 100 m vom typischen und bekannten Cap e&#8217; ciuccio-Brunnen entfernt, in zentraler Lage im Herzen von Amalfi.<\/p>\n","protected":false},"featured_media":0,"template":"","accommodation_strenghts":[],"season":[234,229,239,242],"accommodation_amenities":[],"amw_accommodation_type":[518],"class_list":["post-7748","amw_accommodation","type-amw_accommodation","status-publish","hentry","season-fruehling","season-herbst","season-sommer","season-winter-de","amw_accommodation_type-ferienwohnungen"],"yoast_head":"<!-- This site is optimized with the Yoast SEO plugin v27.3 - https:\/\/yoast.com\/product\/yoast-seo-wordpress\/ -->\n<title>Casa Colonne - Visit Amalfi<\/title>\n<meta name=\"robots\" content=\"index, follow, max-snippet:-1, max-image-preview:large, max-video-preview:-1\" \/>\n<link rel=\"canonical\" href=\"https:\/\/www.visitamalfi.info\/de\/amw-accommodation\/haus-der-saeulen\/\" \/>\n<meta property=\"og:locale\" content=\"de_DE\" \/>\n<meta property=\"og:type\" content=\"article\" \/>\n<meta property=\"og:title\" content=\"Casa Colonne - Visit Amalfi\" \/>\n<meta property=\"og:description\" content=\"Die Wohnung Casa Colonne liegt 100 m vom typischen und bekannten Cap e&#039; ciuccio-Brunnen entfernt, in zentraler Lage im Herzen von Amalfi.\" \/>\n<meta property=\"og:url\" content=\"https:\/\/www.visitamalfi.info\/de\/amw-accommodation\/haus-der-saeulen\/\" \/>\n<meta property=\"og:site_name\" content=\"Visit Amalfi\" \/>\n<meta property=\"article:publisher\" content=\"https:\/\/www.facebook.com\/visitamalfiofficial\" \/>\n<meta property=\"article:modified_time\" content=\"2025-09-19T09:05:14+00:00\" \/>\n<meta property=\"og:image\" content=\"https:\/\/www.visitamalfi.info\/wp-content\/uploads\/2023\/05\/DSC_5710-300x300.jpg\" \/>\n<meta name=\"twitter:card\" content=\"summary_large_image\" \/>\n<script type=\"application\/ld+json\" class=\"yoast-schema-graph\">{\"@context\":\"https:\\\/\\\/schema.org\",\"@graph\":[{\"@type\":\"WebPage\",\"@id\":\"https:\\\/\\\/www.visitamalfi.info\\\/de\\\/amw-accommodation\\\/haus-der-saeulen\\\/\",\"url\":\"https:\\\/\\\/www.visitamalfi.info\\\/de\\\/amw-accommodation\\\/haus-der-saeulen\\\/\",\"name\":\"Casa Colonne - Visit Amalfi\",\"isPartOf\":{\"@id\":\"https:\\\/\\\/www.visitamalfi.info\\\/de\\\/#website\"},\"datePublished\":\"2023-05-26T12:21:22+00:00\",\"dateModified\":\"2025-09-19T09:05:14+00:00\",\"breadcrumb\":{\"@id\":\"https:\\\/\\\/www.visitamalfi.info\\\/de\\\/amw-accommodation\\\/haus-der-saeulen\\\/#breadcrumb\"},\"inLanguage\":\"de\",\"potentialAction\":[{\"@type\":\"ReadAction\",\"target\":[\"https:\\\/\\\/www.visitamalfi.info\\\/de\\\/amw-accommodation\\\/haus-der-saeulen\\\/\"]}]},{\"@type\":\"BreadcrumbList\",\"@id\":\"https:\\\/\\\/www.visitamalfi.info\\\/de\\\/amw-accommodation\\\/haus-der-saeulen\\\/#breadcrumb\",\"itemListElement\":[{\"@type\":\"ListItem\",\"position\":1,\"name\":\"Home\",\"item\":\"https:\\\/\\\/www.visitamalfi.info\\\/de\\\/\"},{\"@type\":\"ListItem\",\"position\":2,\"name\":\"Casa Colonne\"}]},{\"@type\":\"WebSite\",\"@id\":\"https:\\\/\\\/www.visitamalfi.info\\\/de\\\/#website\",\"url\":\"https:\\\/\\\/www.visitamalfi.info\\\/de\\\/\",\"name\":\"Visit Amalfi\",\"description\":\"Amalfi Destination Official Website\",\"publisher\":{\"@id\":\"https:\\\/\\\/www.visitamalfi.info\\\/de\\\/#organization\"},\"potentialAction\":[{\"@type\":\"SearchAction\",\"target\":{\"@type\":\"EntryPoint\",\"urlTemplate\":\"https:\\\/\\\/www.visitamalfi.info\\\/de\\\/?s={search_term_string}\"},\"query-input\":{\"@type\":\"PropertyValueSpecification\",\"valueRequired\":true,\"valueName\":\"search_term_string\"}}],\"inLanguage\":\"de\"},{\"@type\":\"Organization\",\"@id\":\"https:\\\/\\\/www.visitamalfi.info\\\/de\\\/#organization\",\"name\":\"Visit Amalfi\",\"url\":\"https:\\\/\\\/www.visitamalfi.info\\\/de\\\/\",\"logo\":{\"@type\":\"ImageObject\",\"inLanguage\":\"de\",\"@id\":\"https:\\\/\\\/www.visitamalfi.info\\\/de\\\/#\\\/schema\\\/logo\\\/image\\\/\",\"url\":\"https:\\\/\\\/www.visitamalfi.info\\\/wp-content\\\/uploads\\\/2023\\\/04\\\/visit-amalfi-logo-web.png\",\"contentUrl\":\"https:\\\/\\\/www.visitamalfi.info\\\/wp-content\\\/uploads\\\/2023\\\/04\\\/visit-amalfi-logo-web.png\",\"width\":800,\"height\":870,\"caption\":\"Visit Amalfi\"},\"image\":{\"@id\":\"https:\\\/\\\/www.visitamalfi.info\\\/de\\\/#\\\/schema\\\/logo\\\/image\\\/\"},\"sameAs\":[\"https:\\\/\\\/www.facebook.com\\\/visitamalfiofficial\",\"https:\\\/\\\/www.instagram.com\\\/visitamalfiofficial\\\/\"]}]}<\/script>\n<!-- \/ Yoast SEO plugin. -->","yoast_head_json":{"title":"Casa Colonne - Visit Amalfi","robots":{"index":"index","follow":"follow","max-snippet":"max-snippet:-1","max-image-preview":"max-image-preview:large","max-video-preview":"max-video-preview:-1"},"canonical":"https:\/\/www.visitamalfi.info\/de\/amw-accommodation\/haus-der-saeulen\/","og_locale":"de_DE","og_type":"article","og_title":"Casa Colonne - Visit Amalfi","og_description":"Die Wohnung Casa Colonne liegt 100 m vom typischen und bekannten Cap e' ciuccio-Brunnen entfernt, in zentraler Lage im Herzen von Amalfi.","og_url":"https:\/\/www.visitamalfi.info\/de\/amw-accommodation\/haus-der-saeulen\/","og_site_name":"Visit Amalfi","article_publisher":"https:\/\/www.facebook.com\/visitamalfiofficial","article_modified_time":"2025-09-19T09:05:14+00:00","og_image":[{"url":"https:\/\/www.visitamalfi.info\/wp-content\/uploads\/2023\/05\/DSC_5710-300x300.jpg","type":"","width":"","height":""}],"twitter_card":"summary_large_image","schema":{"@context":"https:\/\/schema.org","@graph":[{"@type":"WebPage","@id":"https:\/\/www.visitamalfi.info\/de\/amw-accommodation\/haus-der-saeulen\/","url":"https:\/\/www.visitamalfi.info\/de\/amw-accommodation\/haus-der-saeulen\/","name":"Casa Colonne - Visit Amalfi","isPartOf":{"@id":"https:\/\/www.visitamalfi.info\/de\/#website"},"datePublished":"2023-05-26T12:21:22+00:00","dateModified":"2025-09-19T09:05:14+00:00","breadcrumb":{"@id":"https:\/\/www.visitamalfi.info\/de\/amw-accommodation\/haus-der-saeulen\/#breadcrumb"},"inLanguage":"de","potentialAction":[{"@type":"ReadAction","target":["https:\/\/www.visitamalfi.info\/de\/amw-accommodation\/haus-der-saeulen\/"]}]},{"@type":"BreadcrumbList","@id":"https:\/\/www.visitamalfi.info\/de\/amw-accommodation\/haus-der-saeulen\/#breadcrumb","itemListElement":[{"@type":"ListItem","position":1,"name":"Home","item":"https:\/\/www.visitamalfi.info\/de\/"},{"@type":"ListItem","position":2,"name":"Casa Colonne"}]},{"@type":"WebSite","@id":"https:\/\/www.visitamalfi.info\/de\/#website","url":"https:\/\/www.visitamalfi.info\/de\/","name":"Visit Amalfi","description":"Amalfi Destination Official Website","publisher":{"@id":"https:\/\/www.visitamalfi.info\/de\/#organization"},"potentialAction":[{"@type":"SearchAction","target":{"@type":"EntryPoint","urlTemplate":"https:\/\/www.visitamalfi.info\/de\/?s={search_term_string}"},"query-input":{"@type":"PropertyValueSpecification","valueRequired":true,"valueName":"search_term_string"}}],"inLanguage":"de"},{"@type":"Organization","@id":"https:\/\/www.visitamalfi.info\/de\/#organization","name":"Visit Amalfi","url":"https:\/\/www.visitamalfi.info\/de\/","logo":{"@type":"ImageObject","inLanguage":"de","@id":"https:\/\/www.visitamalfi.info\/de\/#\/schema\/logo\/image\/","url":"https:\/\/www.visitamalfi.info\/wp-content\/uploads\/2023\/04\/visit-amalfi-logo-web.png","contentUrl":"https:\/\/www.visitamalfi.info\/wp-content\/uploads\/2023\/04\/visit-amalfi-logo-web.png","width":800,"height":870,"caption":"Visit Amalfi"},"image":{"@id":"https:\/\/www.visitamalfi.info\/de\/#\/schema\/logo\/image\/"},"sameAs":["https:\/\/www.facebook.com\/visitamalfiofficial","https:\/\/www.instagram.com\/visitamalfiofficial\/"]}]}},"_links":{"self":[{"href":"https:\/\/www.visitamalfi.info\/de\/wp-json\/wp\/v2\/amw_accommodation\/7748","targetHints":{"allow":["GET"]}}],"collection":[{"href":"https:\/\/www.visitamalfi.info\/de\/wp-json\/wp\/v2\/amw_accommodation"}],"about":[{"href":"https:\/\/www.visitamalfi.info\/de\/wp-json\/wp\/v2\/types\/amw_accommodation"}],"version-history":[{"count":3,"href":"https:\/\/www.visitamalfi.info\/de\/wp-json\/wp\/v2\/amw_accommodation\/7748\/revisions"}],"predecessor-version":[{"id":13570,"href":"https:\/\/www.visitamalfi.info\/de\/wp-json\/wp\/v2\/amw_accommodation\/7748\/revisions\/13570"}],"wp:attachment":[{"href":"https:\/\/www.visitamalfi.info\/de\/wp-json\/wp\/v2\/media?parent=7748"}],"wp:term":[{"taxonomy":"accommodation_strenghts","embeddable":true,"href":"https:\/\/www.visitamalfi.info\/de\/wp-json\/wp\/v2\/accommodation_strenghts?post=7748"},{"taxonomy":"season","embeddable":true,"href":"https:\/\/www.visitamalfi.info\/de\/wp-json\/wp\/v2\/season?post=7748"},{"taxonomy":"accommodation_amenities","embeddable":true,"href":"https:\/\/www.visitamalfi.info\/de\/wp-json\/wp\/v2\/accommodation_amenities?post=7748"},{"taxonomy":"amw_accommodation_type","embeddable":true,"href":"https:\/\/www.visitamalfi.info\/de\/wp-json\/wp\/v2\/amw_accommodation_type?post=7748"}],"curies":[{"name":"wp","href":"https:\/\/api.w.org\/{rel}","templated":true}]}}

<div id='gallery-1' class='gallery galleryid-7748 gallery-columns-4 gallery-size-thumbnail'><figure class='gallery-item'>
			<div class='gallery-icon landscape'>
				<a href='https://www.visitamalfi.info/wp-content/uploads/2023/05/DSC_5710.jpg' data-lightbox="gal[7748]"><img fetchpriority="high" decoding="async" width="300" height="300" src="https://www.visitamalfi.info/wp-content/uploads/2023/05/DSC_5710-300x300.jpg" class="attachment-thumbnail size-thumbnail" alt="" srcset="https://www.visitamalfi.info/wp-content/uploads/2023/05/DSC_5710-300x300.jpg 300w, https://www.visitamalfi.info/wp-content/uploads/2023/05/DSC_5710-510x510.jpg 510w, https://www.visitamalfi.info/wp-content/uploads/2023/05/DSC_5710-160x160.jpg 160w" sizes="(max-width: 300px) 100vw, 300px" /></a>
			</div></figure><figure class='gallery-item'>
			<div class='gallery-icon landscape'>
				<a href='https://www.visitamalfi.info/wp-content/uploads/2023/05/DSC_5725.jpg' data-lightbox="gal[7748]"><img decoding="async" width="300" height="300" src="https://www.visitamalfi.info/wp-content/uploads/2023/05/DSC_5725-300x300.jpg" class="attachment-thumbnail size-thumbnail" alt="" srcset="https://www.visitamalfi.info/wp-content/uploads/2023/05/DSC_5725-300x300.jpg 300w, https://www.visitamalfi.info/wp-content/uploads/2023/05/DSC_5725-510x510.jpg 510w, https://www.visitamalfi.info/wp-content/uploads/2023/05/DSC_5725-160x160.jpg 160w" sizes="(max-width: 300px) 100vw, 300px" /></a>
			</div></figure><figure class='gallery-item'>
			<div class='gallery-icon portrait'>
				<a href='https://www.visitamalfi.info/wp-content/uploads/2023/05/DSC_1944.jpg' data-lightbox="gal[7748]"><img decoding="async" width="300" height="300" src="https://www.visitamalfi.info/wp-content/uploads/2023/05/DSC_1944-300x300.jpg" class="attachment-thumbnail size-thumbnail" alt="" srcset="https://www.visitamalfi.info/wp-content/uploads/2023/05/DSC_1944-300x300.jpg 300w, https://www.visitamalfi.info/wp-content/uploads/2023/05/DSC_1944-510x510.jpg 510w, https://www.visitamalfi.info/wp-content/uploads/2023/05/DSC_1944-160x160.jpg 160w" sizes="(max-width: 300px) 100vw, 300px" /></a>
			</div></figure><figure class='gallery-item'>
			<div class='gallery-icon landscape'>
				<a href='https://www.visitamalfi.info/wp-content/uploads/2023/05/DSC_5740.jpg' data-lightbox="gal[7748]"><img loading="lazy" decoding="async" width="300" height="300" src="https://www.visitamalfi.info/wp-content/uploads/2023/05/DSC_5740-300x300.jpg" class="attachment-thumbnail size-thumbnail" alt="" srcset="https://www.visitamalfi.info/wp-content/uploads/2023/05/DSC_5740-300x300.jpg 300w, https://www.visitamalfi.info/wp-content/uploads/2023/05/DSC_5740-510x510.jpg 510w, https://www.visitamalfi.info/wp-content/uploads/2023/05/DSC_5740-160x160.jpg 160w" sizes="(max-width: 300px) 100vw, 300px" /></a>
			</div></figure>
		</div>

<p><span style="font-weight: 400;">Die Wohnung Casa Colonne befindet sich </span><span style="font-weight: 400;">in zentraler Lage im Herzen der Stadt Amalfi. Gemütlich, komfortabel, mit Liebe zum Detail und einer großartigen Lage ist Casa Colonne der ideale Ort, um einen erholsamen Urlaub zu verbringen und eine echte Amalfi-Erfahrung zu erleben. </span></p>
<p><span style="font-weight: 400;">Die Wohnung liegt in der Nähe der wichtigsten Sehenswürdigkeiten der Stadt und verfügt über einen Flachbildfernseher, einen Essbereich, ein Bügelbrett, eine Kaffeemaschine/einen</span><span style="font-weight: 400;">è</span> <span style="font-weight: 400;">und Kühlschrank. </span> </p>
